| Back to Build/check report for BioC 3.17 |
|
This page was generated on 2023-01-02 09:00:50 -0500 (Mon, 02 Jan 2023).
| Hostname | OS | Arch (*) | R version | Installed pkgs |
|---|---|---|---|---|
| palomino5 | Windows Server 2022 Datacenter | x64 | R Under development (unstable) (2022-12-25 r83502 ucrt) -- "Unsuffered Consequences" | 4165 |
| Click on any hostname to see more info about the system (e.g. compilers) (*) as reported by 'uname -p', except on Windows and Mac OS X | ||||
|
To the developers/maintainers of the sesame package: Make sure to use the following settings in order to reproduce any error or warning you see on this page. |
| Package 1834/2158 | Hostname | OS / Arch | INSTALL | BUILD | CHECK | BUILD BIN | ||||||||
| sesame 1.17.6 (landing page) Wanding Zhou
| palomino5 | Windows Server 2022 Datacenter / x64 | OK | OK | WARNINGS | OK | ||||||||
| Package: sesame |
| Version: 1.17.6 |
| Command: F:\biocbuild\bbs-3.17-bioc\R\bin\R.exe CMD check --no-multiarch --install=check:sesame.install-out.txt --library=F:\biocbuild\bbs-3.17-bioc\R\library --no-vignettes --timings sesame_1.17.6.tar.gz |
| StartedAt: 2022-12-29 03:31:56 -0500 (Thu, 29 Dec 2022) |
| EndedAt: 2022-12-29 03:42:39 -0500 (Thu, 29 Dec 2022) |
| EllapsedTime: 642.8 seconds |
| RetCode: 0 |
| Status: WARNINGS |
| CheckDir: sesame.Rcheck |
| Warnings: 1 |
##############################################################################
##############################################################################
###
### Running command:
###
### F:\biocbuild\bbs-3.17-bioc\R\bin\R.exe CMD check --no-multiarch --install=check:sesame.install-out.txt --library=F:\biocbuild\bbs-3.17-bioc\R\library --no-vignettes --timings sesame_1.17.6.tar.gz
###
##############################################################################
##############################################################################
* using log directory 'F:/biocbuild/bbs-3.17-bioc-rtools43/meat/sesame.Rcheck'
* using R Under development (unstable) (2022-12-25 r83502 ucrt)
* using platform: x86_64-w64-mingw32 (64-bit)
* R was compiled by
gcc.exe (GCC) 10.4.0
GNU Fortran (GCC) 10.4.0
* running under: Windows Server x64 (build 20348)
* using session charset: UTF-8
* using option '--no-vignettes'
* checking for file 'sesame/DESCRIPTION' ... OK
* checking extension type ... Package
* this is package 'sesame' version '1.17.6'
* package encoding: UTF-8
* checking package namespace information ... OK
* checking package dependencies ... OK
* checking if this is a source package ... OK
* checking if there is a namespace ... OK
* checking for hidden files and directories ... OK
* checking for portable file names ... OK
* checking whether package 'sesame' can be installed ... OK
* checking installed package size ... OK
* checking package directory ... OK
* checking 'build' directory ... OK
* checking DESCRIPTION meta-information ... OK
* checking top-level files ... OK
* checking for left-over files ... OK
* checking index information ... OK
* checking package subdirectories ... OK
* checking R files for non-ASCII characters ... OK
* checking R files for syntax errors ... OK
* checking whether the package can be loaded ... OK
* checking whether the package can be loaded with stated dependencies ... OK
* checking whether the package can be unloaded cleanly ... OK
* checking whether the namespace can be loaded with stated dependencies ... OK
* checking whether the namespace can be unloaded cleanly ... OK
* checking dependencies in R code ... OK
* checking S3 generic/method consistency ... OK
* checking replacement functions ... OK
* checking foreign function calls ... OK
* checking R code for possible problems ... OK
* checking Rd files ... OK
* checking Rd metadata ... OK
* checking Rd cross-references ... OK
* checking for missing documentation entries ... OK
* checking for code/documentation mismatches ... OK
* checking Rd \usage sections ... WARNING
Undocumented arguments in documentation object 'KYCG_plotBar'
'label'
Undocumented arguments in documentation object 'KYCG_plotVolcano'
'df'
Documented arguments not in \usage in documentation object 'KYCG_plotVolcano':
'data'
Functions with \usage entries need to have the appropriate \alias
entries, and all their arguments documented.
The \usage entries must correspond to syntactically valid R code.
See chapter 'Writing R documentation files' in the 'Writing R
Extensions' manual.
* checking Rd contents ... OK
* checking for unstated dependencies in examples ... OK
* checking files in 'vignettes' ... OK
* checking examples ... OK
Examples with CPU (user + system) or elapsed time > 5s
user system elapsed
sesameQC_calcStats 18.16 0.62 18.80
KYCG_plotEnrichAll 17.24 1.08 19.20
sesameQC_plotHeatSNPs 17.16 0.96 18.16
matchDesign 16.79 0.64 17.58
inferSpecies 11.07 0.66 12.16
sesameQC_plotBar 10.67 0.34 11.83
KYCG_plotMeta 10.33 0.41 11.41
sdf_read_table 10.19 0.29 10.75
KYCG_annoProbes 10.14 0.30 11.21
compareMouseStrainReference 9.30 0.47 9.97
KYCG_buildGeneDBs 9.37 0.37 10.26
compareReference 9.00 0.45 9.48
sesameQC_plotBetaByDesign 8.69 0.55 9.23
diffRefSet 8.53 0.31 9.23
aggregateTestEnrichments 7.98 0.19 8.89
KYCG_plotMetaEnrichment 7.61 0.42 8.19
getRefSet 7.32 0.46 7.84
inferTissue 7.34 0.39 8.01
testEnrichmentSEA 7.08 0.61 8.14
DML 5.83 1.49 7.45
visualizeGene 6.78 0.28 7.26
sdf_write_table 6.92 0.07 7.01
inferStrain 6.36 0.48 6.88
detectionIB 6.37 0.20 6.62
KYCG_plotSetEnrichment 6.13 0.29 6.73
DMR 6.04 0.22 6.50
getSexInfo 5.60 0.32 5.97
estimateLeukocyte 5.58 0.33 6.29
dbStats 5.33 0.52 6.29
dyeBiasCorrMostBalanced 4.20 0.25 5.06
* checking for unstated dependencies in 'tests' ... OK
* checking tests ...
Running 'testthat.R'
OK
* checking for unstated dependencies in vignettes ... OK
* checking package vignettes in 'inst/doc' ... OK
* checking running R code from vignettes ... SKIPPED
* checking re-building of vignette outputs ... SKIPPED
* checking PDF version of manual ... OK
* DONE
Status: 1 WARNING
See
'F:/biocbuild/bbs-3.17-bioc-rtools43/meat/sesame.Rcheck/00check.log'
for details.
sesame.Rcheck/00install.out
############################################################################## ############################################################################## ### ### Running command: ### ### F:\biocbuild\bbs-3.17-bioc\R\bin\R.exe CMD INSTALL sesame ### ############################################################################## ############################################################################## * installing to library 'F:/biocbuild/bbs-3.17-bioc/R/library' * installing *source* package 'sesame' ... ** using staged installation ** R ** inst ** byte-compile and prepare package for lazy loading ** help *** installing help indices ** building package indices ** installing vignettes ** testing if installed package can be loaded from temporary location ** testing if installed package can be loaded from final location ** testing if installed package keeps a record of temporary installation path * DONE (sesame)
sesame.Rcheck/tests/testthat.Rout
R Under development (unstable) (2022-12-25 r83502 ucrt) -- "Unsuffered Consequences"
Copyright (C) 2022 The R Foundation for Statistical Computing
Platform: x86_64-w64-mingw32/x64 (64-bit)
R is free software and comes with ABSOLUTELY NO WARRANTY.
You are welcome to redistribute it under certain conditions.
Type 'license()' or 'licence()' for distribution details.
R is a collaborative project with many contributors.
Type 'contributors()' for more information and
'citation()' on how to cite R or R packages in publications.
Type 'demo()' for some demos, 'help()' for on-line help, or
'help.start()' for an HTML browser interface to help.
Type 'q()' to quit R.
> library(testthat)
> library(sesame)
Loading required package: sesameData
Loading required package: ExperimentHub
Loading required package: BiocGenerics
Attaching package: 'BiocGenerics'
The following objects are masked from 'package:stats':
IQR, mad, sd, var, xtabs
The following objects are masked from 'package:base':
Filter, Find, Map, Position, Reduce, anyDuplicated, aperm, append,
as.data.frame, basename, cbind, colnames, dirname, do.call,
duplicated, eval, evalq, get, grep, grepl, intersect, is.unsorted,
lapply, mapply, match, mget, order, paste, pmax, pmax.int, pmin,
pmin.int, rank, rbind, rownames, sapply, setdiff, sort, table,
tapply, union, unique, unsplit, which.max, which.min
Loading required package: AnnotationHub
Loading required package: BiocFileCache
Loading required package: dbplyr
Loading sesameData.
----------------------------------------------------------
| SEnsible Step-wise Analysis of DNA MEthylation (SeSAMe)
| --------------------------------------------------------
| Please cache auxiliary data by "sesameDataCache()".
| This needs to be done only once per SeSAMe installation.
----------------------------------------------------------
>
> test_check("sesame")
[ FAIL 0 | WARN 0 | SKIP 0 | PASS 1 ]
>
> proc.time()
user system elapsed
15.43 2.06 32.35
sesame.Rcheck/sesame-Ex.timings
| name | user | system | elapsed | |
| BetaValueToMValue | 0 | 0 | 0 | |
| DML | 5.83 | 1.49 | 7.45 | |
| DMLpredict | 1.04 | 0.04 | 1.12 | |
| DMR | 6.04 | 0.22 | 6.50 | |
| KYCG_annoProbes | 10.14 | 0.30 | 11.21 | |
| KYCG_buildGeneDBs | 9.37 | 0.37 | 10.26 | |
| KYCG_getDBs | 1.89 | 0.32 | 2.25 | |
| KYCG_listDBGroups | 0.02 | 0.00 | 0.03 | |
| KYCG_loadDBs | 0 | 0 | 0 | |
| KYCG_plotBar | 0.17 | 0.00 | 0.17 | |
| KYCG_plotDot | 0.45 | 0.00 | 0.46 | |
| KYCG_plotEnrichAll | 17.24 | 1.08 | 19.20 | |
| KYCG_plotLollipop | 0.14 | 0.01 | 0.16 | |
| KYCG_plotManhattan | 1.12 | 0.11 | 1.23 | |
| KYCG_plotMeta | 10.33 | 0.41 | 11.41 | |
| KYCG_plotMetaEnrichment | 7.61 | 0.42 | 8.19 | |
| KYCG_plotPointRange | 1.67 | 0.19 | 1.87 | |
| KYCG_plotSetEnrichment | 6.13 | 0.29 | 6.73 | |
| KYCG_plotVolcano | 0.15 | 0.00 | 0.16 | |
| KYCG_plotWaterfall | 2.02 | 0.21 | 2.25 | |
| MValueToBetaValue | 0 | 0 | 0 | |
| SigDF | 0.19 | 0.01 | 0.22 | |
| addMask | 0.03 | 0.00 | 0.03 | |
| aggregateTestEnrichments | 7.98 | 0.19 | 8.89 | |
| bisConversionControl | 3.13 | 0.17 | 3.66 | |
| calcEffectSize | 0.93 | 0.05 | 0.99 | |
| checkLevels | 2.23 | 0.17 | 2.51 | |
| cnSegmentation | 0.22 | 0.03 | 0.27 | |
| compareMouseStrainReference | 9.30 | 0.47 | 9.97 | |
| compareMouseTissueReference | 0 | 0 | 0 | |
| compareReference | 9.00 | 0.45 | 9.48 | |
| controls | 1.59 | 0.11 | 1.75 | |
| createUCSCtrack | 3.89 | 0.24 | 4.28 | |
| dataFrame2sesameQC | 1.06 | 0.07 | 1.29 | |
| dbStats | 5.33 | 0.52 | 6.29 | |
| deidentify | 3.38 | 0.13 | 4.07 | |
| detectionIB | 6.37 | 0.20 | 6.62 | |
| detectionPnegEcdf | 1.02 | 0.00 | 1.02 | |
| diffRefSet | 8.53 | 0.31 | 9.23 | |
| dmContrasts | 1.44 | 0.08 | 1.55 | |
| dyeBiasCorr | 1.92 | 0.14 | 2.09 | |
| dyeBiasCorrMostBalanced | 4.20 | 0.25 | 5.06 | |
| dyeBiasL | 2.16 | 0.09 | 2.27 | |
| dyeBiasNL | 3.90 | 0.24 | 4.16 | |
| estimateLeukocyte | 5.58 | 0.33 | 6.29 | |
| formatVCF | 2.41 | 0.14 | 2.60 | |
| getAFTypeIbySumAlleles | 1.23 | 0.11 | 1.51 | |
| getAFs | 0.58 | 0.12 | 0.74 | |
| getBetas | 0.55 | 0.03 | 0.61 | |
| getRefSet | 7.32 | 0.46 | 7.84 | |
| getSexInfo | 5.60 | 0.32 | 5.97 | |
| inferEthnicity | 1.69 | 0.19 | 1.89 | |
| inferInfiniumIChannel | 0.45 | 0.37 | 0.83 | |
| inferSex | 3.12 | 0.16 | 3.42 | |
| inferSexKaryotypes | 1.87 | 0.09 | 1.98 | |
| inferSpecies | 11.07 | 0.66 | 12.16 | |
| inferStrain | 6.36 | 0.48 | 6.88 | |
| inferTissue | 7.34 | 0.39 | 8.01 | |
| initFileSet | 0.83 | 0.13 | 0.97 | |
| listAvailableMasks | 1.19 | 0.08 | 1.37 | |
| mapFileSet | 0.02 | 0.01 | 0.05 | |
| mapToMammal40 | 1.83 | 0.25 | 2.14 | |
| matchDesign | 16.79 | 0.64 | 17.58 | |
| meanIntensity | 1.77 | 0.10 | 1.90 | |
| medianTotalIntensity | 0.48 | 0.09 | 0.60 | |
| noMasked | 1.64 | 0.08 | 1.73 | |
| noob | 2.17 | 0.09 | 2.27 | |
| openSesame | 3.33 | 0.41 | 4.62 | |
| openSesameToFile | 1.27 | 0.19 | 2.00 | |
| pOOBAH | 1.36 | 0.12 | 1.49 | |
| palgen | 0.01 | 0.00 | 0.04 | |
| parseGEOsignalMU | 2.21 | 0.16 | 2.52 | |
| predictAge | 1.68 | 0.06 | 1.78 | |
| predictAgeHorvath353 | 0 | 0 | 0 | |
| predictAgeSkinBlood | 0 | 0 | 0 | |
| predictMouseAgeInMonth | 0 | 0 | 0 | |
| prefixMask | 0.43 | 0.00 | 0.42 | |
| prefixMaskButC | 0.11 | 0.00 | 0.11 | |
| prefixMaskButCG | 0.04 | 0.00 | 0.05 | |
| prepSesame | 3.49 | 0.22 | 3.84 | |
| prepSesameList | 0 | 0 | 0 | |
| print.DMLSummary | 2.32 | 0.17 | 2.53 | |
| print.fileSet | 0.80 | 0.09 | 0.91 | |
| probeID_designType | 0 | 0 | 0 | |
| probeSuccessRate | 3.99 | 0.24 | 4.26 | |
| qualityMask | 0.63 | 0.03 | 0.69 | |
| reIdentify | 2.56 | 0.01 | 2.75 | |
| readFileSet | 0.05 | 0.00 | 0.04 | |
| readIDATpair | 0.06 | 0.02 | 0.44 | |
| resetMask | 0.20 | 0.05 | 0.28 | |
| scrub | 2.50 | 0.10 | 2.59 | |
| scrubSoft | 3.94 | 0.23 | 4.17 | |
| sdfPlatform | 0.20 | 0.02 | 0.24 | |
| sdf_read_table | 10.19 | 0.29 | 10.75 | |
| sdf_write_table | 6.92 | 0.07 | 7.01 | |
| searchIDATprefixes | 0.00 | 0.00 | 0.02 | |
| sesame-package | 2.08 | 0.20 | 2.48 | |
| sesameAnno_download | 0 | 0 | 0 | |
| sesameAnno_get | 0 | 0 | 0 | |
| sesameData_getAnno | 0 | 0 | 0 | |
| sesameQC_calcStats | 18.16 | 0.62 | 18.80 | |
| sesameQC_getStats | 1.87 | 0.04 | 1.91 | |
| sesameQC_plotBar | 10.67 | 0.34 | 11.83 | |
| sesameQC_plotBetaByDesign | 8.69 | 0.55 | 9.23 | |
| sesameQC_plotHeatSNPs | 17.16 | 0.96 | 18.16 | |
| sesameQC_plotIntensVsBetas | 1.34 | 0.13 | 1.50 | |
| sesameQC_plotRedGrnQQ | 1.06 | 0.17 | 1.25 | |
| sesameQC_rankStats | 2.42 | 0.27 | 2.78 | |
| setMask | 0.07 | 0.00 | 0.06 | |
| signalMU | 0.65 | 0.09 | 0.75 | |
| sliceFileSet | 0.02 | 0.00 | 0.05 | |
| summaryExtractTest | 1.92 | 0.14 | 2.07 | |
| testEnrichment | 3.83 | 0.27 | 4.18 | |
| testEnrichmentSEA | 7.08 | 0.61 | 8.14 | |
| totalIntensities | 1.72 | 0.15 | 1.95 | |
| updateSigDF | 2.65 | 0.25 | 3.08 | |
| visualizeGene | 6.78 | 0.28 | 7.26 | |
| visualizeProbes | 3.14 | 0.11 | 3.29 | |
| visualizeRegion | 0.52 | 0.02 | 0.53 | |
| visualizeSegments | 1.72 | 0.05 | 1.78 | |