| Back to Build/check report for BioC 3.17 |
|
This page was generated on 2023-01-02 09:00:49 -0500 (Mon, 02 Jan 2023).
| Hostname | OS | Arch (*) | R version | Installed pkgs |
|---|---|---|---|---|
| palomino5 | Windows Server 2022 Datacenter | x64 | R Under development (unstable) (2022-12-25 r83502 ucrt) -- "Unsuffered Consequences" | 4165 |
| Click on any hostname to see more info about the system (e.g. compilers) (*) as reported by 'uname -p', except on Windows and Mac OS X | ||||
|
To the developers/maintainers of the sagenhaft package: Make sure to use the following settings in order to reproduce any error or warning you see on this page. |
| Package 1742/2158 | Hostname | OS / Arch | INSTALL | BUILD | CHECK | BUILD BIN | ||||||||
| sagenhaft 1.69.0 (landing page) Tim Beissbarth
| palomino5 | Windows Server 2022 Datacenter / x64 | OK | OK | WARNINGS | OK | ||||||||
| Package: sagenhaft |
| Version: 1.69.0 |
| Command: F:\biocbuild\bbs-3.17-bioc\R\bin\R.exe CMD check --no-multiarch --install=check:sagenhaft.install-out.txt --library=F:\biocbuild\bbs-3.17-bioc\R\library --no-vignettes --timings sagenhaft_1.69.0.tar.gz |
| StartedAt: 2022-12-29 03:09:45 -0500 (Thu, 29 Dec 2022) |
| EndedAt: 2022-12-29 03:10:57 -0500 (Thu, 29 Dec 2022) |
| EllapsedTime: 72.0 seconds |
| RetCode: 0 |
| Status: WARNINGS |
| CheckDir: sagenhaft.Rcheck |
| Warnings: 1 |
##############################################################################
##############################################################################
###
### Running command:
###
### F:\biocbuild\bbs-3.17-bioc\R\bin\R.exe CMD check --no-multiarch --install=check:sagenhaft.install-out.txt --library=F:\biocbuild\bbs-3.17-bioc\R\library --no-vignettes --timings sagenhaft_1.69.0.tar.gz
###
##############################################################################
##############################################################################
* using log directory 'F:/biocbuild/bbs-3.17-bioc-rtools43/meat/sagenhaft.Rcheck'
* using R Under development (unstable) (2022-12-25 r83502 ucrt)
* using platform: x86_64-w64-mingw32 (64-bit)
* R was compiled by
gcc.exe (GCC) 10.4.0
GNU Fortran (GCC) 10.4.0
* running under: Windows Server x64 (build 20348)
* using session charset: UTF-8
* using option '--no-vignettes'
* checking for file 'sagenhaft/DESCRIPTION' ... OK
* this is package 'sagenhaft' version '1.69.0'
* checking package namespace information ... OK
* checking package dependencies ... OK
* checking if this is a source package ... OK
* checking if there is a namespace ... OK
* checking for hidden files and directories ... OK
* checking for portable file names ... OK
* checking whether package 'sagenhaft' can be installed ... OK
* checking installed package size ... NOTE
installed size is 7.1Mb
sub-directories of 1Mb or more:
extdata 7.0Mb
* checking package directory ... OK
* checking 'build' directory ... OK
* checking DESCRIPTION meta-information ... OK
* checking top-level files ... OK
* checking for left-over files ... OK
* checking index information ... OK
* checking package subdirectories ... OK
* checking R files for non-ASCII characters ... OK
* checking R files for syntax errors ... OK
* checking whether the package can be loaded ... OK
* checking whether the package can be loaded with stated dependencies ... OK
* checking whether the package can be unloaded cleanly ... OK
* checking whether the namespace can be loaded with stated dependencies ... OK
* checking whether the namespace can be unloaded cleanly ... OK
* checking dependencies in R code ... OK
* checking S3 generic/method consistency ... OK
* checking replacement functions ... OK
* checking foreign function calls ... OK
* checking R code for possible problems ... NOTE
extract.lib.from.zip: no visible global function definition for
'zip.unpack'
Undefined global functions or variables:
zip.unpack
Consider adding
importFrom("utils", "zip.unpack")
to your NAMESPACE file.
* checking Rd files ... NOTE
checkRd: (-1) sagelibrary.simulate.Rd:28: Escaped LaTeX specials: \^
* checking Rd metadata ... OK
* checking Rd cross-references ... OK
* checking for missing documentation entries ... OK
* checking for code/documentation mismatches ... OK
* checking Rd \usage sections ... WARNING
Documented arguments not in \usage in documentation object 'sage.utilities':
'...'
Functions with \usage entries need to have the appropriate \alias
entries, and all their arguments documented.
The \usage entries must correspond to syntactically valid R code.
See chapter 'Writing R documentation files' in the 'Writing R
Extensions' manual.
* checking Rd contents ... OK
* checking for unstated dependencies in examples ... OK
* checking contents of 'data' directory ... OK
* checking data for non-ASCII characters ... OK
* checking data for ASCII and uncompressed saves ... OK
* checking sizes of PDF files under 'inst/doc' ... OK
* checking files in 'vignettes' ... OK
* checking examples ... OK
Examples with CPU (user + system) or elapsed time > 5s
user system elapsed
error.correction 30.10 1.31 31.49
sagelibrary.simulate 10.17 0.52 10.69
* checking for unstated dependencies in vignettes ... OK
* checking package vignettes in 'inst/doc' ... OK
* checking running R code from vignettes ... SKIPPED
* checking re-building of vignette outputs ... SKIPPED
* checking PDF version of manual ... OK
* DONE
Status: 1 WARNING, 3 NOTEs
See
'F:/biocbuild/bbs-3.17-bioc-rtools43/meat/sagenhaft.Rcheck/00check.log'
for details.
sagenhaft.Rcheck/00install.out
############################################################################## ############################################################################## ### ### Running command: ### ### F:\biocbuild\bbs-3.17-bioc\R\bin\R.exe CMD INSTALL sagenhaft ### ############################################################################## ############################################################################## * installing to library 'F:/biocbuild/bbs-3.17-bioc/R/library' * installing *source* package 'sagenhaft' ... ** using staged installation ** R ** data ** inst ** byte-compile and prepare package for lazy loading ** help *** installing help indices ** building package indices ** installing vignettes ** testing if installed package can be loaded from temporary location ** testing if installed package can be loaded from final location ** testing if installed package keeps a record of temporary installation path * DONE (sagenhaft)
sagenhaft.Rcheck/sagenhaft-Ex.timings
| name | user | system | elapsed | |
| error.correction | 30.10 | 1.31 | 31.49 | |
| extract.lib | 0 | 0 | 0 | |
| sage.library | 0.20 | 0.02 | 0.22 | |
| sage.library.comparison | 1.05 | 0.09 | 1.14 | |
| sage.test | 0.01 | 0.00 | 0.01 | |
| sage.utilities | 0 | 0 | 0 | |
| sagelibrary.simulate | 10.17 | 0.52 | 10.69 | |