| Back to Build/check report for BioC 3.17 |
|
This page was generated on 2023-01-02 09:00:45 -0500 (Mon, 02 Jan 2023).
| Hostname | OS | Arch (*) | R version | Installed pkgs |
|---|---|---|---|---|
| palomino5 | Windows Server 2022 Datacenter | x64 | R Under development (unstable) (2022-12-25 r83502 ucrt) -- "Unsuffered Consequences" | 4165 |
| Click on any hostname to see more info about the system (e.g. compilers) (*) as reported by 'uname -p', except on Windows and Mac OS X | ||||
|
To the developers/maintainers of the qsea package: Make sure to use the following settings in order to reproduce any error or warning you see on this page. |
| Package 1552/2158 | Hostname | OS / Arch | INSTALL | BUILD | CHECK | BUILD BIN | ||||||||
| qsea 1.25.0 (landing page) Matthias Lienhard
| palomino5 | Windows Server 2022 Datacenter / x64 | OK | OK | WARNINGS | OK | ||||||||
| Package: qsea |
| Version: 1.25.0 |
| Command: F:\biocbuild\bbs-3.17-bioc\R\bin\R.exe CMD check --no-multiarch --install=check:qsea.install-out.txt --library=F:\biocbuild\bbs-3.17-bioc\R\library --no-vignettes --timings qsea_1.25.0.tar.gz |
| StartedAt: 2022-12-29 02:32:58 -0500 (Thu, 29 Dec 2022) |
| EndedAt: 2022-12-29 02:36:39 -0500 (Thu, 29 Dec 2022) |
| EllapsedTime: 220.8 seconds |
| RetCode: 0 |
| Status: WARNINGS |
| CheckDir: qsea.Rcheck |
| Warnings: 2 |
##############################################################################
##############################################################################
###
### Running command:
###
### F:\biocbuild\bbs-3.17-bioc\R\bin\R.exe CMD check --no-multiarch --install=check:qsea.install-out.txt --library=F:\biocbuild\bbs-3.17-bioc\R\library --no-vignettes --timings qsea_1.25.0.tar.gz
###
##############################################################################
##############################################################################
* using log directory 'F:/biocbuild/bbs-3.17-bioc-rtools43/meat/qsea.Rcheck'
* using R Under development (unstable) (2022-12-25 r83502 ucrt)
* using platform: x86_64-w64-mingw32 (64-bit)
* R was compiled by
gcc.exe (GCC) 10.4.0
GNU Fortran (GCC) 10.4.0
* running under: Windows Server x64 (build 20348)
* using session charset: UTF-8
* using option '--no-vignettes'
* checking for file 'qsea/DESCRIPTION' ... OK
* checking extension type ... Package
* this is package 'qsea' version '1.25.0'
* checking package namespace information ... OK
* checking package dependencies ... OK
* checking if this is a source package ... OK
* checking if there is a namespace ... OK
* checking for hidden files and directories ... OK
* checking for portable file names ... OK
* checking whether package 'qsea' can be installed ... OK
* used C compiler: 'gcc.exe (GCC) 12.2.0'
* checking installed package size ... OK
* checking package directory ... OK
* checking 'build' directory ... OK
* checking DESCRIPTION meta-information ... OK
* checking top-level files ... OK
* checking for left-over files ... OK
* checking index information ... OK
* checking package subdirectories ... OK
* checking R files for non-ASCII characters ... OK
* checking R files for syntax errors ... OK
* checking whether the package can be loaded ... OK
* checking whether the package can be loaded with stated dependencies ... OK
* checking whether the package can be unloaded cleanly ... OK
* checking whether the namespace can be loaded with stated dependencies ... OK
* checking whether the namespace can be unloaded cleanly ... OK
* checking dependencies in R code ... OK
* checking S3 generic/method consistency ... OK
* checking replacement functions ... OK
* checking foreign function calls ... OK
* checking R code for possible problems ... NOTE
subdivideRegions: no visible global function definition for 'metadata'
Undefined global functions or variables:
metadata
* checking Rd files ... OK
* checking Rd metadata ... OK
* checking Rd cross-references ... OK
* checking for missing documentation entries ... OK
* checking for code/documentation mismatches ... WARNING
Codoc mismatches from documentation object 'getPCA':
getPCA
Code: function(qs, chr = getChrNames(qs), ROIs, minRowSum = 20, keep,
norm_method = normMethod(logRPM = c("log",
"library_size", "cnv", "preference", "psC10")), topVar
= 1000, samples = getSampleNames(qs), minEnrichment =
0)
Docs: function(qs, chr = getChrNames(qs), ROIs, minRowSum = 20, keep,
norm_method = normMethod(logRPM = c("log",
"library_size", "cnv", "preference", "psC10")), topVar
= 1000, samples = getSampleNames(qs))
Argument names in code not in docs:
minEnrichment
* checking Rd \usage sections ... WARNING
Documented arguments not in \usage in documentation object 'getPCA':
'minEnrichment'
Functions with \usage entries need to have the appropriate \alias
entries, and all their arguments documented.
The \usage entries must correspond to syntactically valid R code.
See chapter 'Writing R documentation files' in the 'Writing R
Extensions' manual.
* checking Rd contents ... OK
* checking for unstated dependencies in examples ... OK
* checking R/sysdata.rda ... OK
* checking line endings in C/C++/Fortran sources/headers ... OK
* checking compiled code ... NOTE
Note: information on .o files for x64 is not available
File 'F:/biocbuild/bbs-3.17-bioc/R/library/qsea/libs/x64/qsea.dll':
Found 'abort', possibly from 'abort' (C), 'runtime' (Fortran)
Compiled code should not call entry points which might terminate R nor
write to stdout/stderr instead of to the console, nor use Fortran I/O
nor system RNGs nor [v]sprintf. The detected symbols are linked into
the code but might come from libraries and not actually be called.
See 'Writing portable packages' in the 'Writing R Extensions' manual.
* checking files in 'vignettes' ... OK
* checking examples ... OK
Examples with CPU (user + system) or elapsed time > 5s
user system elapsed
addNewSamples 13.99 0.75 15.16
addPatternDensity 7.39 0.21 7.59
addCNV 6.04 0.18 6.36
* checking for unstated dependencies in 'tests' ... OK
* checking tests ...
Running 'testthat.R'
OK
* checking for unstated dependencies in vignettes ... OK
* checking package vignettes in 'inst/doc' ... OK
* checking running R code from vignettes ... SKIPPED
* checking re-building of vignette outputs ... SKIPPED
* checking PDF version of manual ... OK
* DONE
Status: 2 WARNINGs, 2 NOTEs
See
'F:/biocbuild/bbs-3.17-bioc-rtools43/meat/qsea.Rcheck/00check.log'
for details.
qsea.Rcheck/00install.out
############################################################################## ############################################################################## ### ### Running command: ### ### F:\biocbuild\bbs-3.17-bioc\R\bin\R.exe CMD INSTALL qsea ### ############################################################################## ############################################################################## * installing to library 'F:/biocbuild/bbs-3.17-bioc/R/library' * installing *source* package 'qsea' ... ** using staged installation ** libs using C compiler: 'gcc.exe (GCC) 12.2.0' gcc -I"F:/biocbuild/bbs-3.17-bioc/R/include" -DNDEBUG -I"c:/rtools42/x86_64-w64-mingw32.static.posix/include" -O2 -Wall -std=gnu99 -mfpmath=sse -msse2 -mstackrealign -c lm.c -o lm.o gcc -shared -s -static-libgcc -o qsea.dll tmp.def lm.o -Lc:/rtools42/x86_64-w64-mingw32.static.posix/lib/x64 -Lc:/rtools42/x86_64-w64-mingw32.static.posix/lib -LF:/biocbuild/bbs-3.17-bioc/R/bin/x64 -lR installing to F:/biocbuild/bbs-3.17-bioc/R/library/00LOCK-qsea/00new/qsea/libs/x64 ** R ** inst ** preparing package for lazy loading ** help *** installing help indices ** building package indices ** installing vignettes ** testing if installed package can be loaded from temporary location ** testing if installed package can be loaded from final location ** testing if installed package keeps a record of temporary installation path * DONE (qsea)
qsea.Rcheck/tests/testthat.Rout
R Under development (unstable) (2022-12-25 r83502 ucrt) -- "Unsuffered Consequences"
Copyright (C) 2022 The R Foundation for Statistical Computing
Platform: x86_64-w64-mingw32/x64 (64-bit)
R is free software and comes with ABSOLUTELY NO WARRANTY.
You are welcome to redistribute it under certain conditions.
Type 'license()' or 'licence()' for distribution details.
R is a collaborative project with many contributors.
Type 'contributors()' for more information and
'citation()' on how to cite R or R packages in publications.
Type 'demo()' for some demos, 'help()' for on-line help, or
'help.start()' for an HTML browser interface to help.
Type 'q()' to quit R.
> library(testthat)
> library(qsea)
>
> test_check("qsea")
[ FAIL 0 | WARN 0 | SKIP 0 | PASS 3 ]
>
> proc.time()
user system elapsed
9.4 0.6 10.0
qsea.Rcheck/qsea-Ex.timings
| name | user | system | elapsed | |
| addCNV | 6.04 | 0.18 | 6.36 | |
| addContrast | 1.11 | 0.01 | 1.12 | |
| addCoverage | 1.70 | 0.05 | 1.75 | |
| addEnrichmentParameters | 0.26 | 0.00 | 0.26 | |
| addLibraryFactors | 1.29 | 0.12 | 1.42 | |
| addNewSamples | 13.99 | 0.75 | 15.16 | |
| addOffset | 0.31 | 0.03 | 0.34 | |
| addPatternDensity | 7.39 | 0.21 | 7.59 | |
| createQseaSet | 0.09 | 0.04 | 0.14 | |
| example | 0.16 | 0.02 | 0.17 | |
| fitNBglm | 0.70 | 0.06 | 0.77 | |
| getPCA | 0.66 | 0.06 | 0.72 | |
| isSignificant | 0.73 | 0.09 | 0.82 | |
| makeTable | 1.03 | 0.22 | 1.25 | |
| normMethod | 0 | 0 | 0 | |
| plotCNV | 0.21 | 0.00 | 0.21 | |
| plotCoverage | 0.47 | 0.02 | 0.48 | |
| plotEnrichmentProfile | 0.22 | 0.03 | 0.25 | |
| plotPCA | 0.48 | 0.03 | 0.51 | |
| qseaGLM-class | 0 | 0 | 0 | |
| qseaPCA-class | 0 | 0 | 0 | |
| qseaSet-class | 0 | 0 | 0 | |
| regionStats | 0.43 | 0.10 | 0.52 | |