| Back to Build/check report for BioC 3.17 |
|
This page was generated on 2023-01-02 09:00:43 -0500 (Mon, 02 Jan 2023).
| Hostname | OS | Arch (*) | R version | Installed pkgs |
|---|---|---|---|---|
| palomino5 | Windows Server 2022 Datacenter | x64 | R Under development (unstable) (2022-12-25 r83502 ucrt) -- "Unsuffered Consequences" | 4165 |
| Click on any hostname to see more info about the system (e.g. compilers) (*) as reported by 'uname -p', except on Windows and Mac OS X | ||||
|
To the developers/maintainers of the pickgene package: Make sure to use the following settings in order to reproduce any error or warning you see on this page. |
| Package 1469/2158 | Hostname | OS / Arch | INSTALL | BUILD | CHECK | BUILD BIN | ||||||||
| pickgene 1.71.0 (landing page) Brian S. Yandell
| palomino5 | Windows Server 2022 Datacenter / x64 | OK | OK | WARNINGS | OK | ||||||||
| Package: pickgene |
| Version: 1.71.0 |
| Command: F:\biocbuild\bbs-3.17-bioc\R\bin\R.exe CMD check --no-multiarch --install=check:pickgene.install-out.txt --library=F:\biocbuild\bbs-3.17-bioc\R\library --no-vignettes --timings pickgene_1.71.0.tar.gz |
| StartedAt: 2022-12-29 02:18:40 -0500 (Thu, 29 Dec 2022) |
| EndedAt: 2022-12-29 02:19:12 -0500 (Thu, 29 Dec 2022) |
| EllapsedTime: 32.0 seconds |
| RetCode: 0 |
| Status: WARNINGS |
| CheckDir: pickgene.Rcheck |
| Warnings: 1 |
##############################################################################
##############################################################################
###
### Running command:
###
### F:\biocbuild\bbs-3.17-bioc\R\bin\R.exe CMD check --no-multiarch --install=check:pickgene.install-out.txt --library=F:\biocbuild\bbs-3.17-bioc\R\library --no-vignettes --timings pickgene_1.71.0.tar.gz
###
##############################################################################
##############################################################################
* using log directory 'F:/biocbuild/bbs-3.17-bioc-rtools43/meat/pickgene.Rcheck'
* using R Under development (unstable) (2022-12-25 r83502 ucrt)
* using platform: x86_64-w64-mingw32 (64-bit)
* R was compiled by
gcc.exe (GCC) 10.4.0
GNU Fortran (GCC) 10.4.0
* running under: Windows Server x64 (build 20348)
* using session charset: UTF-8
* using option '--no-vignettes'
* checking for file 'pickgene/DESCRIPTION' ... OK
* this is package 'pickgene' version '1.71.0'
* checking package namespace information ... OK
* checking package dependencies ... OK
* checking if this is a source package ... OK
* checking if there is a namespace ... OK
* checking for hidden files and directories ... OK
* checking for portable file names ... OK
* checking whether package 'pickgene' can be installed ... WARNING
Found the following significant warnings:
Note: possible error in 'oddsplot(exp(data[[x]]), ': unused argument (chip = "")
See 'F:/biocbuild/bbs-3.17-bioc-rtools43/meat/pickgene.Rcheck/00install.out' for details.
Information on the location(s) of code generating the 'Note's can be
obtained by re-running with environment variable R_KEEP_PKG_SOURCE set
to 'yes'.
* checking installed package size ... OK
* checking package directory ... OK
* checking 'build' directory ... OK
* checking DESCRIPTION meta-information ... OK
* checking top-level files ... OK
* checking for left-over files ... OK
* checking index information ... OK
* checking package subdirectories ... OK
* checking R files for non-ASCII characters ... OK
* checking R files for syntax errors ... OK
* checking whether the package can be loaded ... OK
* checking whether the package can be loaded with stated dependencies ... OK
* checking whether the package can be unloaded cleanly ... OK
* checking whether the namespace can be loaded with stated dependencies ... OK
* checking whether the namespace can be unloaded cleanly ... OK
* checking dependencies in R code ... OK
* checking S3 generic/method consistency ... OK
* checking replacement functions ... OK
* checking foreign function calls ... OK
* checking R code for possible problems ... NOTE
do.oddsplot: warning in em.ggb(data[[conditions[1]]],
data[[conditions[2]]], theta, theta[1:3], print = TRUE): partial
argument match of 'print' to 'printit'
pickgene.poly: warning in pickgene.two(y[, i], intensity, geneid =
geneID, singlelevel = singlelevel, npick = npickgene, ylab =
ylabs[i], ...): partial argument match of 'npick' to 'npickgene'
lod.plot: possible error in oddsplot(exp(data[[x]]), exp(data[[y]]),
theta, col = col, xlab = xlab, ylab = ylab, chip = ""): unused
argument (chip = "")
nloglik: no visible binding for global variable '.fit.xx'
nloglik: no visible binding for global variable '.fit.yy'
nploglik: no visible binding for global variable '.fit.xx'
nploglik: no visible binding for global variable '.fit.yy'
nploglik: no visible binding for global variable '.fit.zz'
s.check1: no visible global function definition for 'lod'
s.marg: no visible binding for global variable 'x'
shrinkplot: no visible global function definition for 's.fits'
shrinkplot: no visible binding for global variable 'lims'
Undefined global functions or variables:
.fit.xx .fit.yy .fit.zz lims lod s.fits x
* checking Rd files ... NOTE
prepare_Rd: Simulation.pickgene.Rd:8: Dropping empty section \keyword
prepare_Rd: Simulation.pickgene.Rd:5-6: Dropping empty section \usage
prepare_Rd: Simulation.pickgene.Rd:7: Dropping empty section \details
* checking Rd metadata ... OK
* checking Rd cross-references ... OK
* checking for missing documentation entries ... OK
* checking for code/documentation mismatches ... OK
* checking Rd \usage sections ... OK
* checking Rd contents ... OK
* checking for unstated dependencies in examples ... OK
* checking sizes of PDF files under 'inst/doc' ... OK
* checking files in 'vignettes' ... OK
* checking examples ... OK
* checking for unstated dependencies in vignettes ... OK
* checking package vignettes in 'inst/doc' ... OK
* checking running R code from vignettes ... SKIPPED
* checking re-building of vignette outputs ... SKIPPED
* checking PDF version of manual ... OK
* DONE
Status: 1 WARNING, 2 NOTEs
See
'F:/biocbuild/bbs-3.17-bioc-rtools43/meat/pickgene.Rcheck/00check.log'
for details.
pickgene.Rcheck/00install.out
############################################################################## ############################################################################## ### ### Running command: ### ### F:\biocbuild\bbs-3.17-bioc\R\bin\R.exe CMD INSTALL pickgene ### ############################################################################## ############################################################################## * installing to library 'F:/biocbuild/bbs-3.17-bioc/R/library' * installing *source* package 'pickgene' ... ** using staged installation ** R ** byte-compile and prepare package for lazy loading Note: possible error in 'oddsplot(exp(data[[x]]), ': unused argument (chip = "") ** help *** installing help indices ** building package indices ** installing vignettes ** testing if installed package can be loaded from temporary location ** testing if installed package can be loaded from final location ** testing if installed package keeps a record of temporary installation path * DONE (pickgene)
pickgene.Rcheck/pickgene-Ex.timings
| name | user | system | elapsed | |
| Simulation.pickgene | 0.99 | 0.07 | 1.05 | |
| em.ggb | 0 | 0 | 0 | |
| model.pickgene | 0 | 0 | 0 | |
| oddsplot | 0 | 0 | 0 | |
| pickgene | 0 | 0 | 0 | |
| robustscale | 0 | 0 | 0 | |