| Back to Build/check report for BioC 3.17 | 
  | 
This page was generated on 2023-01-02 09:00:44 -0500 (Mon, 02 Jan 2023).
| Hostname | OS | Arch (*) | R version | Installed pkgs | 
|---|---|---|---|---|
| palomino5 | Windows Server 2022 Datacenter | x64 | R Under development (unstable) (2022-12-25 r83502 ucrt) -- "Unsuffered Consequences" | 4165 | 
| Click on any hostname to see more info about the system (e.g. compilers) (*) as reported by 'uname -p', except on Windows and Mac OS X | ||||
| 
To the developers/maintainers of the pRoloc package: Make sure to use the following settings in order to reproduce any error or warning you see on this page.  | 
| Package 1517/2158 | Hostname | OS / Arch | INSTALL | BUILD | CHECK | BUILD BIN | ||||||||
| pRoloc 1.39.0  (landing page) Laurent Gatto 
  | palomino5 | Windows Server 2022 Datacenter / x64 | OK | ERROR | skipped | skipped | ||||||||
| Package: pRoloc | 
| Version: 1.39.0 | 
| Command: chmod a+r pRoloc -R && F:\biocbuild\bbs-3.17-bioc\R\bin\R.exe CMD build --keep-empty-dirs --no-resave-data pRoloc | 
| StartedAt: 2022-12-28 19:53:00 -0500 (Wed, 28 Dec 2022) | 
| EndedAt: 2022-12-28 19:57:48 -0500 (Wed, 28 Dec 2022) | 
| EllapsedTime: 288.6 seconds | 
| RetCode: 1 | 
| Status: ERROR | 
| PackageFile: None | 
| PackageFileSize: NA | 
############################################################################## ############################################################################## ### ### Running command: ### ### chmod a+r pRoloc -R && F:\biocbuild\bbs-3.17-bioc\R\bin\R.exe CMD build --keep-empty-dirs --no-resave-data pRoloc ### ############################################################################## ############################################################################## * checking for file 'pRoloc/DESCRIPTION' ... OK * preparing 'pRoloc': * checking DESCRIPTION meta-information ... OK * cleaning src * installing the package to build vignettes * creating vignettes ... ERROR --- re-building 'v01-pRoloc-tutorial.Rmd' using rmarkdown --- finished re-building 'v01-pRoloc-tutorial.Rmd' --- re-building 'v02-pRoloc-ml.Rmd' using rmarkdown --- finished re-building 'v02-pRoloc-ml.Rmd' --- re-building 'v03-pRoloc-bayesian.Rmd' using rmarkdown --- finished re-building 'v03-pRoloc-bayesian.Rmd' --- re-building 'v04-pRoloc-goannotations.Rmd' using rmarkdown --- finished re-building 'v04-pRoloc-goannotations.Rmd' --- re-building 'v05-pRoloc-transfer-learning.Rmd' using rmarkdown Quitting from lines 143-147 (v05-pRoloc-transfer-learning.Rmd) Error: processing vignette 'v05-pRoloc-transfer-learning.Rmd' failed with diagnostics: Timeout was reached: [www.ensembl.org:80] Operation timed out after 10000 milliseconds with 328094 bytes received --- failed re-building 'v05-pRoloc-transfer-learning.Rmd' SUMMARY: processing the following file failed: 'v05-pRoloc-transfer-learning.Rmd' Error: Vignette re-building failed. Execution halted