| Back to Build/check report for BioC 3.17 |
|
This page was generated on 2023-01-02 09:00:41 -0500 (Mon, 02 Jan 2023).
| Hostname | OS | Arch (*) | R version | Installed pkgs |
|---|---|---|---|---|
| palomino5 | Windows Server 2022 Datacenter | x64 | R Under development (unstable) (2022-12-25 r83502 ucrt) -- "Unsuffered Consequences" | 4165 |
| Click on any hostname to see more info about the system (e.g. compilers) (*) as reported by 'uname -p', except on Windows and Mac OS X | ||||
|
To the developers/maintainers of the oligoClasses package: Make sure to use the following settings in order to reproduce any error or warning you see on this page. |
| Package 1364/2158 | Hostname | OS / Arch | INSTALL | BUILD | CHECK | BUILD BIN | ||||||||
| oligoClasses 1.61.0 (landing page) Benilton Carvalho
| palomino5 | Windows Server 2022 Datacenter / x64 | OK | OK | ERROR | OK | ||||||||
| Package: oligoClasses |
| Version: 1.61.0 |
| Command: F:\biocbuild\bbs-3.17-bioc\R\bin\R.exe CMD check --no-multiarch --install=check:oligoClasses.install-out.txt --library=F:\biocbuild\bbs-3.17-bioc\R\library --no-vignettes --timings oligoClasses_1.61.0.tar.gz |
| StartedAt: 2022-12-29 01:55:48 -0500 (Thu, 29 Dec 2022) |
| EndedAt: 2022-12-29 01:55:51 -0500 (Thu, 29 Dec 2022) |
| EllapsedTime: 3.0 seconds |
| RetCode: 1 |
| Status: ERROR |
| CheckDir: oligoClasses.Rcheck |
| Warnings: NA |
##############################################################################
##############################################################################
###
### Running command:
###
### F:\biocbuild\bbs-3.17-bioc\R\bin\R.exe CMD check --no-multiarch --install=check:oligoClasses.install-out.txt --library=F:\biocbuild\bbs-3.17-bioc\R\library --no-vignettes --timings oligoClasses_1.61.0.tar.gz
###
##############################################################################
##############################################################################
* using log directory 'F:/biocbuild/bbs-3.17-bioc-rtools43/meat/oligoClasses.Rcheck'
* using R Under development (unstable) (2022-12-25 r83502 ucrt)
* using platform: x86_64-w64-mingw32 (64-bit)
* R was compiled by
gcc.exe (GCC) 10.4.0
GNU Fortran (GCC) 10.4.0
* running under: Windows Server x64 (build 20348)
* using session charset: UTF-8
* using option '--no-vignettes'
* checking for file 'oligoClasses/DESCRIPTION' ... OK
* this is package 'oligoClasses' version '1.61.0'
* checking package namespace information ... OK
* checking package dependencies ... ERROR
Packages suggested but not available:
'pd.genomewidesnp.6', 'pd.genomewidesnp.5', 'pd.mapping50k.hind240',
'pd.mapping50k.xba240', 'pd.mapping250k.sty', 'pd.mapping250k.nsp'
Packages which this enhances but not available for checking:
'doMC', 'doMPI', 'doRedis'
The suggested packages are required for a complete check.
Checking can be attempted without them by setting the environment
variable _R_CHECK_FORCE_SUGGESTS_ to a false value.
See section 'The DESCRIPTION file' in the 'Writing R Extensions'
manual.
* DONE
Status: 1 ERROR
See
'F:/biocbuild/bbs-3.17-bioc-rtools43/meat/oligoClasses.Rcheck/00check.log'
for details.