| Back to Build/check report for BioC 3.17 |
|
This page was generated on 2023-01-02 09:00:28 -0500 (Mon, 02 Jan 2023).
| Hostname | OS | Arch (*) | R version | Installed pkgs |
|---|---|---|---|---|
| palomino5 | Windows Server 2022 Datacenter | x64 | R Under development (unstable) (2022-12-25 r83502 ucrt) -- "Unsuffered Consequences" | 4165 |
| Click on any hostname to see more info about the system (e.g. compilers) (*) as reported by 'uname -p', except on Windows and Mac OS X | ||||
|
To the developers/maintainers of the esATAC package: Make sure to use the following settings in order to reproduce any error or warning you see on this page. |
| Package 626/2158 | Hostname | OS / Arch | INSTALL | BUILD | CHECK | BUILD BIN | ||||||||
| esATAC 1.21.0 (landing page) Zheng Wei
| palomino5 | Windows Server 2022 Datacenter / x64 | OK | OK | WARNINGS | OK | ||||||||
| Package: esATAC |
| Version: 1.21.0 |
| Command: F:\biocbuild\bbs-3.17-bioc\R\bin\R.exe CMD check --no-multiarch --install=check:esATAC.install-out.txt --library=F:\biocbuild\bbs-3.17-bioc\R\library --no-vignettes --timings esATAC_1.21.0.tar.gz |
| StartedAt: 2022-12-28 23:40:22 -0500 (Wed, 28 Dec 2022) |
| EndedAt: 2022-12-28 23:46:40 -0500 (Wed, 28 Dec 2022) |
| EllapsedTime: 377.9 seconds |
| RetCode: 0 |
| Status: WARNINGS |
| CheckDir: esATAC.Rcheck |
| Warnings: 1 |
##############################################################################
##############################################################################
###
### Running command:
###
### F:\biocbuild\bbs-3.17-bioc\R\bin\R.exe CMD check --no-multiarch --install=check:esATAC.install-out.txt --library=F:\biocbuild\bbs-3.17-bioc\R\library --no-vignettes --timings esATAC_1.21.0.tar.gz
###
##############################################################################
##############################################################################
* using log directory 'F:/biocbuild/bbs-3.17-bioc-rtools43/meat/esATAC.Rcheck'
* using R Under development (unstable) (2022-12-25 r83502 ucrt)
* using platform: x86_64-w64-mingw32 (64-bit)
* R was compiled by
gcc.exe (GCC) 10.4.0
GNU Fortran (GCC) 10.4.0
* running under: Windows Server x64 (build 20348)
* using session charset: UTF-8
* using option '--no-vignettes'
* checking for file 'esATAC/DESCRIPTION' ... OK
* checking extension type ... Package
* this is package 'esATAC' version '1.21.0'
* package encoding: UTF-8
* checking package namespace information ... OK
* checking package dependencies ... OK
* checking if this is a source package ... OK
* checking if there is a namespace ... OK
* checking for hidden files and directories ... OK
* checking for portable file names ... OK
* checking whether package 'esATAC' can be installed ... OK
* used C++ compiler: 'G__~1.EXE (GCC) 12.2.0'
* checking installed package size ... NOTE
installed size is 7.4Mb
sub-directories of 1Mb or more:
extdata 5.1Mb
libs 1.3Mb
* checking package directory ... OK
* checking 'build' directory ... OK
* checking DESCRIPTION meta-information ... OK
* checking top-level files ... OK
* checking for left-over files ... OK
* checking index information ... OK
* checking package subdirectories ... OK
* checking R files for non-ASCII characters ... OK
* checking R files for syntax errors ... OK
* checking whether the package can be loaded ... OK
* checking whether the package can be loaded with stated dependencies ... OK
* checking whether the package can be unloaded cleanly ... OK
* checking whether the namespace can be loaded with stated dependencies ... OK
* checking whether the namespace can be unloaded cleanly ... OK
* checking dependencies in R code ... NOTE
Unexported objects imported by ':::' calls:
'ShortRead:::.ShortReadQQA' 'ShortRead:::.qa_adapterContamination'
See the note in ?`:::` about the use of this operator.
* checking S3 generic/method consistency ... OK
* checking replacement functions ... OK
* checking foreign function calls ... OK
* checking R code for possible problems ... NOTE
atacPipe2: no visible global function definition for 'getObjsInPipe'
atacPipe2: no visible binding for global variable 'case.peak'
atacPipe2: no visible binding for global variable 'ctrl.peak'
atacPipe2: no visible binding for global variable 'pwm'
atacPipe2: no visible binding for global variable 'bed.case'
atacPipe2: no visible binding for global variable 'bed.ctrl'
atacPipe2: no visible binding for global variable 'caselist'
atacPipe2: no visible binding for global variable 'ctrllist'
atacPipe2: no visible global function definition for '.obtainConfigure'
atacPipe2: no visible binding for global variable 'param.tmp'
atacPipe2: no visible binding for global variable 'esATAC_report'
atacPipe2: no visible global function definition for 'getReportVal'
atacPipe2: no visible binding for global variable 'esATAC_result'
processing,BamToBed : <anonymous>: no visible global function
definition for 'readGAlignments'
processing,BedToBigWig: no visible binding for global variable 'score'
Undefined global functions or variables:
.obtainConfigure bed.case bed.ctrl case.peak caselist ctrl.peak
ctrllist esATAC_report esATAC_result getObjsInPipe getReportVal
param.tmp pwm readGAlignments score
* checking Rd files ... OK
* checking Rd metadata ... OK
* checking Rd cross-references ... OK
* checking for missing documentation entries ... OK
* checking for code/documentation mismatches ... OK
* checking Rd \usage sections ... WARNING
Undocumented arguments in documentation object 'PeakCallingMACS2'
'genomeSize' 'pvalueThreshold'
Documented arguments not in \usage in documentation object 'PeakCallingMACS2':
'threshold'
Functions with \usage entries need to have the appropriate \alias
entries, and all their arguments documented.
The \usage entries must correspond to syntactically valid R code.
See chapter 'Writing R documentation files' in the 'Writing R
Extensions' manual.
* checking Rd contents ... OK
* checking for unstated dependencies in examples ... OK
* checking line endings in C/C++/Fortran sources/headers ... OK
* checking line endings in Makefiles ... OK
* checking compilation flags in Makevars ... OK
* checking for GNU extensions in Makefiles ... OK
* checking for portable use of $(BLAS_LIBS) and $(LAPACK_LIBS) ... OK
* checking use of PKG_*FLAGS in Makefiles ... OK
* checking compiled code ... NOTE
Note: information on .o files for x64 is not available
File 'F:/biocbuild/bbs-3.17-bioc/R/library/esATAC/libs/x64/esATAC.dll':
Found 'abort', possibly from 'abort' (C), 'runtime' (Fortran)
Found 'exit', possibly from 'exit' (C), 'stop' (Fortran)
Compiled code should not call entry points which might terminate R nor
write to stdout/stderr instead of to the console, nor use Fortran I/O
nor system RNGs nor [v]sprintf. The detected symbols are linked into
the code but might come from libraries and not actually be called.
See 'Writing portable packages' in the 'Writing R Extensions' manual.
* checking files in 'vignettes' ... OK
* checking examples ... OK
Examples with CPU (user + system) or elapsed time > 5s
user system elapsed
FindAdapter 0.35 0.19 18.41
Renamer 0.43 0.11 18.53
* checking for unstated dependencies in 'tests' ... OK
* checking tests ...
Running 'testthat.R'
OK
* checking for unstated dependencies in vignettes ... OK
* checking package vignettes in 'inst/doc' ... OK
* checking running R code from vignettes ... SKIPPED
* checking re-building of vignette outputs ... SKIPPED
* checking PDF version of manual ... OK
* DONE
Status: 1 WARNING, 4 NOTEs
See
'F:/biocbuild/bbs-3.17-bioc-rtools43/meat/esATAC.Rcheck/00check.log'
for details.
esATAC.Rcheck/00install.out
##############################################################################
##############################################################################
###
### Running command:
###
### F:\biocbuild\bbs-3.17-bioc\R\bin\R.exe CMD INSTALL esATAC
###
##############################################################################
##############################################################################
* installing to library 'F:/biocbuild/bbs-3.17-bioc/R/library'
* installing *source* package 'esATAC' ...
** using staged installation
** libs
using C++ compiler: 'G__~1.EXE (GCC) 12.2.0'
using C++11
g++ -std=gnu++11 -I"F:/biocbuild/bbs-3.17-bioc/R/include" -DNDEBUG -DNDEBUG -DPLF_SYS_WIN -DR_EVN_FLAG -I'F:/biocbuild/bbs-3.17-bioc/R/library/Rcpp/include' -I"c:/rtools42/x86_64-w64-mingw32.static.posix/include" -O2 -Wall -mfpmath=sse -msse2 -mstackrealign -c BedLine.cpp -o BedLine.o
g++ -std=gnu++11 -I"F:/biocbuild/bbs-3.17-bioc/R/include" -DNDEBUG -DNDEBUG -DPLF_SYS_WIN -DR_EVN_FLAG -I'F:/biocbuild/bbs-3.17-bioc/R/library/Rcpp/include' -I"c:/rtools42/x86_64-w64-mingw32.static.posix/include" -O2 -Wall -mfpmath=sse -msse2 -mstackrealign -c BedUtils.cpp -o BedUtils.o
g++ -std=gnu++11 -I"F:/biocbuild/bbs-3.17-bioc/R/include" -DNDEBUG -DNDEBUG -DPLF_SYS_WIN -DR_EVN_FLAG -I'F:/biocbuild/bbs-3.17-bioc/R/library/Rcpp/include' -I"c:/rtools42/x86_64-w64-mingw32.static.posix/include" -O2 -Wall -mfpmath=sse -msse2 -mstackrealign -c ChrDivi.cpp -o ChrDivi.o
g++ -std=gnu++11 -I"F:/biocbuild/bbs-3.17-bioc/R/include" -DNDEBUG -DNDEBUG -DPLF_SYS_WIN -DR_EVN_FLAG -I'F:/biocbuild/bbs-3.17-bioc/R/library/Rcpp/include' -I"c:/rtools42/x86_64-w64-mingw32.static.posix/include" -O2 -Wall -mfpmath=sse -msse2 -mstackrealign -c CutCountPre.cpp -o CutCountPre.o
g++ -std=gnu++11 -I"F:/biocbuild/bbs-3.17-bioc/R/include" -DNDEBUG -DNDEBUG -DPLF_SYS_WIN -DR_EVN_FLAG -I'F:/biocbuild/bbs-3.17-bioc/R/library/Rcpp/include' -I"c:/rtools42/x86_64-w64-mingw32.static.posix/include" -O2 -Wall -mfpmath=sse -msse2 -mstackrealign -c CutSiteCount.cpp -o CutSiteCount.o
g++ -std=gnu++11 -I"F:/biocbuild/bbs-3.17-bioc/R/include" -DNDEBUG -DNDEBUG -DPLF_SYS_WIN -DR_EVN_FLAG -I'F:/biocbuild/bbs-3.17-bioc/R/library/Rcpp/include' -I"c:/rtools42/x86_64-w64-mingw32.static.posix/include" -O2 -Wall -mfpmath=sse -msse2 -mstackrealign -c LibComplexQC.cpp -o LibComplexQC.o
g++ -std=gnu++11 -I"F:/biocbuild/bbs-3.17-bioc/R/include" -DNDEBUG -DNDEBUG -DPLF_SYS_WIN -DR_EVN_FLAG -I'F:/biocbuild/bbs-3.17-bioc/R/library/Rcpp/include' -I"c:/rtools42/x86_64-w64-mingw32.static.posix/include" -O2 -Wall -mfpmath=sse -msse2 -mstackrealign -c RcppExports.cpp -o RcppExports.o
g++ -std=gnu++11 -I"F:/biocbuild/bbs-3.17-bioc/R/include" -DNDEBUG -DNDEBUG -DPLF_SYS_WIN -DR_EVN_FLAG -I'F:/biocbuild/bbs-3.17-bioc/R/library/Rcpp/include' -I"c:/rtools42/x86_64-w64-mingw32.static.posix/include" -O2 -Wall -mfpmath=sse -msse2 -mstackrealign -c SortBed.cpp -o SortBed.o
g++ -std=gnu++11 -I"F:/biocbuild/bbs-3.17-bioc/R/include" -DNDEBUG -DNDEBUG -DPLF_SYS_WIN -DR_EVN_FLAG -I'F:/biocbuild/bbs-3.17-bioc/R/library/Rcpp/include' -I"c:/rtools42/x86_64-w64-mingw32.static.posix/include" -O2 -Wall -mfpmath=sse -msse2 -mstackrealign -c rcpp_wrapper.cpp -o rcpp_wrapper.o
rcpp_wrapper.cpp: In function 'int CutSiteCount_wrapper(Rcpp::List)':
rcpp_wrapper.cpp:334:7: warning: variable 'tmp_k' set but not used [-Wunused-but-set-variable]
334 | int tmp_k;
| ^~~~~
g++ -std=gnu++11 -I"F:/biocbuild/bbs-3.17-bioc/R/include" -DNDEBUG -DNDEBUG -DPLF_SYS_WIN -DR_EVN_FLAG -I'F:/biocbuild/bbs-3.17-bioc/R/library/Rcpp/include' -I"c:/rtools42/x86_64-w64-mingw32.static.posix/include" -O2 -Wall -mfpmath=sse -msse2 -mstackrealign -c renamer.cpp -o renamer.o
g++ -std=gnu++11 -I"F:/biocbuild/bbs-3.17-bioc/R/include" -DNDEBUG -DNDEBUG -DPLF_SYS_WIN -DR_EVN_FLAG -I'F:/biocbuild/bbs-3.17-bioc/R/library/Rcpp/include' -I"c:/rtools42/x86_64-w64-mingw32.static.posix/include" -O2 -Wall -mfpmath=sse -msse2 -mstackrealign -c sam2bed.cc -o sam2bed.o
g++ -shared -s -static-libgcc -o esATAC.dll tmp.def BedLine.o BedUtils.o ChrDivi.o CutCountPre.o CutSiteCount.o LibComplexQC.o RcppExports.o SortBed.o rcpp_wrapper.o renamer.o sam2bed.o -Lc:/rtools42/x86_64-w64-mingw32.static.posix/lib/x64 -Lc:/rtools42/x86_64-w64-mingw32.static.posix/lib -LF:/biocbuild/bbs-3.17-bioc/R/bin/x64 -lR
installing to F:/biocbuild/bbs-3.17-bioc/R/library/00LOCK-esATAC/00new/esATAC/libs/x64
** R
** inst
** byte-compile and prepare package for lazy loading
** help
*** installing help indices
** building package indices
** installing vignettes
** testing if installed package can be loaded from temporary location
** testing if installed package can be loaded from final location
** testing if installed package keeps a record of temporary installation path
* DONE (esATAC)
esATAC.Rcheck/tests/testthat.Rout
R Under development (unstable) (2022-12-25 r83502 ucrt) -- "Unsuffered Consequences"
Copyright (C) 2022 The R Foundation for Statistical Computing
Platform: x86_64-w64-mingw32/x64 (64-bit)
R is free software and comes with ABSOLUTELY NO WARRANTY.
You are welcome to redistribute it under certain conditions.
Type 'license()' or 'licence()' for distribution details.
R is a collaborative project with many contributors.
Type 'contributors()' for more information and
'citation()' on how to cite R or R packages in publications.
Type 'demo()' for some demos, 'help()' for on-line help, or
'help.start()' for an HTML browser interface to help.
Type 'q()' to quit R.
> library(testthat)
> library(esATAC)
Loading required package: Rsamtools
Loading required package: GenomeInfoDb
Loading required package: BiocGenerics
Attaching package: 'BiocGenerics'
The following objects are masked from 'package:stats':
IQR, mad, sd, var, xtabs
The following objects are masked from 'package:base':
Filter, Find, Map, Position, Reduce, anyDuplicated, aperm, append,
as.data.frame, basename, cbind, colnames, dirname, do.call,
duplicated, eval, evalq, get, grep, grepl, intersect, is.unsorted,
lapply, mapply, match, mget, order, paste, pmax, pmax.int, pmin,
pmin.int, rank, rbind, rownames, sapply, setdiff, sort, table,
tapply, union, unique, unsplit, which.max, which.min
Loading required package: S4Vectors
Loading required package: stats4
Attaching package: 'S4Vectors'
The following objects are masked from 'package:base':
I, expand.grid, unname
Loading required package: IRanges
Attaching package: 'IRanges'
The following object is masked from 'package:grDevices':
windows
Loading required package: GenomicRanges
Loading required package: Biostrings
Loading required package: XVector
Attaching package: 'Biostrings'
The following object is masked from 'package:base':
strsplit
Loading required package: ShortRead
Loading required package: BiocParallel
Loading required package: GenomicAlignments
Loading required package: SummarizedExperiment
Loading required package: MatrixGenerics
Loading required package: matrixStats
Attaching package: 'MatrixGenerics'
The following objects are masked from 'package:matrixStats':
colAlls, colAnyNAs, colAnys, colAvgsPerRowSet, colCollapse,
colCounts, colCummaxs, colCummins, colCumprods, colCumsums,
colDiffs, colIQRDiffs, colIQRs, colLogSumExps, colMadDiffs,
colMads, colMaxs, colMeans2, colMedians, colMins, colOrderStats,
colProds, colQuantiles, colRanges, colRanks, colSdDiffs, colSds,
colSums2, colTabulates, colVarDiffs, colVars, colWeightedMads,
colWeightedMeans, colWeightedMedians, colWeightedSds,
colWeightedVars, rowAlls, rowAnyNAs, rowAnys, rowAvgsPerColSet,
rowCollapse, rowCounts, rowCummaxs, rowCummins, rowCumprods,
rowCumsums, rowDiffs, rowIQRDiffs, rowIQRs, rowLogSumExps,
rowMadDiffs, rowMads, rowMaxs, rowMeans2, rowMedians, rowMins,
rowOrderStats, rowProds, rowQuantiles, rowRanges, rowRanks,
rowSdDiffs, rowSds, rowSums2, rowTabulates, rowVarDiffs, rowVars,
rowWeightedMads, rowWeightedMeans, rowWeightedMedians,
rowWeightedSds, rowWeightedVars
Loading required package: Biobase
Welcome to Bioconductor
Vignettes contain introductory material; view with
'browseVignettes()'. To cite Bioconductor, see
'citation("Biobase")', and for packages 'citation("pkgname")'.
Attaching package: 'Biobase'
The following object is masked from 'package:MatrixGenerics':
rowMedians
The following objects are masked from 'package:matrixStats':
anyMissing, rowMedians
Loading required package: pipeFrame
Attaching package: 'pipeFrame'
The following object is masked from 'package:ShortRead':
report
>
> test_check("esATAC")
[1] "2022-12-28 23:46:27 EST"
[1] "2022-12-28 23:46:27 EST"
[1] "2022-12-28 23:46:27 EST"
[1] "2022-12-28 23:46:27 EST"
[1] "2022-12-28 23:46:27 EST"
[1] "2022-12-28 23:46:27 EST"
[ FAIL 0 | WARN 0 | SKIP 0 | PASS 3 ]
>
> proc.time()
user system elapsed
14.04 1.37 18.17
esATAC.Rcheck/esATAC-Ex.timings
| name | user | system | elapsed | |
| BamToBed | 0 | 0 | 0 | |
| BedToBigWig | 0.06 | 0.00 | 0.06 | |
| BedUtils | 0.52 | 0.42 | 1.64 | |
| Bowtie2Mapping | 0.06 | 0.05 | 1.62 | |
| CutSiteCountR | 1.25 | 0.03 | 1.33 | |
| CutSitePre | 0.25 | 0.00 | 0.27 | |
| FRiPQC | 1.75 | 0.19 | 1.51 | |
| FastQC | 0.51 | 0.05 | 0.65 | |
| FindAdapter | 0.35 | 0.19 | 18.41 | |
| FragLenDistr | 0.06 | 0.01 | 0.08 | |
| LibComplexQC | 0.13 | 0.05 | 0.19 | |
| PeakCallingFseq | 0.25 | 0.05 | 0.33 | |
| PeakCallingMACS2 | 0.22 | 0.06 | 0.30 | |
| PeakQC | 0.37 | 0.08 | 0.47 | |
| RGo | 0 | 0 | 0 | |
| RMotifScan | 0 | 0 | 0 | |
| RMotifScanPair | 0 | 0 | 0 | |
| RPeakAnno | 0.18 | 0.02 | 0.19 | |
| RPeakComp | 0.04 | 0.00 | 0.05 | |
| RSNPs | 0.10 | 0.03 | 0.14 | |
| RemoveAdapter | 0.15 | 0.09 | 0.48 | |
| Renamer | 0.43 | 0.11 | 18.53 | |
| Rsortbam | 0.04 | 0.00 | 0.08 | |
| SamToBam | 0.14 | 0.05 | 0.22 | |
| SamToBed | 0.15 | 0.05 | 0.22 | |
| TSSQC | 1.19 | 0.07 | 1.35 | |
| UnzipAndMerge | 0.05 | 0.00 | 0.04 | |
| atacPipe2 | 0 | 0 | 0 | |
| atacRepsPipe | 0 | 0 | 0 | |
| atacRepsPipe2 | 0 | 0 | 0 | |
| esATAC-package | 0 | 0 | 0 | |
| getMotifInfo | 0.01 | 0.00 | 0.02 | |