| Back to Mac ARM64 build report for BioC 3.17 |
|
This page was generated on 2023-10-20 09:38:09 -0400 (Fri, 20 Oct 2023).
| Hostname | OS | Arch (*) | R version | Installed pkgs |
|---|---|---|---|---|
| kjohnson2 | macOS 12.6.1 Monterey | arm64 | 4.3.1 (2023-06-16) -- "Beagle Scouts" | 4347 |
| Click on any hostname to see more info about the system (e.g. compilers) (*) as reported by 'uname -p', except on Windows and Mac OS X | ||||
| Package 1603/2230 | Hostname | OS / Arch | INSTALL | BUILD | CHECK | BUILD BIN | ||||||||
| qsmooth 1.16.0 (landing page) Stephanie C. Hicks
| kjohnson2 | macOS 12.6.1 Monterey / arm64 | OK | OK | WARNINGS | OK | ||||||||
|
To the developers/maintainers of the qsmooth package: - Use the following Renviron settings to reproduce errors and warnings. - If 'R CMD check' started to fail recently on the Linux builder(s) over a missing dependency, add the missing dependency to 'Suggests:' in your DESCRIPTION file. See Renviron.bioc for more information. |
| Package: qsmooth |
| Version: 1.16.0 |
| Command: /Library/Frameworks/R.framework/Resources/bin/R CMD check --install=check:qsmooth.install-out.txt --library=/Library/Frameworks/R.framework/Resources/library --no-vignettes --timings qsmooth_1.16.0.tar.gz |
| StartedAt: 2023-10-18 16:52:58 -0400 (Wed, 18 Oct 2023) |
| EndedAt: 2023-10-18 16:58:44 -0400 (Wed, 18 Oct 2023) |
| EllapsedTime: 346.6 seconds |
| RetCode: 0 |
| Status: WARNINGS |
| CheckDir: qsmooth.Rcheck |
| Warnings: 1 |
##############################################################################
##############################################################################
###
### Running command:
###
### /Library/Frameworks/R.framework/Resources/bin/R CMD check --install=check:qsmooth.install-out.txt --library=/Library/Frameworks/R.framework/Resources/library --no-vignettes --timings qsmooth_1.16.0.tar.gz
###
##############################################################################
##############################################################################
* using log directory ‘/Users/biocbuild/bbs-3.17-bioc-mac-arm64/meat/qsmooth.Rcheck’
* using R version 4.3.1 (2023-06-16)
* using platform: aarch64-apple-darwin20 (64-bit)
* R was compiled by
Apple clang version 14.0.0 (clang-1400.0.29.202)
GNU Fortran (GCC) 12.2.0
* running under: macOS Monterey 12.6.7
* using session charset: UTF-8
* using option ‘--no-vignettes’
* checking for file ‘qsmooth/DESCRIPTION’ ... OK
* this is package ‘qsmooth’ version ‘1.16.0’
* package encoding: UTF-8
* checking package namespace information ... OK
* checking package dependencies ... OK
* checking if this is a source package ... OK
* checking if there is a namespace ... OK
* checking for hidden files and directories ... OK
* checking for portable file names ... OK
* checking for sufficient/correct file permissions ... OK
* checking whether package ‘qsmooth’ can be installed ... OK
* checking installed package size ... OK
* checking package directory ... OK
* checking ‘build’ directory ... OK
* checking DESCRIPTION meta-information ... OK
* checking top-level files ... OK
* checking for left-over files ... OK
* checking index information ... OK
* checking package subdirectories ... OK
* checking R files for non-ASCII characters ... OK
* checking R files for syntax errors ... OK
* checking whether the package can be loaded ... OK
* checking whether the package can be loaded with stated dependencies ... OK
* checking whether the package can be unloaded cleanly ... OK
* checking whether the namespace can be loaded with stated dependencies ... OK
* checking whether the namespace can be unloaded cleanly ... OK
* checking dependencies in R code ... OK
* checking S3 generic/method consistency ... OK
* checking replacement functions ... OK
* checking foreign function calls ... OK
* checking R code for possible problems ... OK
* checking Rd files ... OK
* checking Rd metadata ... OK
* checking Rd cross-references ... OK
* checking for missing documentation entries ... WARNING
Undocumented data sets:
‘gc’
All user-level objects in a package should have documentation entries.
See chapter ‘Writing R documentation files’ in the ‘Writing R
Extensions’ manual.
* checking for code/documentation mismatches ... OK
* checking Rd \usage sections ... OK
* checking Rd contents ... OK
* checking for unstated dependencies in examples ... OK
* checking contents of ‘data’ directory ... OK
* checking data for non-ASCII characters ... OK
* checking data for ASCII and uncompressed saves ... OK
* checking files in ‘vignettes’ ... OK
* checking examples ... OK
* checking for unstated dependencies in ‘tests’ ... OK
* checking tests ...
Running ‘testthat.R’
OK
* checking for unstated dependencies in vignettes ... OK
* checking package vignettes in ‘inst/doc’ ... OK
* checking running R code from vignettes ... SKIPPED
* checking re-building of vignette outputs ... SKIPPED
* checking PDF version of manual ... OK
* DONE
Status: 1 WARNING
See
‘/Users/biocbuild/bbs-3.17-bioc-mac-arm64/meat/qsmooth.Rcheck/00check.log’
for details.
qsmooth.Rcheck/00install.out
############################################################################## ############################################################################## ### ### Running command: ### ### /Library/Frameworks/R.framework/Resources/bin/R CMD INSTALL qsmooth ### ############################################################################## ############################################################################## * installing to library ‘/Library/Frameworks/R.framework/Versions/4.3-arm64/Resources/library’ * installing *source* package ‘qsmooth’ ... ** using staged installation ** R ** data ** inst ** byte-compile and prepare package for lazy loading ** help *** installing help indices ** building package indices ** installing vignettes ** testing if installed package can be loaded from temporary location ** testing if installed package can be loaded from final location ** testing if installed package keeps a record of temporary installation path * DONE (qsmooth)
qsmooth.Rcheck/tests/testthat.Rout
R version 4.3.1 (2023-06-16) -- "Beagle Scouts"
Copyright (C) 2023 The R Foundation for Statistical Computing
Platform: aarch64-apple-darwin20 (64-bit)
R is free software and comes with ABSOLUTELY NO WARRANTY.
You are welcome to redistribute it under certain conditions.
Type 'license()' or 'licence()' for distribution details.
R is a collaborative project with many contributors.
Type 'contributors()' for more information and
'citation()' on how to cite R or R packages in publications.
Type 'demo()' for some demos, 'help()' for on-line help, or
'help.start()' for an HTML browser interface to help.
Type 'q()' to quit R.
> library(testthat)
> context("checking the qsmooth function")
>
> library(qsmooth)
>
> test_that("checking dimensions of qsmooth object", {
+ n_genes <- 1000
+ n_samples <- 10
+ set.seed(1234)
+ x <- matrix(rnorm(n_genes*n_samples), n_genes, n_samples)
+ group_factor <- rep(c(1,2),each=5)
+ qs_norm <- qsmooth(object = x,
+ group_factor = group_factor)
+
+ expect_equal(length(qsmoothWeights(qs_norm)), n_genes)
+ expect_equal(nrow(qsmoothData(qs_norm)), n_genes)
+ expect_equal(ncol(qsmoothData(qs_norm)), n_samples)
+ })
Test passed 🥇
>
> test_that("checking qsmooth normalized data", {
+ n_genes <- 1000
+ n_samples <- 10
+ set.seed(1234)
+ x <- matrix(rnorm(n_genes*n_samples), n_genes, n_samples)
+ group_factor <- rep(c(1,2),each=5)
+ qs_norm <- qsmooth(object = x, group_factor = group_factor)
+ expect_equal(qsmoothData(qs_norm)[1,1], -1.25856, tolerance = .0001)
+ expect_equal(qsmoothWeights(qs_norm)[1], 0.97495, tolerance = .0001)
+ })
Test passed 🥇
>
>
> test_that("checking qsmoothGC normalized data", {
+ n_genes <- 1000
+ n_samples <- 10
+ set.seed(1234)
+ x <- matrix(rpois(n_genes*n_samples, lambda=12), n_genes, n_samples)
+ group_factor <- rep(c(1,2),each=5)
+ gc <- runif(n=n_genes, min=0.2, max=0.9)
+ ## one group should be same as qsmooth
+ qs_norm <- qsmooth(object = x, group_factor = group_factor)
+ qs_normGC <- qsmoothGC(object = x,
+ gc = gc,
+ group_factor = group_factor,
+ nGroups = 1,
+ round = FALSE)
+ expect_equal(qsmoothData(qs_norm), qsmoothData(qs_normGC), tolerance = .001)
+ })
Test passed 🥇
>
> proc.time()
user system elapsed
11.405 0.531 17.408
qsmooth.Rcheck/qsmooth-Ex.timings
| name | user | system | elapsed | |
| qsmooth-class | 0.009 | 0.002 | 0.017 | |
| qsmooth | 0.005 | 0.000 | 0.006 | |
| qsmoothData | 0.007 | 0.011 | 0.020 | |
| qsmoothGC | 0.176 | 0.018 | 0.278 | |
| qsmoothPlotWeights | 0.007 | 0.001 | 0.014 | |
| qsmoothWeights | 0.005 | 0.001 | 0.010 | |
| qstats | 0.003 | 0.000 | 0.006 | |