| Back to Mac ARM64 build report for BioC 3.17 |
|
This page was generated on 2023-10-20 09:38:09 -0400 (Fri, 20 Oct 2023).
| Hostname | OS | Arch (*) | R version | Installed pkgs |
|---|---|---|---|---|
| kjohnson2 | macOS 12.6.1 Monterey | arm64 | 4.3.1 (2023-06-16) -- "Beagle Scouts" | 4347 |
| Click on any hostname to see more info about the system (e.g. compilers) (*) as reported by 'uname -p', except on Windows and Mac OS X | ||||
| Package 1592/2230 | Hostname | OS / Arch | INSTALL | BUILD | CHECK | BUILD BIN | ||||||||
| pwrEWAS 1.14.0 (landing page) Stefan Graw
| kjohnson2 | macOS 12.6.1 Monterey / arm64 | OK | ERROR | skipped | skipped | ||||||||
|
To the developers/maintainers of the pwrEWAS package: - Use the following Renviron settings to reproduce errors and warnings. - If 'R CMD check' started to fail recently on the Linux builder(s) over a missing dependency, add the missing dependency to 'Suggests:' in your DESCRIPTION file. See Renviron.bioc for more information. |
| Package: pwrEWAS |
| Version: 1.14.0 |
| Command: /Library/Frameworks/R.framework/Resources/bin/R CMD build --keep-empty-dirs --no-resave-data pwrEWAS |
| StartedAt: 2023-10-16 15:17:36 -0400 (Mon, 16 Oct 2023) |
| EndedAt: 2023-10-16 15:20:53 -0400 (Mon, 16 Oct 2023) |
| EllapsedTime: 197.3 seconds |
| RetCode: 1 |
| Status: ERROR |
| PackageFile: None |
| PackageFileSize: NA |
##############################################################################
##############################################################################
###
### Running command:
###
### /Library/Frameworks/R.framework/Resources/bin/R CMD build --keep-empty-dirs --no-resave-data pwrEWAS
###
##############################################################################
##############################################################################
* checking for file ‘pwrEWAS/DESCRIPTION’ ... OK
* preparing ‘pwrEWAS’:
* checking DESCRIPTION meta-information ... OK
* installing the package to build vignettes
* creating vignettes ... ERROR
--- re-building ‘pwrEWAS.Rmd’ using rmarkdown
! Undefined control sequence.
<argument> @{} >{\raggedright \arraybackslash
}p{(\columnwidth - 2\tabcolsep...
l.226 ...width - 2\tabcolsep) * \real{0.8182}}@{}}
Error: processing vignette 'pwrEWAS.Rmd' failed with diagnostics:
LaTeX failed to compile /private/tmp/RtmpcD9GKm/Rbuild1472313d7ca75/pwrEWAS/vignettes/pwrEWAS.tex. See https://yihui.org/tinytex/r/#debugging for debugging tips. See pwrEWAS.log for more info.
--- failed re-building ‘pwrEWAS.Rmd’
SUMMARY: processing the following file failed:
‘pwrEWAS.Rmd’
Error: Vignette re-building failed.
Execution halted