| Back to Mac ARM64 build report for BioC 3.17 |
|
This page was generated on 2023-10-20 09:38:06 -0400 (Fri, 20 Oct 2023).
| Hostname | OS | Arch (*) | R version | Installed pkgs |
|---|---|---|---|---|
| kjohnson2 | macOS 12.6.1 Monterey | arm64 | 4.3.1 (2023-06-16) -- "Beagle Scouts" | 4347 |
| Click on any hostname to see more info about the system (e.g. compilers) (*) as reported by 'uname -p', except on Windows and Mac OS X | ||||
| Package 1246/2230 | Hostname | OS / Arch | INSTALL | BUILD | CHECK | BUILD BIN | ||||||||
| miRNAmeConverter 1.28.0 (landing page) Stefan J. Haunsberger
| kjohnson2 | macOS 12.6.1 Monterey / arm64 | OK | OK | WARNINGS | OK | ||||||||
|
To the developers/maintainers of the miRNAmeConverter package: - Use the following Renviron settings to reproduce errors and warnings. - If 'R CMD check' started to fail recently on the Linux builder(s) over a missing dependency, add the missing dependency to 'Suggests:' in your DESCRIPTION file. See Renviron.bioc for more information. |
| Package: miRNAmeConverter |
| Version: 1.28.0 |
| Command: /Library/Frameworks/R.framework/Resources/bin/R CMD check --install=check:miRNAmeConverter.install-out.txt --library=/Library/Frameworks/R.framework/Resources/library --no-vignettes --timings miRNAmeConverter_1.28.0.tar.gz |
| StartedAt: 2023-10-18 08:01:20 -0400 (Wed, 18 Oct 2023) |
| EndedAt: 2023-10-18 08:04:25 -0400 (Wed, 18 Oct 2023) |
| EllapsedTime: 185.3 seconds |
| RetCode: 0 |
| Status: WARNINGS |
| CheckDir: miRNAmeConverter.Rcheck |
| Warnings: 1 |
##############################################################################
##############################################################################
###
### Running command:
###
### /Library/Frameworks/R.framework/Resources/bin/R CMD check --install=check:miRNAmeConverter.install-out.txt --library=/Library/Frameworks/R.framework/Resources/library --no-vignettes --timings miRNAmeConverter_1.28.0.tar.gz
###
##############################################################################
##############################################################################
* using log directory ‘/Users/biocbuild/bbs-3.17-bioc-mac-arm64/meat/miRNAmeConverter.Rcheck’
* using R version 4.3.1 (2023-06-16)
* using platform: aarch64-apple-darwin20 (64-bit)
* R was compiled by
Apple clang version 14.0.0 (clang-1400.0.29.202)
GNU Fortran (GCC) 12.2.0
* running under: macOS Monterey 12.6.7
* using session charset: UTF-8
* using option ‘--no-vignettes’
* checking for file ‘miRNAmeConverter/DESCRIPTION’ ... OK
* checking extension type ... Package
* this is package ‘miRNAmeConverter’ version ‘1.28.0’
* checking package namespace information ... OK
* checking package dependencies ... OK
* checking if this is a source package ... OK
* checking if there is a namespace ... OK
* checking for hidden files and directories ... OK
* checking for portable file names ... OK
* checking for sufficient/correct file permissions ... OK
* checking whether package ‘miRNAmeConverter’ can be installed ... OK
* checking installed package size ... OK
* checking package directory ... OK
* checking DESCRIPTION meta-information ...Warning in person1(given = given[[i]], family = family[[i]], middle = middle[[i]], :
It is recommended to use ‘given’ instead of ‘middle’.
OK
* checking top-level files ... OK
* checking for left-over files ... OK
* checking index information ... OK
* checking package subdirectories ... OK
* checking R files for non-ASCII characters ... OK
* checking R files for syntax errors ... OK
* checking whether the package can be loaded ... OK
* checking whether the package can be loaded with stated dependencies ... OK
* checking whether the package can be unloaded cleanly ... OK
* checking whether the namespace can be loaded with stated dependencies ... OK
* checking whether the namespace can be unloaded cleanly ... OK
* checking dependencies in R code ... OK
* checking S3 generic/method consistency ... OK
* checking replacement functions ... OK
* checking foreign function calls ... OK
* checking R code for possible problems ... NOTE
MiRNANameConverter,ANY: no visible global function definition for ‘new’
Undefined global functions or variables:
new
Consider adding
importFrom("methods", "new")
to your NAMESPACE file (and ensure that your DESCRIPTION Imports field
contains 'methods').
* checking Rd files ... OK
* checking Rd metadata ... OK
* checking Rd cross-references ... OK
* checking for missing documentation entries ... WARNING
Undocumented code objects:
‘getMirnasForMirbaseVersion’
Undocumented S4 methods:
generic 'getMirnasForMirbaseVersion' and siglist 'MiRNANameConverter'
All user-level objects in a package (including S4 classes and methods)
should have documentation entries.
See chapter ‘Writing R documentation files’ in the ‘Writing R
Extensions’ manual.
* checking for code/documentation mismatches ... OK
* checking Rd \usage sections ... OK
* checking Rd contents ... OK
* checking for unstated dependencies in examples ... OK
* checking contents of ‘data’ directory ... OK
* checking data for non-ASCII characters ... OK
* checking LazyData ... OK
* checking data for ASCII and uncompressed saves ... OK
* checking examples ... OK
* checking for unstated dependencies in ‘tests’ ... OK
* checking tests ...
Running ‘testthat.R’
OK
* checking PDF version of manual ... OK
* DONE
Status: 1 WARNING, 1 NOTE
See
‘/Users/biocbuild/bbs-3.17-bioc-mac-arm64/meat/miRNAmeConverter.Rcheck/00check.log’
for details.
miRNAmeConverter.Rcheck/00install.out
############################################################################## ############################################################################## ### ### Running command: ### ### /Library/Frameworks/R.framework/Resources/bin/R CMD INSTALL miRNAmeConverter ### ############################################################################## ############################################################################## * installing to library ‘/Library/Frameworks/R.framework/Versions/4.3-arm64/Resources/library’ * installing *source* package ‘miRNAmeConverter’ ... ** using staged installation Warning in person1(given = given[[i]], family = family[[i]], middle = middle[[i]], : It is recommended to use ‘given’ instead of ‘middle’. ** R ** data *** moving datasets to lazyload DB ** inst ** byte-compile and prepare package for lazy loading Creating a generic function from function ‘MiRNANameConverter’ in package ‘miRNAmeConverter’ ** help *** installing help indices ** building package indices ** testing if installed package can be loaded from temporary location ** testing if installed package can be loaded from final location ** testing if installed package keeps a record of temporary installation path * DONE (miRNAmeConverter)
miRNAmeConverter.Rcheck/tests/testthat.Rout
R version 4.3.1 (2023-06-16) -- "Beagle Scouts"
Copyright (C) 2023 The R Foundation for Statistical Computing
Platform: aarch64-apple-darwin20 (64-bit)
R is free software and comes with ABSOLUTELY NO WARRANTY.
You are welcome to redistribute it under certain conditions.
Type 'license()' or 'licence()' for distribution details.
R is a collaborative project with many contributors.
Type 'contributors()' for more information and
'citation()' on how to cite R or R packages in publications.
Type 'demo()' for some demos, 'help()' for on-line help, or
'help.start()' for an HTML browser interface to help.
Type 'q()' to quit R.
> library(testthat)
> library(miRNAmeConverter)
Loading required package: miRBaseVersions.db
>
> test_check("miRNAmeConverter")
miRNA 'hsa-let-7a-3p' is the same as 'hsa-let-7a*'.
->hsa-let-7a-3p is the most recent one and will be used. The other ones will be neglected.
[ FAIL 0 | WARN 0 | SKIP 0 | PASS 11 ]
>
> proc.time()
user system elapsed
9.247 0.367 14.035
miRNAmeConverter.Rcheck/miRNAmeConverter-Ex.timings
| name | user | system | elapsed | |
| MiRNANameConverter-ANY-method | 0.115 | 0.109 | 0.463 | |
| assessVersion | 0.399 | 0.004 | 0.619 | |
| checkMiRNAName | 0.190 | 0.002 | 0.294 | |
| currentVersion | 0.095 | 0.001 | 0.143 | |
| miRNAmeConverter | 0.733 | 0.011 | 1.151 | |
| nOrganisms | 0.094 | 0.001 | 0.142 | |
| nTotalEntries | 0.094 | 0.002 | 0.145 | |
| saveResults | 0.957 | 0.014 | 1.423 | |
| translateMiRNAName | 0.952 | 0.014 | 1.401 | |
| validOrganisms | 0.094 | 0.001 | 0.132 | |
| validVersions | 0.095 | 0.001 | 0.133 | |