| Back to Mac ARM64 build report for BioC 3.17 |
|
This page was generated on 2023-03-02 11:01:29 -0500 (Thu, 02 Mar 2023).
| Hostname | OS | Arch (*) | R version | Installed pkgs |
|---|---|---|---|---|
| kjohnson2 | macOS 12.6.1 Monterey | arm64 | R Under development (unstable) (2023-01-10 r83596) -- "Unsuffered Consequences" | 3763 |
| Click on any hostname to see more info about the system (e.g. compilers) (*) as reported by 'uname -p', except on Windows and Mac OS X | ||||
|
To the developers/maintainers of the fcoex package: Make sure to use the following settings in order to reproduce any error or warning you see on this page. |
| Package 659/2171 | Hostname | OS / Arch | INSTALL | BUILD | CHECK | BUILD BIN | ||||||||
| fcoex 1.13.0 (landing page) Tiago Lubiana
| kjohnson2 | macOS 12.6.1 Monterey / arm64 | OK | OK | WARNINGS | OK | ||||||||
| Package: fcoex |
| Version: 1.13.0 |
| Command: /Library/Frameworks/R.framework/Resources/bin/R CMD check --install=check:fcoex.install-out.txt --library=/Library/Frameworks/R.framework/Resources/library --no-vignettes --timings fcoex_1.13.0.tar.gz |
| StartedAt: 2023-02-28 14:41:54 -0500 (Tue, 28 Feb 2023) |
| EndedAt: 2023-02-28 14:47:26 -0500 (Tue, 28 Feb 2023) |
| EllapsedTime: 331.8 seconds |
| RetCode: 0 |
| Status: WARNINGS |
| CheckDir: fcoex.Rcheck |
| Warnings: 2 |
##############################################################################
##############################################################################
###
### Running command:
###
### /Library/Frameworks/R.framework/Resources/bin/R CMD check --install=check:fcoex.install-out.txt --library=/Library/Frameworks/R.framework/Resources/library --no-vignettes --timings fcoex_1.13.0.tar.gz
###
##############################################################################
##############################################################################
* using log directory ‘/Users/biocbuild/bbs-3.17-bioc-mac-arm64/meat/fcoex.Rcheck’
* using R Under development (unstable) (2023-01-10 r83596)
* using platform: aarch64-apple-darwin20 (64-bit)
* R was compiled by
Apple clang version 13.0.0 (clang-1300.0.29.3)
GNU Fortran (GCC) 12.0.1 20220312 (experimental)
* running under: macOS Monterey 12.6.1
* using session charset: UTF-8
* using option ‘--no-vignettes’
* checking for file ‘fcoex/DESCRIPTION’ ... OK
* this is package ‘fcoex’ version ‘1.13.0’
* package encoding: UTF-8
* checking package namespace information ... OK
* checking package dependencies ... OK
* checking if this is a source package ... OK
* checking if there is a namespace ... OK
* checking for hidden files and directories ... OK
* checking for portable file names ... OK
* checking for sufficient/correct file permissions ... OK
* checking whether package ‘fcoex’ can be installed ... WARNING
Found the following significant warnings:
Warning: replacing previous import ‘Matrix::head’ by ‘utils::head’ when loading ‘fcoex’
See ‘/Users/biocbuild/bbs-3.17-bioc-mac-arm64/meat/fcoex.Rcheck/00install.out’ for details.
* checking installed package size ... OK
* checking package directory ... OK
* checking ‘build’ directory ... OK
* checking DESCRIPTION meta-information ... OK
* checking top-level files ... OK
* checking for left-over files ... OK
* checking index information ... OK
* checking package subdirectories ... OK
* checking R files for non-ASCII characters ... OK
* checking R files for syntax errors ... OK
* checking whether the package can be loaded ... OK
* checking whether the package can be loaded with stated dependencies ... OK
* checking whether the package can be unloaded cleanly ... OK
* checking whether the namespace can be loaded with stated dependencies ... OK
* checking whether the namespace can be unloaded cleanly ... OK
* checking dependencies in R code ... OK
* checking S3 generic/method consistency ... OK
* checking replacement functions ... OK
* checking foreign function calls ... OK
* checking R code for possible problems ... NOTE
discretize,fcoex: no visible global function definition for ‘as’
initialize,fcoex: no visible global function definition for ‘as’
mod_ora,fcoex: no visible global function definition for ‘is’
Undefined global functions or variables:
as is
Consider adding
importFrom("methods", "as", "is")
to your NAMESPACE file (and ensure that your DESCRIPTION Imports field
contains 'methods').
* checking Rd files ... OK
* checking Rd metadata ... OK
* checking Rd cross-references ... OK
* checking for missing documentation entries ... OK
* checking for code/documentation mismatches ... OK
* checking Rd \usage sections ... WARNING
Documented arguments not in \usage in documentation object '.plot_one_interaction':
‘...’
Functions with \usage entries need to have the appropriate \alias
entries, and all their arguments documented.
The \usage entries must correspond to syntactically valid R code.
See chapter ‘Writing R documentation files’ in the ‘Writing R
Extensions’ manual.
* checking Rd contents ... OK
* checking for unstated dependencies in examples ... OK
* checking contents of ‘data’ directory ... OK
* checking data for non-ASCII characters ... OK
* checking LazyData ... OK
* checking data for ASCII and uncompressed saves ... OK
* checking files in ‘vignettes’ ... OK
* checking examples ... OK
Examples with CPU (user + system) or elapsed time > 5s
user system elapsed
find_cbf_modules 18.031 0.288 21.648
get_nets 17.909 0.272 22.163
* checking for unstated dependencies in ‘tests’ ... OK
* checking tests ...
Running ‘testthat.R’
OK
* checking for unstated dependencies in vignettes ... OK
* checking package vignettes in ‘inst/doc’ ... OK
* checking running R code from vignettes ... SKIPPED
* checking re-building of vignette outputs ... SKIPPED
* checking PDF version of manual ... OK
* DONE
Status: 2 WARNINGs, 1 NOTE
See
‘/Users/biocbuild/bbs-3.17-bioc-mac-arm64/meat/fcoex.Rcheck/00check.log’
for details.
fcoex.Rcheck/00install.out
############################################################################## ############################################################################## ### ### Running command: ### ### /Library/Frameworks/R.framework/Resources/bin/R CMD INSTALL fcoex ### ############################################################################## ############################################################################## * installing to library ‘/Library/Frameworks/R.framework/Versions/4.3-arm64/Resources/library’ * installing *source* package ‘fcoex’ ... ** using staged installation ** R ** data *** moving datasets to lazyload DB Warning: replacing previous import ‘Matrix::head’ by ‘utils::head’ when loading ‘fcoex’ in method for ‘mod_ora’ with signature ‘"fcoex"’: no definition for class “fcoex” ** byte-compile and prepare package for lazy loading Warning: replacing previous import ‘Matrix::head’ by ‘utils::head’ when loading ‘fcoex’ in method for ‘mod_ora’ with signature ‘"fcoex"’: no definition for class “fcoex” ** help *** installing help indices ** building package indices ** installing vignettes ** testing if installed package can be loaded from temporary location Warning: replacing previous import ‘Matrix::head’ by ‘utils::head’ when loading ‘fcoex’ ** testing if installed package can be loaded from final location Warning: replacing previous import ‘Matrix::head’ by ‘utils::head’ when loading ‘fcoex’ ** testing if installed package keeps a record of temporary installation path * DONE (fcoex)
fcoex.Rcheck/tests/testthat.Rout
R Under development (unstable) (2023-01-10 r83596) -- "Unsuffered Consequences"
Copyright (C) 2023 The R Foundation for Statistical Computing
Platform: aarch64-apple-darwin20 (64-bit)
R is free software and comes with ABSOLUTELY NO WARRANTY.
You are welcome to redistribute it under certain conditions.
Type 'license()' or 'licence()' for distribution details.
R is a collaborative project with many contributors.
Type 'contributors()' for more information and
'citation()' on how to cite R or R packages in publications.
Type 'demo()' for some demos, 'help()' for on-line help, or
'help.start()' for an HTML browser interface to help.
Type 'q()' to quit R.
> library(testthat)
> library(fcoex)
Warning message:
replacing previous import 'Matrix::head' by 'utils::head' when loading 'fcoex'
>
> test_check("fcoex")
[1] "Number of features features = 40"
[1] "Number of prospective features = 14"
[1] "Number of final features = 7"
[ FAIL 0 | WARN 14 | SKIP 0 | PASS 4 ]
[ FAIL 0 | WARN 14 | SKIP 0 | PASS 4 ]
>
> proc.time()
user system elapsed
12.105 0.689 14.877
fcoex.Rcheck/fcoex-Ex.timings
| name | user | system | elapsed | |
| discretize | 2.840 | 0.073 | 2.989 | |
| fc | 0.251 | 0.027 | 0.284 | |
| find_cbf_modules | 18.031 | 0.288 | 21.648 | |
| get_nets | 17.909 | 0.272 | 22.163 | |
| idents | 0.281 | 0.025 | 0.313 | |
| mini_pbmc3k | 0.366 | 0.009 | 0.378 | |
| mod_colors | 0.263 | 0.023 | 0.296 | |
| mod_gene_num | 0.265 | 0.026 | 0.298 | |
| mod_names | 0.297 | 0.022 | 0.327 | |
| mod_ora | 2.452 | 0.061 | 2.636 | |
| module_genes | 0.302 | 0.022 | 0.329 | |
| new_fcoex | 0.369 | 0.019 | 0.390 | |
| nmodules | 0.290 | 0.020 | 0.311 | |
| ora_data | 0.309 | 0.022 | 0.331 | |
| plot_ora | 3.065 | 0.073 | 3.152 | |
| recluster | 0.524 | 0.023 | 0.549 | |
| save_plots | 0 | 0 | 0 | |
| show-fcoex-method | 0.289 | 0.025 | 0.315 | |
| show_net | 0.000 | 0.001 | 0.000 | |
| show_ora | 0.293 | 0.020 | 0.314 | |