| Back to Mac ARM64 build report for BioC 3.17 |
|
This page was generated on 2023-04-28 11:00:13 -0400 (Fri, 28 Apr 2023).
| Hostname | OS | Arch (*) | R version | Installed pkgs |
|---|---|---|---|---|
| kjohnson2 | macOS 12.6.1 Monterey | arm64 | 4.3.0 RC (2023-04-13 r84266) -- "Already Tomorrow" | 4320 |
| Click on any hostname to see more info about the system (e.g. compilers) (*) as reported by 'uname -p', except on Windows and Mac OS X | ||||
|
To the developers/maintainers of the biobtreeR package: Use the following Renviron settings to reproduce errors and warnings. Note: If "R CMD check" recently failed on the Linux builder over a missing dependency, add the missing dependency to "Suggests" in your DESCRIPTION file. See the Renviron.bioc for details. |
| Package 169/2229 | Hostname | OS / Arch | INSTALL | BUILD | CHECK | BUILD BIN | ||||||||
| biobtreeR 1.11.0 (landing page) Tamer Gur
| kjohnson2 | macOS 12.6.1 Monterey / arm64 | OK | ERROR | skipped | skipped | ||||||||
| Package: biobtreeR |
| Version: 1.11.0 |
| Command: /Library/Frameworks/R.framework/Resources/bin/R CMD build --keep-empty-dirs --no-resave-data biobtreeR |
| StartedAt: 2023-04-24 21:31:37 -0400 (Mon, 24 Apr 2023) |
| EndedAt: 2023-04-24 21:31:45 -0400 (Mon, 24 Apr 2023) |
| EllapsedTime: 7.6 seconds |
| RetCode: 1 |
| Status: ERROR |
| PackageFile: None |
| PackageFileSize: NA |
############################################################################## ############################################################################## ### ### Running command: ### ### /Library/Frameworks/R.framework/Resources/bin/R CMD build --keep-empty-dirs --no-resave-data biobtreeR ### ############################################################################## ############################################################################## * checking for file ‘biobtreeR/DESCRIPTION’ ... OK * preparing ‘biobtreeR’: * checking DESCRIPTION meta-information ... OK * installing the package to build vignettes * creating vignettes ... ERROR --- re-building ‘biobtreeR.Rmd’ using rmarkdown trying URL 'https://github.com/tamerh/biobtree/releases/download/v1.8.0/biobtree_MacOS_64bit.tar.gz' Content type 'application/octet-stream' length 12061442 bytes (11.5 MB) ================================================== downloaded 11.5 MB x biobtree trying URL 'https://github.com/tamerh/biobtree/releases/download/v1.8.0/biobtree_MacOS_64bit.tar.gz' Content type 'application/octet-stream' length 12061442 bytes (11.5 MB) ================================================== downloaded 11.5 MB x biobtree sh: /tmp/Rtmp6f08vD/biobtree: Bad CPU type in executable Quitting from lines 67-68 (biobtreeR.Rmd) Error: processing vignette 'biobtreeR.Rmd' failed with diagnostics: Built data couldn't found. Make sure data built or directory set correctly --- failed re-building ‘biobtreeR.Rmd’ SUMMARY: processing the following file failed: ‘biobtreeR.Rmd’ Error: Vignette re-building failed. Execution halted