| Back to Mac ARM64 build report for BioC 3.17 |
|
This page was generated on 2023-10-20 09:38:01 -0400 (Fri, 20 Oct 2023).
| Hostname | OS | Arch (*) | R version | Installed pkgs |
|---|---|---|---|---|
| kjohnson2 | macOS 12.6.1 Monterey | arm64 | 4.3.1 (2023-06-16) -- "Beagle Scouts" | 4347 |
| Click on any hostname to see more info about the system (e.g. compilers) (*) as reported by 'uname -p', except on Windows and Mac OS X | ||||
| Package 556/2230 | Hostname | OS / Arch | INSTALL | BUILD | CHECK | BUILD BIN | ||||||||
| DiffLogo 2.24.0 (landing page) Hendrik Treutler
| kjohnson2 | macOS 12.6.1 Monterey / arm64 | OK | OK | WARNINGS | OK | ||||||||
|
To the developers/maintainers of the DiffLogo package: - Use the following Renviron settings to reproduce errors and warnings. - If 'R CMD check' started to fail recently on the Linux builder(s) over a missing dependency, add the missing dependency to 'Suggests:' in your DESCRIPTION file. See Renviron.bioc for more information. |
| Package: DiffLogo |
| Version: 2.24.0 |
| Command: /Library/Frameworks/R.framework/Resources/bin/R CMD check --install=check:DiffLogo.install-out.txt --library=/Library/Frameworks/R.framework/Resources/library --no-vignettes --timings DiffLogo_2.24.0.tar.gz |
| StartedAt: 2023-10-17 15:51:15 -0400 (Tue, 17 Oct 2023) |
| EndedAt: 2023-10-17 15:52:33 -0400 (Tue, 17 Oct 2023) |
| EllapsedTime: 77.8 seconds |
| RetCode: 0 |
| Status: WARNINGS |
| CheckDir: DiffLogo.Rcheck |
| Warnings: 1 |
##############################################################################
##############################################################################
###
### Running command:
###
### /Library/Frameworks/R.framework/Resources/bin/R CMD check --install=check:DiffLogo.install-out.txt --library=/Library/Frameworks/R.framework/Resources/library --no-vignettes --timings DiffLogo_2.24.0.tar.gz
###
##############################################################################
##############################################################################
* using log directory ‘/Users/biocbuild/bbs-3.17-bioc-mac-arm64/meat/DiffLogo.Rcheck’
* using R version 4.3.1 (2023-06-16)
* using platform: aarch64-apple-darwin20 (64-bit)
* R was compiled by
Apple clang version 14.0.0 (clang-1400.0.29.202)
GNU Fortran (GCC) 12.2.0
* running under: macOS Monterey 12.6.7
* using session charset: UTF-8
* using option ‘--no-vignettes’
* checking for file ‘DiffLogo/DESCRIPTION’ ... OK
* checking extension type ... Package
* this is package ‘DiffLogo’ version ‘2.24.0’
* checking package namespace information ... OK
* checking package dependencies ... OK
* checking if this is a source package ... OK
* checking if there is a namespace ... OK
* checking for hidden files and directories ... OK
* checking for portable file names ... OK
* checking for sufficient/correct file permissions ... OK
* checking whether package ‘DiffLogo’ can be installed ... OK
* checking installed package size ... OK
* checking package directory ... OK
* checking ‘build’ directory ... OK
* checking DESCRIPTION meta-information ... OK
* checking top-level files ... OK
* checking for left-over files ... OK
* checking index information ... OK
* checking package subdirectories ... OK
* checking R files for non-ASCII characters ... OK
* checking R files for syntax errors ... OK
* checking whether the package can be loaded ... OK
* checking whether the package can be loaded with stated dependencies ... OK
* checking whether the package can be unloaded cleanly ... OK
* checking whether the namespace can be loaded with stated dependencies ... WARNING
Warning: S4 exports specified in 'NAMESPACE' but not defined in package ‘DiffLogo’
* checking whether the namespace can be unloaded cleanly ... OK
* checking dependencies in R code ... OK
* checking S3 generic/method consistency ... OK
* checking replacement functions ... OK
* checking foreign function calls ... OK
* checking R code for possible problems ... NOTE
diffLogo: no visible global function definition for ‘is’
preconditionTransformPWM: no visible global function definition for
‘is’
Undefined global functions or variables:
is
Consider adding
importFrom("methods", "is")
to your NAMESPACE file (and ensure that your DESCRIPTION Imports field
contains 'methods').
* checking Rd files ... OK
* checking Rd metadata ... OK
* checking Rd cross-references ... OK
* checking for missing documentation entries ... OK
* checking for code/documentation mismatches ... OK
* checking Rd \usage sections ... OK
* checking Rd contents ... OK
* checking for unstated dependencies in examples ... OK
* checking sizes of PDF files under ‘inst/doc’ ... OK
* checking files in ‘vignettes’ ... OK
* checking examples ... OK
Examples with CPU (user + system) or elapsed time > 5s
user system elapsed
enrichDiffLogoTableWithPvalues 3.522 0.056 6.317
* checking for unstated dependencies in ‘tests’ ... OK
* checking tests ...
Running ‘testthat.R’
OK
* checking for unstated dependencies in vignettes ... OK
* checking package vignettes in ‘inst/doc’ ... OK
* checking running R code from vignettes ... SKIPPED
* checking re-building of vignette outputs ... SKIPPED
* checking PDF version of manual ... OK
* DONE
Status: 1 WARNING, 1 NOTE
See
‘/Users/biocbuild/bbs-3.17-bioc-mac-arm64/meat/DiffLogo.Rcheck/00check.log’
for details.
DiffLogo.Rcheck/00install.out
############################################################################## ############################################################################## ### ### Running command: ### ### /Library/Frameworks/R.framework/Resources/bin/R CMD INSTALL DiffLogo ### ############################################################################## ############################################################################## * installing to library ‘/Library/Frameworks/R.framework/Versions/4.3-arm64/Resources/library’ * installing *source* package ‘DiffLogo’ ... ** using staged installation ** R ** inst ** byte-compile and prepare package for lazy loading ** help *** installing help indices ** building package indices ** installing vignettes ** testing if installed package can be loaded from temporary location ** testing if installed package can be loaded from final location ** testing if installed package keeps a record of temporary installation path * DONE (DiffLogo)
DiffLogo.Rcheck/tests/testthat.Rout
R version 4.3.1 (2023-06-16) -- "Beagle Scouts" Copyright (C) 2023 The R Foundation for Statistical Computing Platform: aarch64-apple-darwin20 (64-bit) R is free software and comes with ABSOLUTELY NO WARRANTY. You are welcome to redistribute it under certain conditions. Type 'license()' or 'licence()' for distribution details. R is a collaborative project with many contributors. Type 'contributors()' for more information and 'citation()' on how to cite R or R packages in publications. Type 'demo()' for some demos, 'help()' for on-line help, or 'help.start()' for an HTML browser interface to help. Type 'q()' to quit R. > > proc.time() user system elapsed 0.204 0.062 0.502
DiffLogo.Rcheck/DiffLogo-Ex.timings
| name | user | system | elapsed | |
| ASN | 0.000 | 0.001 | 0.003 | |
| Alphabet | 0 | 0 | 0 | |
| DNA | 0.000 | 0.000 | 0.001 | |
| FULL_ALPHABET | 0.001 | 0.000 | 0.001 | |
| RNA | 0 | 0 | 0 | |
| calculatePvalue | 0.031 | 0.003 | 0.063 | |
| createDiffLogoObject | 0.062 | 0.009 | 0.113 | |
| diffLogo | 0.066 | 0.007 | 0.127 | |
| diffLogoFromPwm | 0.059 | 0.007 | 0.118 | |
| diffLogoTable | 1.166 | 0.064 | 2.159 | |
| diffLogoTableConfiguration | 0.001 | 0.001 | 0.002 | |
| differenceOfICs | 0.404 | 0.013 | 0.727 | |
| drawDiffLogoTable | 1.143 | 0.056 | 2.113 | |
| enrichDiffLogoObjectWithPvalues | 0.212 | 0.009 | 0.381 | |
| enrichDiffLogoTableWithPvalues | 3.522 | 0.056 | 6.317 | |
| extendPwmsFromAlignmentVector | 0.050 | 0.005 | 0.092 | |
| getAlphabetFromCharacters | 0.001 | 0.000 | 0.000 | |
| getAlphabetFromSequences | 0.001 | 0.000 | 0.001 | |
| getPwmFromAlignment | 0.483 | 0.023 | 0.892 | |
| getPwmFromAlignmentFile | 0.005 | 0.000 | 0.006 | |
| getPwmFromFastaFile | 0.013 | 0.001 | 0.022 | |
| getPwmFromFile | 0.003 | 0.001 | 0.007 | |
| getPwmFromHomerFile | 0.002 | 0.001 | 0.008 | |
| getPwmFromPfmOrJasparFile | 0.003 | 0.001 | 0.004 | |
| getPwmFromPwmFile | 0.003 | 0.001 | 0.003 | |
| getSequencesFromAlignmentFile | 0.001 | 0.001 | 0.002 | |
| getSequencesFromFastaFile | 0.002 | 0.001 | 0.005 | |
| informationContent | 0.088 | 0.005 | 0.172 | |
| lossOfAbsICDifferences | 0.067 | 0.007 | 0.127 | |
| multipleLocalPwmsAlignment | 0.035 | 0.002 | 0.065 | |
| normalizePWM | 0 | 0 | 0 | |
| normalizedDifferenceOfProbabilities | 0.062 | 0.007 | 0.115 | |
| prepareDiffLogoTable | 0.854 | 0.024 | 1.530 | |
| probabilities | 0.047 | 0.004 | 0.080 | |
| seqLogo | 0.045 | 0.004 | 0.084 | |
| shannonDivergence | 0.059 | 0.006 | 0.118 | |
| sumOfAbsICDifferences | 0.060 | 0.005 | 0.116 | |
| sumOfAbsProbabilityDifferences | 0.067 | 0.008 | 0.127 | |
| sumProbabilities | 0.047 | 0.004 | 0.093 | |