| Back to Mac ARM64 build report for BioC 3.17 |
|
This page was generated on 2023-10-20 09:37:58 -0400 (Fri, 20 Oct 2023).
| Hostname | OS | Arch (*) | R version | Installed pkgs |
|---|---|---|---|---|
| kjohnson2 | macOS 12.6.1 Monterey | arm64 | 4.3.1 (2023-06-16) -- "Beagle Scouts" | 4347 |
| Click on any hostname to see more info about the system (e.g. compilers) (*) as reported by 'uname -p', except on Windows and Mac OS X | ||||
| Package 173/2230 | Hostname | OS / Arch | INSTALL | BUILD | CHECK | BUILD BIN | ||||||||
Bioconductor Package Maintainer
| kjohnson2 | macOS 12.6.1 Monterey / arm64 | OK | OK | ERROR | OK | ||||||||
|
To the developers/maintainers of the BiocDockerManager package: - Use the following Renviron settings to reproduce errors and warnings. - If 'R CMD check' started to fail recently on the Linux builder(s) over a missing dependency, add the missing dependency to 'Suggests:' in your DESCRIPTION file. See Renviron.bioc for more information. |
| Package: BiocDockerManager |
| Version: 1.12.0 |
| Command: /Library/Frameworks/R.framework/Resources/bin/R CMD check --install=check:BiocDockerManager.install-out.txt --library=/Library/Frameworks/R.framework/Resources/library --no-vignettes --timings BiocDockerManager_1.12.0.tar.gz |
| StartedAt: 2023-10-17 05:21:10 -0400 (Tue, 17 Oct 2023) |
| EndedAt: 2023-10-17 05:22:21 -0400 (Tue, 17 Oct 2023) |
| EllapsedTime: 70.7 seconds |
| RetCode: 1 |
| Status: ERROR |
| CheckDir: BiocDockerManager.Rcheck |
| Warnings: NA |
##############################################################################
##############################################################################
###
### Running command:
###
### /Library/Frameworks/R.framework/Resources/bin/R CMD check --install=check:BiocDockerManager.install-out.txt --library=/Library/Frameworks/R.framework/Resources/library --no-vignettes --timings BiocDockerManager_1.12.0.tar.gz
###
##############################################################################
##############################################################################
* using log directory ‘/Users/biocbuild/bbs-3.17-bioc-mac-arm64/meat/BiocDockerManager.Rcheck’
* using R version 4.3.1 (2023-06-16)
* using platform: aarch64-apple-darwin20 (64-bit)
* R was compiled by
Apple clang version 14.0.0 (clang-1400.0.29.202)
GNU Fortran (GCC) 12.2.0
* running under: macOS Monterey 12.6.7
* using session charset: UTF-8
* using option ‘--no-vignettes’
* checking for file ‘BiocDockerManager/DESCRIPTION’ ... OK
* checking extension type ... Package
* this is package ‘BiocDockerManager’ version ‘1.12.0’
* package encoding: UTF-8
* checking package namespace information ... OK
* checking package dependencies ... OK
* checking if this is a source package ... OK
* checking if there is a namespace ... OK
* checking for hidden files and directories ... OK
* checking for portable file names ... OK
* checking for sufficient/correct file permissions ... OK
* checking whether package ‘BiocDockerManager’ can be installed ... WARNING
Found the following significant warnings:
Warning: Package 'BiocDockerManager' is deprecated and will be removed from
See ‘/Users/biocbuild/bbs-3.17-bioc-mac-arm64/meat/BiocDockerManager.Rcheck/00install.out’ for details.
* checking installed package size ... OK
* checking package directory ... OK
* checking ‘build’ directory ... OK
* checking DESCRIPTION meta-information ... OK
* checking top-level files ... OK
* checking for left-over files ... OK
* checking index information ... OK
* checking package subdirectories ... OK
* checking R files for non-ASCII characters ... OK
* checking R files for syntax errors ... OK
* checking whether the package can be loaded ... OK
* checking whether the package can be loaded with stated dependencies ... OK
* checking whether the package can be unloaded cleanly ... OK
* checking whether the namespace can be loaded with stated dependencies ... OK
* checking whether the namespace can be unloaded cleanly ... OK
* checking startup messages can be suppressed ... OK
* checking dependencies in R code ... OK
* checking S3 generic/method consistency ... OK
* checking replacement functions ... OK
* checking foreign function calls ... OK
* checking R code for possible problems ... OK
* checking Rd files ... OK
* checking Rd metadata ... OK
* checking Rd cross-references ... OK
* checking for missing documentation entries ... OK
* checking for code/documentation mismatches ... OK
* checking Rd \usage sections ... OK
* checking Rd contents ... OK
* checking for unstated dependencies in examples ... OK
* checking files in ‘vignettes’ ... OK
* checking examples ... OK
Examples with CPU (user + system) or elapsed time > 5s
user system elapsed
available 0.458 0.046 9.306
* checking for unstated dependencies in ‘tests’ ... OK
* checking tests ...
Running ‘testthat.R’
ERROR
Running the tests in ‘tests/testthat.R’ failed.
Last 13 lines of output:
Error in `vapply(tags, `[[`, list(1), "images")`: values must be length 1,
but FUN(X[[2]]) result is length 2
Backtrace:
▆
1. └─BiocDockerManager:::.docker_image_digests("bioconductor/bioconductor_docker") at test-dockerhub_api.R:34:4
2. └─base::vapply(tags, `[[`, list(1), "images")
── Failure ('test-manager.R:24:5'): 'available()' works as expected ────────────
grepl(...) is not TRUE
`actual`: FALSE
`expected`: TRUE
[ FAIL 3 | WARN 0 | SKIP 9 | PASS 17 ]
Error: Test failures
Execution halted
* checking for unstated dependencies in vignettes ... OK
* checking package vignettes in ‘inst/doc’ ... OK
* checking running R code from vignettes ... SKIPPED
* checking re-building of vignette outputs ... SKIPPED
* checking PDF version of manual ... OK
* DONE
Status: 1 ERROR, 1 WARNING
See
‘/Users/biocbuild/bbs-3.17-bioc-mac-arm64/meat/BiocDockerManager.Rcheck/00check.log’
for details.
BiocDockerManager.Rcheck/00install.out
############################################################################## ############################################################################## ### ### Running command: ### ### /Library/Frameworks/R.framework/Resources/bin/R CMD INSTALL BiocDockerManager ### ############################################################################## ############################################################################## * installing to library ‘/Library/Frameworks/R.framework/Versions/4.3-arm64/Resources/library’ * installing *source* package ‘BiocDockerManager’ ... ** using staged installation ** R ** inst ** byte-compile and prepare package for lazy loading ** help *** installing help indices ** building package indices ** installing vignettes ** testing if installed package can be loaded from temporary location Warning: Package 'BiocDockerManager' is deprecated and will be removed from Bioconductor version 3.18 ** testing if installed package can be loaded from final location Warning: Package 'BiocDockerManager' is deprecated and will be removed from Bioconductor version 3.18 ** testing if installed package keeps a record of temporary installation path * DONE (BiocDockerManager)
BiocDockerManager.Rcheck/tests/testthat.Rout.fail
R version 4.3.1 (2023-06-16) -- "Beagle Scouts"
Copyright (C) 2023 The R Foundation for Statistical Computing
Platform: aarch64-apple-darwin20 (64-bit)
R is free software and comes with ABSOLUTELY NO WARRANTY.
You are welcome to redistribute it under certain conditions.
Type 'license()' or 'licence()' for distribution details.
R is a collaborative project with many contributors.
Type 'contributors()' for more information and
'citation()' on how to cite R or R packages in publications.
Type 'demo()' for some demos, 'help()' for on-line help, or
'help.start()' for an HTML browser interface to help.
Type 'q()' to quit R.
> library(testthat)
> library(BiocDockerManager)
Attaching package: 'BiocDockerManager'
The following objects are masked from 'package:utils':
help, maintainer
Warning message:
Package 'BiocDockerManager' is deprecated and will be removed from
Bioconductor version 3.18
>
> test_check("BiocDockerManager")
[ FAIL 3 | WARN 0 | SKIP 9 | PASS 17 ]
══ Skipped tests (9) ═══════════════════════════════════════════════════════════
• 'docker' engine not installed on machine. (9): 'test-docker_api.R:12:5',
'test-docker_api.R:30:5', 'test-docker_api.R:47:5', 'test-docker_api.R:93:5',
'test-manager.R:47:5', 'test-manager.R:61:5', 'test-manager.R:73:5',
'test-manager.R:87:5', 'test-manager.R:95:5'
══ Failed tests ════════════════════════════════════════════════════════════════
── Failure ('test-dockerhub_api.R:28:5'): .docker_image_tags_list is as expected ──
"RELEASE_3_10" %in% res is not TRUE
`actual`: FALSE
`expected`: TRUE
── Error ('test-dockerhub_api.R:34:5'): .docker_image_digests is as expected ───
Error in `vapply(tags, `[[`, list(1), "images")`: values must be length 1,
but FUN(X[[2]]) result is length 2
Backtrace:
▆
1. └─BiocDockerManager:::.docker_image_digests("bioconductor/bioconductor_docker") at test-dockerhub_api.R:34:4
2. └─base::vapply(tags, `[[`, list(1), "images")
── Failure ('test-manager.R:24:5'): 'available()' works as expected ────────────
grepl(...) is not TRUE
`actual`: FALSE
`expected`: TRUE
[ FAIL 3 | WARN 0 | SKIP 9 | PASS 17 ]
Error: Test failures
Execution halted
BiocDockerManager.Rcheck/BiocDockerManager-Ex.timings
| name | user | system | elapsed | |
| available | 0.458 | 0.046 | 9.306 | |
| help | 0.003 | 0.009 | 0.045 | |
| install | 0.003 | 0.006 | 0.035 | |
| installed | 0.002 | 0.006 | 0.029 | |
| maintainer | 0.002 | 0.005 | 0.025 | |
| use_dockerfile | 0.015 | 0.004 | 0.029 | |
| valid | 0.003 | 0.006 | 0.028 | |
| version | 0.003 | 0.005 | 0.026 | |