| Back to Multiple platform build/check report for BioC 3.17: simplified long |
|
This page was generated on 2023-10-16 11:36:20 -0400 (Mon, 16 Oct 2023).
| Hostname | OS | Arch (*) | R version | Installed pkgs |
|---|---|---|---|---|
| nebbiolo1 | Linux (Ubuntu 22.04.2 LTS) | x86_64 | 4.3.1 (2023-06-16) -- "Beagle Scouts" | 4626 |
| palomino3 | Windows Server 2022 Datacenter | x64 | 4.3.1 (2023-06-16 ucrt) -- "Beagle Scouts" | 4379 |
| merida1 | macOS 12.6.4 Monterey | x86_64 | 4.3.1 (2023-06-16) -- "Beagle Scouts" | 4395 |
| Click on any hostname to see more info about the system (e.g. compilers) (*) as reported by 'uname -p', except on Windows and Mac OS X | ||||
| Package 1232/2230 | Hostname | OS / Arch | INSTALL | BUILD | CHECK | BUILD BIN | ||||||||
| mina 1.8.0 (landing page) Rui Guan
| nebbiolo1 | Linux (Ubuntu 22.04.2 LTS) / x86_64 | OK | OK | WARNINGS | |||||||||
| palomino3 | Windows Server 2022 Datacenter / x64 | OK | OK | WARNINGS | OK | |||||||||
| merida1 | macOS 12.6.4 Monterey / x86_64 | OK | OK | WARNINGS | OK | |||||||||
| kjohnson2 | macOS 12.6.1 Monterey / arm64 | see weekly results here | ||||||||||||
|
To the developers/maintainers of the mina package: - Allow up to 24 hours (and sometimes 48 hours) for your latest push to git@git.bioconductor.org:packages/mina.git to reflect on this report. See Troubleshooting Build Report for more information. - Use the following Renviron settings to reproduce errors and warnings. - If 'R CMD check' started to fail recently on the Linux builder(s) over a missing dependency, add the missing dependency to 'Suggests:' in your DESCRIPTION file. See Renviron.bioc for more information. |
| Package: mina |
| Version: 1.8.0 |
| Command: F:\biocbuild\bbs-3.17-bioc\R\bin\R.exe CMD check --no-multiarch --install=check:mina.install-out.txt --library=F:\biocbuild\bbs-3.17-bioc\R\library --no-vignettes --timings mina_1.8.0.tar.gz |
| StartedAt: 2023-10-16 04:07:27 -0400 (Mon, 16 Oct 2023) |
| EndedAt: 2023-10-16 04:11:19 -0400 (Mon, 16 Oct 2023) |
| EllapsedTime: 231.4 seconds |
| RetCode: 0 |
| Status: WARNINGS |
| CheckDir: mina.Rcheck |
| Warnings: 1 |
##############################################################################
##############################################################################
###
### Running command:
###
### F:\biocbuild\bbs-3.17-bioc\R\bin\R.exe CMD check --no-multiarch --install=check:mina.install-out.txt --library=F:\biocbuild\bbs-3.17-bioc\R\library --no-vignettes --timings mina_1.8.0.tar.gz
###
##############################################################################
##############################################################################
* using log directory 'F:/biocbuild/bbs-3.17-bioc/meat/mina.Rcheck'
* using R version 4.3.1 (2023-06-16 ucrt)
* using platform: x86_64-w64-mingw32 (64-bit)
* R was compiled by
gcc.exe (GCC) 12.2.0
GNU Fortran (GCC) 12.2.0
* running under: Windows Server 2022 x64 (build 20348)
* using session charset: UTF-8
* using option '--no-vignettes'
* checking for file 'mina/DESCRIPTION' ... OK
* this is package 'mina' version '1.8.0'
* package encoding: UTF-8
* checking package namespace information ... OK
* checking package dependencies ... NOTE
Package which this enhances but not available for checking: 'doMC'
* checking if this is a source package ... OK
* checking if there is a namespace ... OK
* checking for hidden files and directories ... OK
* checking for portable file names ... OK
* checking whether package 'mina' can be installed ... OK
* used C++ compiler: 'G__~1.EXE (GCC) 12.2.0'
* checking installed package size ... NOTE
installed size is 8.9Mb
sub-directories of 1Mb or more:
data 7.4Mb
libs 1.0Mb
* checking package directory ... OK
* checking 'build' directory ... OK
* checking DESCRIPTION meta-information ... OK
* checking top-level files ... OK
* checking for left-over files ... OK
* checking index information ... OK
* checking package subdirectories ... OK
* checking R files for non-ASCII characters ... OK
* checking R files for syntax errors ... OK
* checking whether the package can be loaded ... OK
* checking whether the package can be loaded with stated dependencies ... OK
* checking whether the package can be unloaded cleanly ... OK
* checking whether the namespace can be loaded with stated dependencies ... OK
* checking whether the namespace can be unloaded cleanly ... OK
* checking dependencies in R code ... OK
* checking S3 generic/method consistency ... OK
* checking replacement functions ... OK
* checking foreign function calls ... OK
* checking R code for possible problems ... NOTE
sparcc: no visible binding for global variable 'i'
net_dis_pcoa,character: no visible binding for global variable 'y'
net_dis_pcoa,character: no visible binding for global variable 'Group'
net_dis_plot,mina: no visible binding for global variable 'Group1'
net_dis_plot,mina: no visible binding for global variable 'Group2'
net_dis_plot,mina: no visible binding for global variable 'Distance'
net_dis_plot,mina: no visible binding for global variable 'Sig'
Undefined global functions or variables:
Distance Group Group1 Group2 Sig i y
* checking Rd files ... OK
* checking Rd metadata ... OK
* checking Rd cross-references ... OK
* checking for missing documentation entries ... OK
* checking for code/documentation mismatches ... OK
* checking Rd \usage sections ... OK
* checking Rd contents ... OK
* checking for unstated dependencies in examples ... OK
* checking contents of 'data' directory ... OK
* checking data for non-ASCII characters ... OK
* checking LazyData ... WARNING
LazyData DB of 7.4 MB without LazyDataCompression set
See ยง1.1.6 of 'Writing R Extensions'
* checking data for ASCII and uncompressed saves ... OK
* checking line endings in C/C++/Fortran sources/headers ... OK
* checking compiled code ... NOTE
Note: information on .o files for x64 is not available
File 'F:/biocbuild/bbs-3.17-bioc/R/library/mina/libs/x64/mina.dll':
Found 'abort', possibly from 'abort' (C), 'runtime' (Fortran)
Found 'exit', possibly from 'exit' (C), 'stop' (Fortran)
Compiled code should not call entry points which might terminate R nor
write to stdout/stderr instead of to the console, nor use Fortran I/O
nor system RNGs nor [v]sprintf. The detected symbols are linked into
the code but might come from libraries and not actually be called.
See 'Writing portable packages' in the 'Writing R Extensions' manual.
* checking files in 'vignettes' ... OK
* checking examples ... OK
Examples with CPU (user + system) or elapsed time > 5s
user system elapsed
net_dis_plot 31.01 6.17 33.86
com_plot-mina 23.66 4.51 4.50
net_dis-mina 15.48 2.84 16.18
dis_stat_accessor 12.00 2.00 12.59
net_cls-mina 9.74 0.33 9.86
bs_pm-mina 8.01 0.76 7.10
net_cls 5.75 0.20 5.65
net_cls-matrix 5.83 0.08 5.71
* checking for unstated dependencies in vignettes ... OK
* checking package vignettes in 'inst/doc' ... OK
* checking running R code from vignettes ... SKIPPED
* checking re-building of vignette outputs ... SKIPPED
* checking PDF version of manual ... OK
* DONE
Status: 1 WARNING, 4 NOTEs
See
'F:/biocbuild/bbs-3.17-bioc/meat/mina.Rcheck/00check.log'
for details.
mina.Rcheck/00install.out
############################################################################## ############################################################################## ### ### Running command: ### ### F:\biocbuild\bbs-3.17-bioc\R\bin\R.exe CMD INSTALL mina ### ############################################################################## ############################################################################## * installing to library 'F:/biocbuild/bbs-3.17-bioc/R/library' * installing *source* package 'mina' ... ** using staged installation ** libs using C++ compiler: 'G__~1.EXE (GCC) 12.2.0' g++ -std=gnu++17 -I"F:/biocbuild/bbs-3.17-bioc/R/include" -DNDEBUG -I'F:/biocbuild/bbs-3.17-bioc/R/library/Rcpp/include' -I'F:/biocbuild/bbs-3.17-bioc/R/library/RcppParallel/include' -I'F:/biocbuild/bbs-3.17-bioc/R/library/RcppArmadillo/include' -I"C:/rtools43/x86_64-w64-mingw32.static.posix/include" -O2 -Wall -mfpmath=sse -msse2 -mstackrealign -c RcppExports.cpp -o RcppExports.o g++ -std=gnu++17 -I"F:/biocbuild/bbs-3.17-bioc/R/include" -DNDEBUG -I'F:/biocbuild/bbs-3.17-bioc/R/library/Rcpp/include' -I'F:/biocbuild/bbs-3.17-bioc/R/library/RcppParallel/include' -I'F:/biocbuild/bbs-3.17-bioc/R/library/RcppArmadillo/include' -I"C:/rtools43/x86_64-w64-mingw32.static.posix/include" -O2 -Wall -mfpmath=sse -msse2 -mstackrealign -c cp_cor.cpp -o cp_cor.o g++ -std=gnu++17 -shared -s -static-libgcc -o mina.dll tmp.def RcppExports.o cp_cor.o -LC:/rtools43/x86_64-w64-mingw32.static.posix/lib/x64 -LC:/rtools43/x86_64-w64-mingw32.static.posix/lib -LF:/biocbuild/bbs-3.17-bioc/R/bin/x64 -lR installing to F:/biocbuild/bbs-3.17-bioc/R/library/00LOCK-mina/00new/mina/libs/x64 ** R ** data *** moving datasets to lazyload DB ** byte-compile and prepare package for lazy loading Creating a new generic function for 'norm' in package 'mina' ** help *** installing help indices ** building package indices ** installing vignettes ** testing if installed package can be loaded from temporary location ** testing if installed package can be loaded from final location ** testing if installed package keeps a record of temporary installation path * DONE (mina)
mina.Rcheck/mina-Ex.timings
| name | user | system | elapsed | |
| adj-matrix | 0.56 | 0.07 | 0.39 | |
| adj-mina | 0.75 | 0.01 | 0.45 | |
| adj | 1.16 | 0.05 | 0.86 | |
| adj_method_list | 0.08 | 0.05 | 0.67 | |
| bs_pm-mina | 8.01 | 0.76 | 7.10 | |
| bs_pm | 2.61 | 0.58 | 2.80 | |
| check_mina | 0.08 | 0.00 | 0.07 | |
| check_mina_de | 0.05 | 0.02 | 0.07 | |
| check_mina_qu | 0.05 | 0.02 | 0.06 | |
| cls_tab | 0.04 | 0.01 | 0.07 | |
| com_dis-matrix | 0.36 | 0.03 | 0.31 | |
| com_dis-mina | 0.44 | 0.01 | 0.08 | |
| com_dis | 0.40 | 0.04 | 0.44 | |
| com_dis_list | 0.14 | 0.06 | 0.21 | |
| com_plot-mina | 23.66 | 4.51 | 4.50 | |
| com_plot | 0.17 | 0.04 | 0.21 | |
| com_r2-mina | 0.48 | 0.01 | 0.50 | |
| com_r2 | 1.47 | 0.13 | 1.09 | |
| data-hmp | 0.00 | 0.00 | 0.02 | |
| data-maize | 0.02 | 0.00 | 0.01 | |
| des_accessor | 0.01 | 0.00 | 0.02 | |
| dis_accessor | 0.43 | 0.01 | 0.06 | |
| dis_stat_accessor | 12.00 | 2.00 | 12.59 | |
| dmr-matrix | 0.72 | 0.03 | 0.36 | |
| dmr-mina | 0.73 | 0.03 | 0.38 | |
| dmr | 0.73 | 0.00 | 0.38 | |
| dmr_accessor | 0.82 | 0.01 | 0.40 | |
| fit_tabs-mina | 0.57 | 0.12 | 0.70 | |
| fit_tabs | 0.96 | 0.09 | 1.04 | |
| get_net_cls_tab-matrix-data.frame-method | 1.39 | 0.14 | 1.27 | |
| get_net_cls_tab | 1.25 | 0.25 | 1.32 | |
| get_r2-mat | 0.83 | 0.02 | 0.47 | |
| get_r2 | 0.92 | 0.03 | 0.57 | |
| get_rep-matrix | 0.23 | 0.03 | 0.26 | |
| get_rep-mima | 0.74 | 0.09 | 0.83 | |
| hmp_des | 0.00 | 0.02 | 0.02 | |
| hmp_otu | 0.01 | 0.00 | 0.01 | |
| maize_asv | 0.00 | 0.01 | 0.02 | |
| maize_asv2 | 0.00 | 0.02 | 0.01 | |
| maize_des | 0 | 0 | 0 | |
| maize_des2 | 0.00 | 0.02 | 0.02 | |
| mina-class | 0.00 | 0.01 | 0.01 | |
| net_cls-matrix | 5.83 | 0.08 | 5.71 | |
| net_cls-mina | 9.74 | 0.33 | 9.86 | |
| net_cls | 5.75 | 0.20 | 5.65 | |
| net_cls_tab-mina-method | 1.62 | 0.09 | 1.36 | |
| net_cls_tab | 1.25 | 0.12 | 1.20 | |
| net_dis-mina | 15.48 | 2.84 | 16.18 | |
| net_dis | 2.49 | 0.61 | 2.81 | |
| net_dis_indi | 0 | 0 | 0 | |
| net_dis_pcoa | 0 | 0 | 0 | |
| net_dis_plot | 31.01 | 6.17 | 33.86 | |
| net_grp_cmp | 0 | 0 | 0 | |
| net_node_cmp | 0 | 0 | 0 | |
| norm_accessor | 0.00 | 0.05 | 0.05 | |
| norm_tab-matrix | 0.91 | 0.03 | 0.93 | |
| norm_tab-mina | 0.88 | 0.02 | 0.89 | |
| norm_tab | 0.01 | 0.02 | 0.03 | |
| norm_tab_method_list | 0.10 | 0.05 | 0.61 | |
| pcoa_plot | 1.23 | 0.07 | 0.87 | |
| sim_par | 0 | 0 | 0 | |
| sparcc | 0.00 | 0.02 | 0.02 | |
| tab_accessor | 0.00 | 0.02 | 0.02 | |
| tina-matrix-method | 0.00 | 0.01 | 0.02 | |
| tina | 0.00 | 0.01 | 0.02 | |