| Back to Multiple platform build/check report for BioC 3.17: simplified long |
|
This page was generated on 2023-10-16 11:37:09 -0400 (Mon, 16 Oct 2023).
| Hostname | OS | Arch (*) | R version | Installed pkgs |
|---|---|---|---|---|
| nebbiolo1 | Linux (Ubuntu 22.04.2 LTS) | x86_64 | 4.3.1 (2023-06-16) -- "Beagle Scouts" | 4626 |
| palomino3 | Windows Server 2022 Datacenter | x64 | 4.3.1 (2023-06-16 ucrt) -- "Beagle Scouts" | 4379 |
| merida1 | macOS 12.6.4 Monterey | x86_64 | 4.3.1 (2023-06-16) -- "Beagle Scouts" | 4395 |
| Click on any hostname to see more info about the system (e.g. compilers) (*) as reported by 'uname -p', except on Windows and Mac OS X | ||||
| Package 984/2230 | Hostname | OS / Arch | INSTALL | BUILD | CHECK | BUILD BIN | ||||||||
| ILoReg 1.10.0 (landing page) Johannes Smolander
| nebbiolo1 | Linux (Ubuntu 22.04.2 LTS) / x86_64 | OK | OK | ERROR | |||||||||
| palomino3 | Windows Server 2022 Datacenter / x64 | OK | OK | WARNINGS | OK | |||||||||
| merida1 | macOS 12.6.4 Monterey / x86_64 | OK | OK | WARNINGS | OK | |||||||||
| kjohnson2 | macOS 12.6.1 Monterey / arm64 | see weekly results here | ||||||||||||
|
To the developers/maintainers of the ILoReg package: - Allow up to 24 hours (and sometimes 48 hours) for your latest push to git@git.bioconductor.org:packages/ILoReg.git to reflect on this report. See Troubleshooting Build Report for more information. - Use the following Renviron settings to reproduce errors and warnings. - If 'R CMD check' started to fail recently on the Linux builder(s) over a missing dependency, add the missing dependency to 'Suggests:' in your DESCRIPTION file. See Renviron.bioc for more information. |
| Package: ILoReg |
| Version: 1.10.0 |
| Command: /Library/Frameworks/R.framework/Resources/bin/R CMD check --install=check:ILoReg.install-out.txt --library=/Library/Frameworks/R.framework/Resources/library --no-vignettes --timings ILoReg_1.10.0.tar.gz |
| StartedAt: 2023-10-16 02:51:09 -0400 (Mon, 16 Oct 2023) |
| EndedAt: 2023-10-16 03:05:26 -0400 (Mon, 16 Oct 2023) |
| EllapsedTime: 857.8 seconds |
| RetCode: 0 |
| Status: WARNINGS |
| CheckDir: ILoReg.Rcheck |
| Warnings: 1 |
##############################################################################
##############################################################################
###
### Running command:
###
### /Library/Frameworks/R.framework/Resources/bin/R CMD check --install=check:ILoReg.install-out.txt --library=/Library/Frameworks/R.framework/Resources/library --no-vignettes --timings ILoReg_1.10.0.tar.gz
###
##############################################################################
##############################################################################
* using log directory ‘/Users/biocbuild/bbs-3.17-bioc/meat/ILoReg.Rcheck’
* using R version 4.3.1 (2023-06-16)
* using platform: x86_64-apple-darwin20 (64-bit)
* R was compiled by
Apple clang version 14.0.3 (clang-1403.0.22.14.1)
GNU Fortran (GCC) 12.2.0
* running under: macOS Monterey 12.6.4
* using session charset: UTF-8
* using option ‘--no-vignettes’
* checking for file ‘ILoReg/DESCRIPTION’ ... OK
* checking extension type ... Package
* this is package ‘ILoReg’ version ‘1.10.0’
* package encoding: UTF-8
* checking package namespace information ... OK
* checking package dependencies ... OK
* checking if this is a source package ... OK
* checking if there is a namespace ... OK
* checking for hidden files and directories ... OK
* checking for portable file names ... OK
* checking for sufficient/correct file permissions ... OK
* checking whether package ‘ILoReg’ can be installed ... OK
* checking installed package size ... OK
* checking package directory ... OK
* checking ‘build’ directory ... OK
* checking DESCRIPTION meta-information ... OK
* checking top-level files ... OK
* checking for left-over files ... OK
* checking index information ... OK
* checking package subdirectories ... OK
* checking R files for non-ASCII characters ... OK
* checking R files for syntax errors ... OK
* checking whether the package can be loaded ... OK
* checking whether the package can be loaded with stated dependencies ... OK
* checking whether the package can be unloaded cleanly ... OK
* checking whether the namespace can be loaded with stated dependencies ... OK
* checking whether the namespace can be unloaded cleanly ... OK
* checking dependencies in R code ... OK
* checking S3 generic/method consistency ... OK
* checking replacement functions ... OK
* checking foreign function calls ... OK
* checking R code for possible problems ... OK
* checking Rd files ... OK
* checking Rd metadata ... OK
* checking Rd cross-references ... OK
* checking for missing documentation entries ... OK
* checking for code/documentation mismatches ... WARNING
Codoc mismatches from documentation object 'FindAllGeneMarkers':
FindAllGeneMarkers.SingleCellExperiment
Code: function(object, clustering.type, test, log2fc.threshold,
min.pct, min.diff.pct, min.cells.group,
max.cells.per.cluster, return.thresh, only.pos)
Docs: function(object, clustering.type, test, log2fc.threshold,
min.pct, min.diff.pct, min.cells.group,
max.cells.per.cluster, pseudocount.use, return.thresh,
only.pos)
Argument names in docs not in code:
pseudocount.use
Mismatches in argument names:
Position: 9 Code: return.thresh Docs: pseudocount.use
Position: 10 Code: only.pos Docs: return.thresh
\S4method{FindAllGeneMarkers}{SingleCellExperiment}
Code: function(object, clustering.type = "manual", test = "wilcox",
log2fc.threshold = 0.25, min.pct = 0.1, min.diff.pct =
NULL, min.cells.group = 3, max.cells.per.cluster =
NULL, return.thresh = 0.01, only.pos = FALSE)
Docs: function(object, clustering.type = "manual", test = "wilcox",
log2fc.threshold = 0.25, min.pct = 0.1, min.diff.pct =
NULL, min.cells.group = 3, max.cells.per.cluster =
NULL, pseudocount.use = 1, return.thresh = 0.01,
only.pos = FALSE)
Argument names in docs not in code:
pseudocount.use
Mismatches in argument names:
Position: 9 Code: return.thresh Docs: pseudocount.use
Position: 10 Code: only.pos Docs: return.thresh
Codoc mismatches from documentation object 'FindGeneMarkers':
FindGeneMarkers.SingleCellExperiment
Code: function(object, clusters.1, clusters.2, clustering.type, test,
logfc.threshold, min.pct, min.diff.pct,
min.cells.group, max.cells.per.cluster, return.thresh,
only.pos)
Docs: function(object, clusters.1, clusters.2, clustering.type, test,
logfc.threshold, min.pct, min.diff.pct,
min.cells.group, max.cells.per.cluster,
pseudocount.use, return.thresh, only.pos)
Argument names in docs not in code:
pseudocount.use
Mismatches in argument names:
Position: 11 Code: return.thresh Docs: pseudocount.use
Position: 12 Code: only.pos Docs: return.thresh
\S4method{FindGeneMarkers}{SingleCellExperiment}
Code: function(object, clusters.1 = NULL, clusters.2 = NULL,
clustering.type = "", test = "wilcox", logfc.threshold
= 0.25, min.pct = 0.1, min.diff.pct = NULL,
min.cells.group = 3, max.cells.per.cluster = NULL,
return.thresh = 0.01, only.pos = FALSE)
Docs: function(object, clusters.1 = NULL, clusters.2 = NULL,
clustering.type = "", test = "wilcox", logfc.threshold
= 0.25, min.pct = 0.1, min.diff.pct = NULL,
min.cells.group = 3, max.cells.per.cluster = NULL,
pseudocount.use = 1, return.thresh = 0.01, only.pos =
FALSE)
Argument names in docs not in code:
pseudocount.use
Mismatches in argument names:
Position: 11 Code: return.thresh Docs: pseudocount.use
Position: 12 Code: only.pos Docs: return.thresh
Codoc mismatches from documentation object 'RunICP':
RunICP
Code: function(normalized.data = NULL, k = 15, d = 0.3, r = 5, C = 5,
reg.type = "L1", max.iter = 200, icp.batch.size = Inf)
Docs: function(normalized.data = NULL, k = 15, d = 0.3, r = 5, C = 5,
reg.type = "L1", max.iter = 200)
Argument names in code not in docs:
icp.batch.size
Codoc mismatches from documentation object 'RunParallelICP':
RunParallelICP.SingleCellExperiment
Code: function(object, k, d, L, r, C, reg.type, max.iter, threads,
icp.batch.size)
Docs: function(object, k, d, L, r, C, reg.type, max.iter, threads)
Argument names in code not in docs:
icp.batch.size
\S4method{RunParallelICP}{SingleCellExperiment}
Code: function(object, k = 15, d = 0.3, L = 200, r = 5, C = 0.3,
reg.type = "L1", max.iter = 200, threads = 0,
icp.batch.size = Inf)
Docs: function(object, k = 15, d = 0.3, L = 200, r = 5, C = 0.3,
reg.type = "L1", max.iter = 200, threads = 0)
Argument names in code not in docs:
icp.batch.size
* checking Rd \usage sections ... OK
* checking Rd contents ... OK
* checking for unstated dependencies in examples ... OK
* checking contents of ‘data’ directory ... OK
* checking data for non-ASCII characters ... OK
* checking LazyData ... OK
* checking data for ASCII and uncompressed saves ... OK
* checking files in ‘vignettes’ ... OK
* checking examples ... OK
Examples with CPU (user + system) or elapsed time > 5s
user system elapsed
FindAllGeneMarkers 28.018 1.769 40.063
SelectTopGenes 26.606 1.490 37.941
ClusteringScatterPlot 21.947 1.297 31.981
GeneHeatmap 19.777 1.434 29.150
AnnotationScatterPlot 19.492 1.542 28.665
GeneScatterPlot 17.909 1.179 25.927
FindGeneMarkers 14.489 1.332 22.316
RunUMAP 14.501 1.225 22.393
CalcSilhInfo 12.576 1.199 18.617
RunTSNE 12.454 1.250 18.836
VlnPlot 11.961 1.173 17.359
SilhouetteCurve 11.261 1.176 17.175
HierarchicalClustering 11.110 1.238 16.507
RunParallelICP 10.647 1.148 16.624
SelectKClusters 10.291 1.258 15.839
MergeClusters 10.413 1.123 15.547
RenameAllClusters 10.362 1.055 15.130
RenameCluster 10.298 1.067 15.398
RunPCA 10.158 1.164 15.104
PCAElbowPlot 9.822 1.121 14.613
* checking for unstated dependencies in vignettes ... OK
* checking package vignettes in ‘inst/doc’ ... OK
* checking running R code from vignettes ... SKIPPED
* checking re-building of vignette outputs ... SKIPPED
* checking PDF version of manual ... OK
* DONE
Status: 1 WARNING
See
‘/Users/biocbuild/bbs-3.17-bioc/meat/ILoReg.Rcheck/00check.log’
for details.
ILoReg.Rcheck/00install.out
############################################################################## ############################################################################## ### ### Running command: ### ### /Library/Frameworks/R.framework/Resources/bin/R CMD INSTALL ILoReg ### ############################################################################## ############################################################################## * installing to library ‘/Library/Frameworks/R.framework/Versions/4.3-x86_64/Resources/library’ * installing *source* package ‘ILoReg’ ... ** using staged installation ** R ** data *** moving datasets to lazyload DB ** inst ** byte-compile and prepare package for lazy loading ** help *** installing help indices ** building package indices ** installing vignettes ** testing if installed package can be loaded from temporary location ** testing if installed package can be loaded from final location ** testing if installed package keeps a record of temporary installation path * DONE (ILoReg)
ILoReg.Rcheck/ILoReg-Ex.timings
| name | user | system | elapsed | |
| AnnotationScatterPlot | 19.492 | 1.542 | 28.665 | |
| CalcSilhInfo | 12.576 | 1.199 | 18.617 | |
| ClusteringScatterPlot | 21.947 | 1.297 | 31.981 | |
| FindAllGeneMarkers | 28.018 | 1.769 | 40.063 | |
| FindGeneMarkers | 14.489 | 1.332 | 22.316 | |
| GeneHeatmap | 19.777 | 1.434 | 29.150 | |
| GeneScatterPlot | 17.909 | 1.179 | 25.927 | |
| HierarchicalClustering | 11.110 | 1.238 | 16.507 | |
| MergeClusters | 10.413 | 1.123 | 15.547 | |
| PCAElbowPlot | 9.822 | 1.121 | 14.613 | |
| PrepareILoReg | 0.844 | 0.036 | 1.186 | |
| RenameAllClusters | 10.362 | 1.055 | 15.130 | |
| RenameCluster | 10.298 | 1.067 | 15.398 | |
| RunPCA | 10.158 | 1.164 | 15.104 | |
| RunParallelICP | 10.647 | 1.148 | 16.624 | |
| RunTSNE | 12.454 | 1.250 | 18.836 | |
| RunUMAP | 14.501 | 1.225 | 22.393 | |
| SelectKClusters | 10.291 | 1.258 | 15.839 | |
| SelectTopGenes | 26.606 | 1.490 | 37.941 | |
| SilhouetteCurve | 11.261 | 1.176 | 17.175 | |
| VlnPlot | 11.961 | 1.173 | 17.359 | |
| pbmc3k_500 | 0.003 | 0.002 | 0.010 | |