| Back to Mac ARM64 build report for BioC 3.16 |
|
This page was generated on 2023-04-19 11:01:57 -0400 (Wed, 19 Apr 2023).
| Hostname | OS | Arch (*) | R version | Installed pkgs |
|---|---|---|---|---|
| kjohnson | macOS 13.0 Ventura | arm64 | 4.2.2 (2022-10-31) -- "Innocent and Trusting" | 4256 |
| Click on any hostname to see more info about the system (e.g. compilers) (*) as reported by 'uname -p', except on Windows and Mac OS X | ||||
|
To the developers/maintainers of the quantiseqr package: Make sure to use the following settings in order to reproduce any error or warning you see on this page. |
| Package 1572/2183 | Hostname | OS / Arch | INSTALL | BUILD | BUILD BIN | ||||||||
| quantiseqr 1.6.0 (landing page) Federico Marini
| kjohnson | macOS 13.0 Ventura / arm64 | OK | ERROR | skipped | ||||||||
| Package: quantiseqr |
| Version: 1.6.0 |
| Command: /Library/Frameworks/R.framework/Resources/bin/R CMD build --keep-empty-dirs --no-resave-data quantiseqr |
| StartedAt: 2023-04-17 23:31:56 -0400 (Mon, 17 Apr 2023) |
| EndedAt: 2023-04-17 23:32:50 -0400 (Mon, 17 Apr 2023) |
| EllapsedTime: 54.7 seconds |
| RetCode: 1 |
| Status: ERROR |
| PackageFile: None |
| PackageFileSize: NA |
############################################################################## ############################################################################## ### ### Running command: ### ### /Library/Frameworks/R.framework/Resources/bin/R CMD build --keep-empty-dirs --no-resave-data quantiseqr ### ############################################################################## ############################################################################## * checking for file ‘quantiseqr/DESCRIPTION’ ... OK * preparing ‘quantiseqr’: * checking DESCRIPTION meta-information ... OK * installing the package to build vignettes * creating vignettes ... ERROR --- re-building ‘using_quantiseqr.Rmd’ using rmarkdown Quitting from lines 173-187 (using_quantiseqr.Rmd) Error: processing vignette 'using_quantiseqr.Rmd' failed with diagnostics: 'file' must be a character string or connection --- failed re-building ‘using_quantiseqr.Rmd’ SUMMARY: processing the following file failed: ‘using_quantiseqr.Rmd’ Error: Vignette re-building failed. Execution halted