| Back to Mac ARM64 build report for BioC 3.16 |
|
This page was generated on 2023-04-19 11:01:55 -0400 (Wed, 19 Apr 2023).
| Hostname | OS | Arch (*) | R version | Installed pkgs |
|---|---|---|---|---|
| kjohnson | macOS 13.0 Ventura | arm64 | 4.2.2 (2022-10-31) -- "Innocent and Trusting" | 4256 |
| Click on any hostname to see more info about the system (e.g. compilers) (*) as reported by 'uname -p', except on Windows and Mac OS X | ||||
|
To the developers/maintainers of the inveRsion package: Make sure to use the following settings in order to reproduce any error or warning you see on this page. |
| Package 988/2183 | Hostname | OS / Arch | INSTALL | BUILD | BUILD BIN | ||||||||
Alejandro Caceres
| kjohnson | macOS 13.0 Ventura / arm64 | OK | ERROR | skipped | ||||||||
| Package: inveRsion |
| Version: 1.46.2 |
| Command: /Library/Frameworks/R.framework/Resources/bin/R CMD build --keep-empty-dirs --no-resave-data inveRsion |
| StartedAt: 2023-04-17 11:33:30 -0400 (Mon, 17 Apr 2023) |
| EndedAt: 2023-04-17 11:33:59 -0400 (Mon, 17 Apr 2023) |
| EllapsedTime: 28.4 seconds |
| RetCode: 1 |
| Status: ERROR |
| PackageFile: None |
| PackageFileSize: NA |
##############################################################################
##############################################################################
###
### Running command:
###
### /Library/Frameworks/R.framework/Resources/bin/R CMD build --keep-empty-dirs --no-resave-data inveRsion
###
##############################################################################
##############################################################################
* checking for file ‘inveRsion/DESCRIPTION’ ... OK
* preparing ‘inveRsion’:
* checking DESCRIPTION meta-information ... OK
* cleaning src
* installing the package to build vignettes
* creating vignettes ... ERROR
--- re-building ‘inveRsion.Rnw’ using Sweave
Loading required package: haplo.stats
Loading required package: arsenal
Hola!
welcome to inevRsion package.
type: manual() for full manual
vignette("inveRsion") for a quick start
Warning: Package 'inveRsion' is deprecated and will be removed from Bioconductor
version 3.17
-Code haplotypes-
reading data from haplotype file:
/private/tmp/RtmpsO7mGv/Rinst1245f2fffc378/inveRsion/extdata/haplotypesROI.txt
preparing data
Number of brakepoints: 248
Error: processing vignette 'inveRsion.Rnw' failed with diagnostics:
chunk 3
Error in lociPos[lociSel]/10^6 : non-numeric argument to binary operator
--- failed re-building ‘inveRsion.Rnw’
SUMMARY: processing the following file failed:
‘inveRsion.Rnw’
Error: Vignette re-building failed.
Execution halted