| Back to Multiple platform build/check report for BioC 3.16: simplified long |
|
This page was generated on 2023-04-12 11:05:26 -0400 (Wed, 12 Apr 2023).
| Hostname | OS | Arch (*) | R version | Installed pkgs |
|---|---|---|---|---|
| nebbiolo2 | Linux (Ubuntu 20.04.5 LTS) | x86_64 | 4.2.3 (2023-03-15) -- "Shortstop Beagle" | 4502 |
| palomino4 | Windows Server 2022 Datacenter | x64 | 4.2.3 (2023-03-15 ucrt) -- "Shortstop Beagle" | 4282 |
| lconway | macOS 12.5.1 Monterey | x86_64 | 4.2.3 (2023-03-15) -- "Shortstop Beagle" | 4310 |
| Click on any hostname to see more info about the system (e.g. compilers) (*) as reported by 'uname -p', except on Windows and Mac OS X | ||||
|
To the developers/maintainers of the brendaDb package: - Please allow up to 24 hours (and sometimes 48 hours) for your latest push to git@git.bioconductor.org:packages/brendaDb.git to reflect on this report. See How and When does the builder pull? When will my changes propagate? for more information. - Make sure to use the following settings in order to reproduce any error or warning you see on this page. |
| Package 224/2183 | Hostname | OS / Arch | INSTALL | BUILD | CHECK | BUILD BIN | ||||||||
| brendaDb 1.12.0 (landing page) Yi Zhou
| nebbiolo2 | Linux (Ubuntu 20.04.5 LTS) / x86_64 | OK | OK | WARNINGS | |||||||||
| palomino4 | Windows Server 2022 Datacenter / x64 | OK | OK | WARNINGS | OK | |||||||||
| lconway | macOS 12.5.1 Monterey / x86_64 | OK | OK | WARNINGS | OK | |||||||||
| Package: brendaDb |
| Version: 1.12.0 |
| Command: F:\biocbuild\bbs-3.16-bioc\R\bin\R.exe CMD check --no-multiarch --install=check:brendaDb.install-out.txt --library=F:\biocbuild\bbs-3.16-bioc\R\library --no-vignettes --timings brendaDb_1.12.0.tar.gz |
| StartedAt: 2023-04-10 23:31:29 -0400 (Mon, 10 Apr 2023) |
| EndedAt: 2023-04-10 23:33:19 -0400 (Mon, 10 Apr 2023) |
| EllapsedTime: 109.6 seconds |
| RetCode: 0 |
| Status: WARNINGS |
| CheckDir: brendaDb.Rcheck |
| Warnings: 1 |
##############################################################################
##############################################################################
###
### Running command:
###
### F:\biocbuild\bbs-3.16-bioc\R\bin\R.exe CMD check --no-multiarch --install=check:brendaDb.install-out.txt --library=F:\biocbuild\bbs-3.16-bioc\R\library --no-vignettes --timings brendaDb_1.12.0.tar.gz
###
##############################################################################
##############################################################################
* using log directory 'F:/biocbuild/bbs-3.16-bioc/meat/brendaDb.Rcheck'
* using R version 4.2.3 (2023-03-15 ucrt)
* using platform: x86_64-w64-mingw32 (64-bit)
* using session charset: UTF-8
* using option '--no-vignettes'
* checking for file 'brendaDb/DESCRIPTION' ... OK
* checking extension type ... Package
* this is package 'brendaDb' version '1.12.0'
* package encoding: UTF-8
* checking package namespace information ... OK
* checking package dependencies ... OK
* checking if this is a source package ... OK
* checking if there is a namespace ... OK
* checking for hidden files and directories ... NOTE
Found the following hidden files and directories:
.travis.yml
These were most likely included in error. See section 'Package
structure' in the 'Writing R Extensions' manual.
* checking for portable file names ... OK
* checking whether package 'brendaDb' can be installed ... OK
* checking installed package size ... OK
* checking package directory ... OK
* checking 'build' directory ... OK
* checking DESCRIPTION meta-information ... OK
* checking top-level files ... OK
* checking for left-over files ... OK
* checking index information ... OK
* checking package subdirectories ... OK
* checking R files for non-ASCII characters ... OK
* checking R files for syntax errors ... OK
* checking whether the package can be loaded ... OK
* checking whether the package can be loaded with stated dependencies ... OK
* checking whether the package can be unloaded cleanly ... OK
* checking whether the namespace can be loaded with stated dependencies ... OK
* checking whether the namespace can be unloaded cleanly ... OK
* checking dependencies in R code ... WARNING
'::' or ':::' import not declared from: 'curl'
* checking S3 generic/method consistency ... OK
* checking replacement functions ... OK
* checking foreign function calls ... OK
* checking R code for possible problems ... NOTE
BiocycPathwayEnzymes: no visible global function definition for
'read_xml'
BiocycPathwayEnzymes: no visible global function definition for
'xml_find_all'
BiocycPathwayEnzymes: no visible global function definition for
'xml_text'
BiocycPathwayEnzymes: no visible global function definition for
'progress_estimated'
BiocycPathwayEnzymes : <anonymous>: no visible global function
definition for 'read_xml'
BiocycPathwayEnzymes : <anonymous>: no visible global function
definition for 'xml_find_all'
BiocycPathwayEnzymes : <anonymous>: no visible global function
definition for 'xml_remove'
BiocycPathwayEnzymes : <anonymous>: no visible global function
definition for 'xml_text'
BiocycPathwayGenes: no visible global function definition for
'read_xml'
BiocycPathwayGenes: no visible global function definition for
'xml_find_all'
BiocycPathwayGenes: no visible global function definition for
'xml_text'
BiocycPathwayGenes : <anonymous>: no visible global function definition
for 'xml_find_all'
BiocycPathwayGenes : <anonymous>: no visible global function definition
for 'xml_text'
Undefined global functions or variables:
progress_estimated read_xml xml_find_all xml_remove xml_text
* checking Rd files ... OK
* checking Rd metadata ... OK
* checking Rd cross-references ... OK
* checking for missing documentation entries ... OK
* checking for code/documentation mismatches ... OK
* checking Rd \usage sections ... OK
* checking Rd contents ... OK
* checking for unstated dependencies in examples ... OK
* checking contents of 'data' directory ... OK
* checking data for non-ASCII characters ... OK
* checking data for ASCII and uncompressed saves ... OK
* checking line endings in C/C++/Fortran sources/headers ... OK
* checking compiled code ... NOTE
Note: information on .o files for x64 is not available
File 'F:/biocbuild/bbs-3.16-bioc/R/library/brendaDb/libs/x64/brendaDb.dll':
Found 'abort', possibly from 'abort' (C), 'runtime' (Fortran)
Found 'exit', possibly from 'exit' (C), 'stop' (Fortran)
Compiled code should not call entry points which might terminate R nor
write to stdout/stderr instead of to the console, nor use Fortran I/O
nor system RNGs. The detected symbols are linked into the code but
might come from libraries and not actually be called.
See 'Writing portable packages' in the 'Writing R Extensions' manual.
* checking files in 'vignettes' ... OK
* checking examples ... OK
Examples with CPU (user + system) or elapsed time > 5s
user system elapsed
ExtractField 0.63 0.07 6.21
QueryBrenda 0.29 0.00 6.05
* checking for unstated dependencies in 'tests' ... OK
* checking tests ...
Running 'testthat.R'
OK
* checking for unstated dependencies in vignettes ... OK
* checking package vignettes in 'inst/doc' ... OK
* checking running R code from vignettes ... SKIPPED
* checking re-building of vignette outputs ... SKIPPED
* checking PDF version of manual ... OK
* DONE
Status: 1 WARNING, 3 NOTEs
See
'F:/biocbuild/bbs-3.16-bioc/meat/brendaDb.Rcheck/00check.log'
for details.
brendaDb.Rcheck/00install.out
############################################################################## ############################################################################## ### ### Running command: ### ### F:\biocbuild\bbs-3.16-bioc\R\bin\R.exe CMD INSTALL brendaDb ### ############################################################################## ############################################################################## * installing to library 'F:/biocbuild/bbs-3.16-bioc/R/library' * installing *source* package 'brendaDb' ... ** using staged installation ** libs g++ -std=gnu++11 -I"F:/biocbuild/bbs-3.16-bioc/R/include" -DNDEBUG -I'F:/biocbuild/bbs-3.16-bioc/R/library/Rcpp/include' -I"C:/rtools42/x86_64-w64-mingw32.static.posix/include" -O2 -Wall -mfpmath=sse -msse2 -mstackrealign -c RcppExports.cpp -o RcppExports.o g++ -std=gnu++11 -I"F:/biocbuild/bbs-3.16-bioc/R/include" -DNDEBUG -I'F:/biocbuild/bbs-3.16-bioc/R/library/Rcpp/include' -I"C:/rtools42/x86_64-w64-mingw32.static.posix/include" -O2 -Wall -mfpmath=sse -msse2 -mstackrealign -c read_brenda.cpp -o read_brenda.o g++ -shared -s -static-libgcc -o brendaDb.dll tmp.def RcppExports.o read_brenda.o -LC:/rtools42/x86_64-w64-mingw32.static.posix/lib/x64 -LC:/rtools42/x86_64-w64-mingw32.static.posix/lib -LF:/biocbuild/bbs-3.16-bioc/R/bin/x64 -lR installing to F:/biocbuild/bbs-3.16-bioc/R/library/00LOCK-brendaDb/00new/brendaDb/libs/x64 ** R ** data ** inst ** byte-compile and prepare package for lazy loading ** help *** installing help indices *** copying figures ** building package indices ** installing vignettes ** testing if installed package can be loaded from temporary location ** testing if installed package can be loaded from final location ** testing if installed package keeps a record of temporary installation path * DONE (brendaDb)
brendaDb.Rcheck/tests/testthat.Rout
R version 4.2.3 (2023-03-15 ucrt) -- "Shortstop Beagle"
Copyright (C) 2023 The R Foundation for Statistical Computing
Platform: x86_64-w64-mingw32/x64 (64-bit)
R is free software and comes with ABSOLUTELY NO WARRANTY.
You are welcome to redistribute it under certain conditions.
Type 'license()' or 'licence()' for distribution details.
R is a collaborative project with many contributors.
Type 'contributors()' for more information and
'citation()' on how to cite R or R packages in publications.
Type 'demo()' for some demos, 'help()' for on-line help, or
'help.start()' for an HTML browser interface to help.
Type 'q()' to quit R.
> library(testthat)
> library(brendaDb)
>
> test_check("brendaDb")
[ FAIL 0 | WARN 13 | SKIP 0 | PASS 106 ]
[ FAIL 0 | WARN 13 | SKIP 0 | PASS 106 ]
>
> proc.time()
user system elapsed
11.37 1.45 19.45
brendaDb.Rcheck/brendaDb-Ex.timings
| name | user | system | elapsed | |
| CleanECNumber | 0.25 | 0.01 | 0.28 | |
| ConfigBPCores | 0.01 | 0.00 | 0.02 | |
| DownloadBrenda | 0 | 0 | 0 | |
| ExtractField | 0.63 | 0.07 | 6.21 | |
| ID2Enzyme | 0.14 | 0.01 | 0.15 | |
| InitBrendaDeprecatedEntry | 0.37 | 0.02 | 3.46 | |
| InitBrendaEntry | 0.25 | 0.01 | 3.31 | |
| ParseProtein | 0.05 | 0.00 | 0.05 | |
| ParseProteinNum | 0 | 0 | 0 | |
| ParseRecommendedName | 0.01 | 0.00 | 0.01 | |
| ParseReference | 0.02 | 0.00 | 0.02 | |
| ParseSystematicName | 0.01 | 0.00 | 0.01 | |
| QueryBrenda | 0.29 | 0.00 | 6.05 | |
| QueryBrendaBase | 3.17 | 0.38 | 3.55 | |
| ReadBrenda | 0.06 | 0.01 | 0.07 | |
| SeparateSubentries | 0.02 | 0.00 | 0.02 | |
| ShowFields | 0.11 | 0.00 | 0.11 | |