| Back to Multiple platform build/check report for BioC 3.15 |
|
This page was generated on 2022-10-19 13:22:21 -0400 (Wed, 19 Oct 2022).
| Hostname | OS | Arch (*) | R version | Installed pkgs |
|---|---|---|---|---|
| nebbiolo1 | Linux (Ubuntu 20.04.5 LTS) | x86_64 | 4.2.1 (2022-06-23) -- "Funny-Looking Kid" | 4386 |
| palomino3 | Windows Server 2022 Datacenter | x64 | 4.2.1 (2022-06-23 ucrt) -- "Funny-Looking Kid" | 4138 |
| merida1 | macOS 10.14.6 Mojave | x86_64 | 4.2.1 (2022-06-23) -- "Funny-Looking Kid" | 4205 |
| Click on any hostname to see more info about the system (e.g. compilers) (*) as reported by 'uname -p', except on Windows and Mac OS X | ||||
|
To the developers/maintainers of the srnadiff package: - Please allow up to 24 hours (and sometimes 48 hours) for your latest push to git@git.bioconductor.org:packages/srnadiff.git to reflect on this report. See How and When does the builder pull? When will my changes propagate? for more information. - Make sure to use the following settings in order to reproduce any error or warning you see on this page. |
| Package 1923/2140 | Hostname | OS / Arch | INSTALL | BUILD | CHECK | BUILD BIN | ||||||||
| srnadiff 1.16.0 (landing page) Zytnicki Matthias
| nebbiolo1 | Linux (Ubuntu 20.04.5 LTS) / x86_64 | OK | OK | WARNINGS | |||||||||
| palomino3 | Windows Server 2022 Datacenter / x64 | OK | OK | WARNINGS | OK | |||||||||
| merida1 | macOS 10.14.6 Mojave / x86_64 | OK | OK | WARNINGS | OK | |||||||||
| Package: srnadiff |
| Version: 1.16.0 |
| Command: F:\biocbuild\bbs-3.15-bioc\R\bin\R.exe CMD check --no-multiarch --install=check:srnadiff.install-out.txt --library=F:\biocbuild\bbs-3.15-bioc\R\library --no-vignettes --timings srnadiff_1.16.0.tar.gz |
| StartedAt: 2022-10-19 04:31:53 -0400 (Wed, 19 Oct 2022) |
| EndedAt: 2022-10-19 04:49:54 -0400 (Wed, 19 Oct 2022) |
| EllapsedTime: 1080.5 seconds |
| RetCode: 0 |
| Status: WARNINGS |
| CheckDir: srnadiff.Rcheck |
| Warnings: 1 |
##############################################################################
##############################################################################
###
### Running command:
###
### F:\biocbuild\bbs-3.15-bioc\R\bin\R.exe CMD check --no-multiarch --install=check:srnadiff.install-out.txt --library=F:\biocbuild\bbs-3.15-bioc\R\library --no-vignettes --timings srnadiff_1.16.0.tar.gz
###
##############################################################################
##############################################################################
* using log directory 'F:/biocbuild/bbs-3.15-bioc/meat/srnadiff.Rcheck'
* using R version 4.2.1 (2022-06-23 ucrt)
* using platform: x86_64-w64-mingw32 (64-bit)
* using session charset: UTF-8
* using option '--no-vignettes'
* checking for file 'srnadiff/DESCRIPTION' ... OK
* checking extension type ... Package
* this is package 'srnadiff' version '1.16.0'
* package encoding: UTF-8
* checking package namespace information ... OK
* checking package dependencies ... OK
* checking if this is a source package ... OK
* checking if there is a namespace ... OK
* checking for hidden files and directories ... OK
* checking for portable file names ... OK
* checking whether package 'srnadiff' can be installed ... OK
* checking installed package size ... OK
* checking package directory ... OK
* checking 'build' directory ... OK
* checking DESCRIPTION meta-information ... NOTE
Packages listed in more than one of Depends, Imports, Suggests, Enhances:
'BiocManager' 'BiocStyle'
A package should be listed in only one of these fields.
* checking top-level files ... OK
* checking for left-over files ... OK
* checking index information ... OK
* checking package subdirectories ... OK
* checking R files for non-ASCII characters ... OK
* checking R files for syntax errors ... OK
* checking whether the package can be loaded ... OK
* checking whether the package can be loaded with stated dependencies ... OK
* checking whether the package can be unloaded cleanly ... OK
* checking whether the namespace can be loaded with stated dependencies ... OK
* checking whether the namespace can be unloaded cleanly ... OK
* checking dependencies in R code ... OK
* checking S3 generic/method consistency ... OK
* checking replacement functions ... OK
* checking foreign function calls ... OK
* checking R code for possible problems ... NOTE
useEdgeR: no visible global function definition for 'model.matrix'
useEdgeR: no visible global function definition for 'p.adjust'
Undefined global functions or variables:
model.matrix p.adjust
Consider adding
importFrom("stats", "model.matrix", "p.adjust")
to your NAMESPACE file.
* checking Rd files ... NOTE
prepare_Rd: parameters.Rd:38-40: Dropping empty section \details
* checking Rd metadata ... OK
* checking Rd cross-references ... WARNING
Missing link or links in documentation object 'plotRegions.Rd':
'GdObject'
See section 'Cross-references' in the 'Writing R Extensions' manual.
* checking for missing documentation entries ... OK
* checking for code/documentation mismatches ... OK
* checking Rd \usage sections ... OK
* checking Rd contents ... OK
* checking for unstated dependencies in examples ... OK
* checking line endings in C/C++/Fortran sources/headers ... OK
* checking compiled code ... NOTE
Note: information on .o files for x64 is not available
File 'F:/biocbuild/bbs-3.15-bioc/R/library/srnadiff/libs/x64/srnadiff.dll':
Found 'abort', possibly from 'abort' (C), 'runtime' (Fortran)
Found 'exit', possibly from 'exit' (C), 'stop' (Fortran)
Compiled code should not call entry points which might terminate R nor
write to stdout/stderr instead of to the console, nor use Fortran I/O
nor system RNGs. The detected symbols are linked into the code but
might come from libraries and not actually be called.
See 'Writing portable packages' in the 'Writing R Extensions' manual.
* checking files in 'vignettes' ... OK
* checking examples ... OK
Examples with CPU (user + system) or elapsed time > 5s
user system elapsed
plotRegions 14.00 0.17 38.51
parameters 12.43 0.10 60.75
countMatrix 8.68 0.14 32.47
srnadiffDefaultParameters 7.45 0.04 31.75
regions 6.66 0.07 32.31
srnadiff 5.86 0.02 29.33
* checking for unstated dependencies in 'tests' ... OK
* checking tests ...
Running 'testthat.R'
OK
* checking for unstated dependencies in vignettes ... OK
* checking package vignettes in 'inst/doc' ... OK
* checking running R code from vignettes ... SKIPPED
* checking re-building of vignette outputs ... SKIPPED
* checking PDF version of manual ... OK
* DONE
Status: 1 WARNING, 4 NOTEs
See
'F:/biocbuild/bbs-3.15-bioc/meat/srnadiff.Rcheck/00check.log'
for details.
srnadiff.Rcheck/00install.out
############################################################################## ############################################################################## ### ### Running command: ### ### F:\biocbuild\bbs-3.15-bioc\R\bin\R.exe CMD INSTALL srnadiff ### ############################################################################## ############################################################################## * installing to library 'F:/biocbuild/bbs-3.15-bioc/R/library' * installing *source* package 'srnadiff' ... ** using staged installation ** libs g++ -std=gnu++11 -I"F:/biocbuild/bbs-3.15-bioc/R/include" -DNDEBUG -I'F:/biocbuild/bbs-3.15-bioc/R/library/Rcpp/include' -I"C:/rtools42/x86_64-w64-mingw32.static.posix/include" -O2 -Wall -mfpmath=sse -msse2 -mstackrealign -c RcppExports.cpp -o RcppExports.o g++ -std=gnu++11 -I"F:/biocbuild/bbs-3.15-bioc/R/include" -DNDEBUG -I'F:/biocbuild/bbs-3.15-bioc/R/library/Rcpp/include' -I"C:/rtools42/x86_64-w64-mingw32.static.posix/include" -O2 -Wall -mfpmath=sse -msse2 -mstackrealign -c rcpp_hmm.cpp -o rcpp_hmm.o g++ -std=gnu++11 -I"F:/biocbuild/bbs-3.15-bioc/R/include" -DNDEBUG -I'F:/biocbuild/bbs-3.15-bioc/R/library/Rcpp/include' -I"C:/rtools42/x86_64-w64-mingw32.static.posix/include" -O2 -Wall -mfpmath=sse -msse2 -mstackrealign -c rcpp_ir.cpp -o rcpp_ir.o g++ -std=gnu++11 -I"F:/biocbuild/bbs-3.15-bioc/R/include" -DNDEBUG -I'F:/biocbuild/bbs-3.15-bioc/R/library/Rcpp/include' -I"C:/rtools42/x86_64-w64-mingw32.static.posix/include" -O2 -Wall -mfpmath=sse -msse2 -mstackrealign -c rcpp_main.cpp -o rcpp_main.o g++ -std=gnu++11 -I"F:/biocbuild/bbs-3.15-bioc/R/include" -DNDEBUG -I'F:/biocbuild/bbs-3.15-bioc/R/library/Rcpp/include' -I"C:/rtools42/x86_64-w64-mingw32.static.posix/include" -O2 -Wall -mfpmath=sse -msse2 -mstackrealign -c rcpp_utils.cpp -o rcpp_utils.o gcc -I"F:/biocbuild/bbs-3.15-bioc/R/include" -DNDEBUG -I'F:/biocbuild/bbs-3.15-bioc/R/library/Rcpp/include' -I"C:/rtools42/x86_64-w64-mingw32.static.posix/include" -O2 -Wall -std=gnu99 -mfpmath=sse -msse2 -mstackrealign -c srnadiff_init.c -o srnadiff_init.o g++ -shared -s -static-libgcc -o srnadiff.dll tmp.def RcppExports.o rcpp_hmm.o rcpp_ir.o rcpp_main.o rcpp_utils.o srnadiff_init.o -LC:/rtools42/x86_64-w64-mingw32.static.posix/lib/x64 -LC:/rtools42/x86_64-w64-mingw32.static.posix/lib -LF:/biocbuild/bbs-3.15-bioc/R/bin/x64 -lR installing to F:/biocbuild/bbs-3.15-bioc/R/library/00LOCK-srnadiff/00new/srnadiff/libs/x64 ** R ** inst ** byte-compile and prepare package for lazy loading ** help *** installing help indices ** building package indices ** installing vignettes ** testing if installed package can be loaded from temporary location ** testing if installed package can be loaded from final location ** testing if installed package keeps a record of temporary installation path * DONE (srnadiff)
srnadiff.Rcheck/tests/testthat.Rout
R version 4.2.1 (2022-06-23 ucrt) -- "Funny-Looking Kid"
Copyright (C) 2022 The R Foundation for Statistical Computing
Platform: x86_64-w64-mingw32/x64 (64-bit)
R is free software and comes with ABSOLUTELY NO WARRANTY.
You are welcome to redistribute it under certain conditions.
Type 'license()' or 'licence()' for distribution details.
R is a collaborative project with many contributors.
Type 'contributors()' for more information and
'citation()' on how to cite R or R packages in publications.
Type 'demo()' for some demos, 'help()' for on-line help, or
'help.start()' for an HTML browser interface to help.
Type 'q()' to quit R.
> library(testthat)
> library(srnadiff)
>
> test_check("srnadiff")
......[ FAIL 0 | WARN 0 | SKIP 0 | PASS 34 ]
>
> proc.time()
user system elapsed
122.89 2.43 460.70
srnadiff.Rcheck/srnadiff-Ex.timings
| name | user | system | elapsed | |
| annotReg | 1.12 | 0.01 | 1.23 | |
| bamFiles | 0.19 | 0.00 | 0.19 | |
| chromosomeSizes | 0.03 | 0.00 | 0.03 | |
| countMatrix | 8.68 | 0.14 | 32.47 | |
| coverages | 0.06 | 0.01 | 0.08 | |
| normFactors | 0.05 | 0.00 | 0.05 | |
| parameters | 12.43 | 0.10 | 60.75 | |
| plotRegions | 14.00 | 0.17 | 38.51 | |
| readAnnotation | 2.11 | 0.01 | 2.13 | |
| regions | 6.66 | 0.07 | 32.31 | |
| sampleInfo | 0.05 | 0.01 | 0.08 | |
| srnadiff | 5.86 | 0.02 | 29.33 | |
| srnadiffDefaultParameters | 7.45 | 0.04 | 31.75 | |
| srnadiffExample | 0.05 | 0.00 | 0.04 | |
| srnadiffExp | 1.98 | 0.04 | 2.04 | |