| Back to Multiple platform build/check report for BioC 3.15 |
|
This page was generated on 2022-03-18 11:08:45 -0400 (Fri, 18 Mar 2022).
| Hostname | OS | Arch (*) | R version | Installed pkgs |
|---|---|---|---|---|
| nebbiolo1 | Linux (Ubuntu 20.04.4 LTS) | x86_64 | R Under development (unstable) (2022-02-17 r81757) -- "Unsuffered Consequences" | 4334 |
| riesling1 | Windows Server 2019 Standard | x64 | R Under development (unstable) (2021-11-21 r81221) -- "Unsuffered Consequences" | 4097 |
| palomino3 | Windows Server 2022 Datacenter | x64 | R Under development (unstable) (2022-02-17 r81757 ucrt) -- "Unsuffered Consequences" | 4083 |
| merida1 | macOS 10.14.6 Mojave | x86_64 | R Under development (unstable) (2022-03-02 r81842) -- "Unsuffered Consequences" | 4134 |
| Click on any hostname to see more info about the system (e.g. compilers) (*) as reported by 'uname -p', except on Windows and Mac OS X | ||||
|
To the developers/maintainers of the spicyR package: - Please allow up to 24 hours (and sometimes 48 hours) for your latest push to git@git.bioconductor.org:packages/spicyR.git to reflect on this report. See How and When does the builder pull? When will my changes propagate? here for more information. - Make sure to use the following settings in order to reproduce any error or warning you see on this page. |
| Package 1863/2090 | Hostname | OS / Arch | INSTALL | BUILD | CHECK | BUILD BIN | ||||||||
| spicyR 1.7.2 (landing page) Ellis Patrick
| nebbiolo1 | Linux (Ubuntu 20.04.4 LTS) / x86_64 | OK | OK | WARNINGS | |||||||||
| riesling1 | Windows Server 2019 Standard / x64 | OK | OK | WARNINGS | OK | |||||||||
| palomino3 | Windows Server 2022 Datacenter / x64 | OK | OK | WARNINGS | OK | |||||||||
| merida1 | macOS 10.14.6 Mojave / x86_64 | OK | OK | WARNINGS | OK | |||||||||
| Package: spicyR |
| Version: 1.7.2 |
| Command: D:\biocbuild\bbs-3.15-bioc\R\bin\R.exe CMD check --no-multiarch --install=check:spicyR.install-out.txt --library=D:\biocbuild\bbs-3.15-bioc\R\library --no-vignettes --timings spicyR_1.7.2.tar.gz |
| StartedAt: 2022-03-17 20:22:07 -0400 (Thu, 17 Mar 2022) |
| EndedAt: 2022-03-17 20:30:26 -0400 (Thu, 17 Mar 2022) |
| EllapsedTime: 498.5 seconds |
| RetCode: 0 |
| Status: WARNINGS |
| CheckDir: spicyR.Rcheck |
| Warnings: 1 |
##############################################################################
##############################################################################
###
### Running command:
###
### D:\biocbuild\bbs-3.15-bioc\R\bin\R.exe CMD check --no-multiarch --install=check:spicyR.install-out.txt --library=D:\biocbuild\bbs-3.15-bioc\R\library --no-vignettes --timings spicyR_1.7.2.tar.gz
###
##############################################################################
##############################################################################
* using log directory 'D:/biocbuild/bbs-3.15-bioc/meat/spicyR.Rcheck'
* using R Under development (unstable) (2021-11-21 r81221)
* using platform: x86_64-w64-mingw32 (64-bit)
* using session charset: ISO8859-1
* using option '--no-vignettes'
* checking for file 'spicyR/DESCRIPTION' ... OK
* checking extension type ... Package
* this is package 'spicyR' version '1.7.2'
* package encoding: UTF-8
* checking package namespace information ... OK
* checking package dependencies ... OK
* checking if this is a source package ... OK
* checking if there is a namespace ... OK
* checking for hidden files and directories ... OK
* checking for portable file names ... OK
* checking whether package 'spicyR' can be installed ... OK
* checking installed package size ... OK
* checking package directory ... OK
* checking 'build' directory ... OK
* checking DESCRIPTION meta-information ... OK
* checking top-level files ... OK
* checking for left-over files ... OK
* checking index information ... OK
* checking package subdirectories ... OK
* checking R files for non-ASCII characters ... OK
* checking R files for syntax errors ... OK
* checking whether the package can be loaded ... OK
* checking whether the package can be loaded with stated dependencies ... OK
* checking whether the package can be unloaded cleanly ... OK
* checking whether the namespace can be loaded with stated dependencies ... OK
* checking whether the namespace can be unloaded cleanly ... OK
* checking dependencies in R code ... OK
* checking S3 generic/method consistency ... OK
* checking replacement functions ... OK
* checking foreign function calls ... OK
* checking R code for possible problems ... NOTE
calcWeights: no visible binding for global variable 'pairwiseAssoc'
calcWeights: no visible global function definition for 'quantile'
inhomL: no visible binding for global variable 'j'
inhomL: no visible binding for global variable 'value'
inhomL: no visible binding for global variable 'i'
inhomL: no visible binding for global variable 'd'
inhomL: no visible binding for global variable 'cellTypeI'
inhomL: no visible binding for global variable 'cellTypeJ'
inhomL: no visible global function definition for '.'
inhomL: no visible binding for global variable 'wt'
inhomLPair: no visible binding for global variable 'i'
Undefined global functions or variables:
. cellTypeI cellTypeJ d i j pairwiseAssoc quantile value wt
Consider adding
importFrom("stats", "quantile")
to your NAMESPACE file.
* checking Rd files ... OK
* checking Rd metadata ... OK
* checking Rd cross-references ... OK
* checking for missing documentation entries ... OK
* checking for code/documentation mismatches ... WARNING
Codoc mismatches from documentation object 'SegmentedCells-class':
SegmentedCells
Code: function(cellData, cellProfiler = FALSE, spatialCoords = c("x",
"y"), cellTypeString = "cellType", intensityString =
"intensity_", morphologyString = "morphology_",
phenotypeString = "phenotype_", cellIDString =
"cellID", cellAnnotations = NULL, imageCellIDString =
"imageCellID", imageIDString = "imageID", verbose =
TRUE)
Docs: function(cellData, cellProfiler = FALSE, spatialCoords = c("x",
"y"), cellTypeString = "cellType", intensityString =
"intensity_", morphologyString = "morphology_",
phenotypeString = "phenotype_", cellIDString =
"cellID", cellAnnotations = NULL, imageCellIDString =
"imageCellID", imageIDString = "imageID")
Argument names in code not in docs:
verbose
Codoc mismatches from documentation object 'getPairwise':
getPairwise
Code: function(cells, from = unique(cellType(cells)), to =
unique(cellType(cells)), dist = NULL, window =
"convex", window.length = NULL, Rs = c(20, 50, 100),
sigma = NULL, minLambda = 0.05, fast = TRUE,
edgeCorrect = TRUE, includeZeroCells = TRUE, BPPARAM =
BiocParallel::SerialParam())
Docs: function(cells, from = unique(cellType(cells)), to =
unique(cellType(cells)), dist = NULL, window =
"convex", window.length = NULL, Rs = c(20, 50, 100),
sigma = NULL, minLambda = 0.05, fast = TRUE,
edgeCorrect = TRUE, BPPARAM =
BiocParallel::SerialParam())
Argument names in code not in docs:
includeZeroCells
Mismatches in argument names:
Position: 12 Code: includeZeroCells Docs: BPPARAM
Codoc mismatches from documentation object 'SpicyResults-class':
spicy
Code: function(cells, condition = NULL, subject = NULL, covariates =
NULL, from = NULL, to = NULL, dist = NULL, integrate =
TRUE, nsim = NULL, verbose = TRUE, weights = TRUE,
weightsByPair = FALSE, weightFactor = 1, window =
"convex", window.length = NULL, BPPARAM =
BiocParallel::SerialParam(), sigma = NULL, Rs = NULL,
minLambda = 0.05, fast = TRUE, edgeCorrect = TRUE,
includeZeroCells = FALSE, ...)
Docs: function(cells, condition = NULL, subject = NULL, covariates =
NULL, from = NULL, to = NULL, dist = NULL, integrate =
TRUE, nsim = NULL, verbose = TRUE, weights = TRUE,
weightsByPair = FALSE, weightFactor = 1, window =
"convex", window.length = NULL, BPPARAM =
BiocParallel::SerialParam(), sigma = NULL, Rs = NULL,
minLambda = 0.05, fast = TRUE, edgeCorrect = TRUE,
...)
Argument names in code not in docs:
includeZeroCells
Mismatches in argument names:
Position: 22 Code: includeZeroCells Docs: ...
* checking Rd \usage sections ... OK
* checking Rd contents ... OK
* checking for unstated dependencies in examples ... OK
* checking contents of 'data' directory ... OK
* checking data for non-ASCII characters ... OK
* checking data for ASCII and uncompressed saves ... OK
* checking files in 'vignettes' ... OK
* checking examples ... OK
Examples with CPU (user + system) or elapsed time > 5s
user system elapsed
getPairwise 345.56 39.88 382.23
spicy 13.39 0.17 13.58
* checking for unstated dependencies in vignettes ... OK
* checking package vignettes in 'inst/doc' ... OK
* checking running R code from vignettes ... SKIPPED
* checking re-building of vignette outputs ... SKIPPED
* checking PDF version of manual ... OK
* DONE
Status: 1 WARNING, 1 NOTE
See
'D:/biocbuild/bbs-3.15-bioc/meat/spicyR.Rcheck/00check.log'
for details.
spicyR.Rcheck/00install.out
##############################################################################
##############################################################################
###
### Running command:
###
### D:\biocbuild\bbs-3.15-bioc\R\bin\R.exe CMD INSTALL spicyR
###
##############################################################################
##############################################################################
* installing to library 'D:/biocbuild/bbs-3.15-bioc/R/library'
* installing *source* package 'spicyR' ...
** using staged installation
** R
** data
** inst
** byte-compile and prepare package for lazy loading
** help
*** installing help indices
converting help for package 'spicyR'
finding HTML links ... done
Accessors html
SegmentedCells html
as.data.frame.SegmentedCells html
diabetesData html
getPairwise html
plot-SegmentedCells html
show-SegmentedCells html
signifPlot html
spicy html
spicyTest html
spicyTestBootstrap html
topPairs html
** building package indices
** installing vignettes
** testing if installed package can be loaded from temporary location
** testing if installed package can be loaded from final location
** testing if installed package keeps a record of temporary installation path
* DONE (spicyR)
Making 'packages.html' ...Warning in packageDescription(i, lib.loc = lib, fields = "Title", encoding = "UTF-8") :
DESCRIPTION file of package 'ppcseq' is missing or broken
done
spicyR.Rcheck/spicyR-Ex.timings
| name | user | system | elapsed | |
| Accessors | 0.3 | 0.0 | 0.3 | |
| SegmentedCells | 0.25 | 0.00 | 0.25 | |
| getPairwise | 345.56 | 39.88 | 382.23 | |
| plot-SegmentedCells | 0.18 | 0.00 | 0.17 | |
| show-SegmentedCells | 0.23 | 0.04 | 0.28 | |
| signifPlot | 0.11 | 0.02 | 0.12 | |
| spicy | 13.39 | 0.17 | 13.58 | |
| topPairs | 0 | 0 | 0 | |