| Back to Multiple platform build/check report for BioC 3.15 |
|
This page was generated on 2022-03-18 11:08:43 -0400 (Fri, 18 Mar 2022).
| Hostname | OS | Arch (*) | R version | Installed pkgs |
|---|---|---|---|---|
| nebbiolo1 | Linux (Ubuntu 20.04.4 LTS) | x86_64 | R Under development (unstable) (2022-02-17 r81757) -- "Unsuffered Consequences" | 4334 |
| riesling1 | Windows Server 2019 Standard | x64 | R Under development (unstable) (2021-11-21 r81221) -- "Unsuffered Consequences" | 4097 |
| palomino3 | Windows Server 2022 Datacenter | x64 | R Under development (unstable) (2022-02-17 r81757 ucrt) -- "Unsuffered Consequences" | 4083 |
| merida1 | macOS 10.14.6 Mojave | x86_64 | R Under development (unstable) (2022-03-02 r81842) -- "Unsuffered Consequences" | 4134 |
| Click on any hostname to see more info about the system (e.g. compilers) (*) as reported by 'uname -p', except on Windows and Mac OS X | ||||
|
To the developers/maintainers of the sitadela package: - Please allow up to 24 hours (and sometimes 48 hours) for your latest push to git@git.bioconductor.org:packages/sitadela.git to reflect on this report. See How and When does the builder pull? When will my changes propagate? here for more information. - Make sure to use the following settings in order to reproduce any error or warning you see on this page. |
| Package 1820/2090 | Hostname | OS / Arch | INSTALL | BUILD | CHECK | BUILD BIN | ||||||||
| sitadela 1.3.0 (landing page) Panagiotis Moulos
| nebbiolo1 | Linux (Ubuntu 20.04.4 LTS) / x86_64 | OK | OK | WARNINGS | |||||||||
| riesling1 | Windows Server 2019 Standard / x64 | OK | OK | WARNINGS | OK | |||||||||
| palomino3 | Windows Server 2022 Datacenter / x64 | OK | OK | WARNINGS | OK | |||||||||
| merida1 | macOS 10.14.6 Mojave / x86_64 | OK | OK | WARNINGS | OK | |||||||||
| Package: sitadela |
| Version: 1.3.0 |
| Command: D:\biocbuild\bbs-3.15-bioc\R\bin\R.exe CMD check --no-multiarch --install=check:sitadela.install-out.txt --library=D:\biocbuild\bbs-3.15-bioc\R\library --no-vignettes --timings sitadela_1.3.0.tar.gz |
| StartedAt: 2022-03-17 20:19:19 -0400 (Thu, 17 Mar 2022) |
| EndedAt: 2022-03-17 20:24:00 -0400 (Thu, 17 Mar 2022) |
| EllapsedTime: 281.1 seconds |
| RetCode: 0 |
| Status: WARNINGS |
| CheckDir: sitadela.Rcheck |
| Warnings: 1 |
##############################################################################
##############################################################################
###
### Running command:
###
### D:\biocbuild\bbs-3.15-bioc\R\bin\R.exe CMD check --no-multiarch --install=check:sitadela.install-out.txt --library=D:\biocbuild\bbs-3.15-bioc\R\library --no-vignettes --timings sitadela_1.3.0.tar.gz
###
##############################################################################
##############################################################################
* using log directory 'D:/biocbuild/bbs-3.15-bioc/meat/sitadela.Rcheck'
* using R Under development (unstable) (2021-11-21 r81221)
* using platform: x86_64-w64-mingw32 (64-bit)
* using session charset: ISO8859-1
* using option '--no-vignettes'
* checking for file 'sitadela/DESCRIPTION' ... OK
* checking extension type ... Package
* this is package 'sitadela' version '1.3.0'
* package encoding: UTF-8
* checking package namespace information ... OK
* checking package dependencies ... OK
* checking if this is a source package ... OK
* checking if there is a namespace ... OK
* checking for hidden files and directories ... OK
* checking for portable file names ... OK
* checking whether package 'sitadela' can be installed ... OK
* checking installed package size ... OK
* checking package directory ... OK
* checking 'build' directory ... OK
* checking DESCRIPTION meta-information ... OK
* checking top-level files ... OK
* checking for left-over files ... OK
* checking index information ... OK
* checking package subdirectories ... OK
* checking R files for non-ASCII characters ... OK
* checking R files for syntax errors ... OK
* checking whether the package can be loaded ... OK
* checking whether the package can be loaded with stated dependencies ... OK
* checking whether the package can be unloaded cleanly ... OK
* checking whether the namespace can be loaded with stated dependencies ... OK
* checking whether the namespace can be unloaded cleanly ... OK
* checking dependencies in R code ... WARNING
Missing or unexported object: 'GenomeInfoDb::fetchExtendedChromInfoFromUCSC'
* checking S3 generic/method consistency ... OK
* checking replacement functions ... OK
* checking foreign function calls ... OK
* checking R code for possible problems ... OK
* checking Rd files ... OK
* checking Rd metadata ... OK
* checking Rd cross-references ... OK
* checking for missing documentation entries ... OK
* checking for code/documentation mismatches ... OK
* checking Rd \usage sections ... OK
* checking Rd contents ... OK
* checking for unstated dependencies in examples ... OK
* checking files in 'vignettes' ... OK
* checking examples ... OK
Examples with CPU (user + system) or elapsed time > 5s
user system elapsed
getAnnotation 4.63 0.06 9.94
* checking for unstated dependencies in 'tests' ... OK
* checking tests ...
Running 'runTests.R'
OK
* checking for unstated dependencies in vignettes ... OK
* checking package vignettes in 'inst/doc' ... OK
* checking running R code from vignettes ... SKIPPED
* checking re-building of vignette outputs ... SKIPPED
* checking PDF version of manual ... OK
* DONE
Status: 1 WARNING
See
'D:/biocbuild/bbs-3.15-bioc/meat/sitadela.Rcheck/00check.log'
for details.
sitadela.Rcheck/00install.out
##############################################################################
##############################################################################
###
### Running command:
###
### D:\biocbuild\bbs-3.15-bioc\R\bin\R.exe CMD INSTALL sitadela
###
##############################################################################
##############################################################################
* installing to library 'D:/biocbuild/bbs-3.15-bioc/R/library'
* installing *source* package 'sitadela' ...
** using staged installation
** R
** inst
** byte-compile and prepare package for lazy loading
** help
*** installing help indices
converting help for package 'sitadela'
finding HTML links ... done
addAnnotation html
addCustomAnnotation html
getAnnotation html
getInstalledAnnotations html
getSeqInfo html
finding level-2 HTML links ... done
getUserAnnotations html
getsetDbPath html
importCustomAnnotation html
loadAnnotation html
removeAnnotation html
testFuns html
** building package indices
** installing vignettes
** testing if installed package can be loaded from temporary location
sitadela database found at C:/Users/biocbuild/AppData/Roaming/R/data/R/sitadela directory
** testing if installed package can be loaded from final location
sitadela database found at C:/Users/biocbuild/AppData/Roaming/R/data/R/sitadela directory
** testing if installed package keeps a record of temporary installation path
* DONE (sitadela)
Making 'packages.html' ... done
sitadela.Rcheck/tests/runTests.Rout
R Under development (unstable) (2021-11-21 r81221) -- "Unsuffered Consequences"
Copyright (C) 2021 The R Foundation for Statistical Computing
Platform: x86_64-w64-mingw32/x64 (64-bit)
R is free software and comes with ABSOLUTELY NO WARRANTY.
You are welcome to redistribute it under certain conditions.
Type 'license()' or 'licence()' for distribution details.
R is a collaborative project with many contributors.
Type 'contributors()' for more information and
'citation()' on how to cite R or R packages in publications.
Type 'demo()' for some demos, 'help()' for on-line help, or
'help.start()' for an HTML browser interface to help.
Type 'q()' to quit R.
> BiocGenerics:::testPackage("sitadela")
sitadela database found at C:/Users/biocbuild/AppData/Roaming/R/data/R/sitadela directory
Scheduling 1 tests
==================================================
Running test 1 of 1 scheduled
Testing level gene from mm10 from latest version
Using Ensembl host https://may2021.archive.ensembl.org
Test 1 successful!
Created 55322 features
Sample data:
chromosome start end gene_id gc_content
ENSMUSG00000102693 chr1 3143476 3144545 ENSMUSG00000102693 34.21
ENSMUSG00000064842 chr1 3172239 3172348 ENSMUSG00000064842 36.36
ENSMUSG00000051951 chr1 3276124 3741721 ENSMUSG00000051951 38.51
ENSMUSG00000102851 chr1 3322980 3323459 ENSMUSG00000102851 39.79
ENSMUSG00000103377 chr1 3435954 3438772 ENSMUSG00000103377 40.79
ENSMUSG00000104017 chr1 3445779 3448011 ENSMUSG00000104017 36.99
strand gene_name biotype
ENSMUSG00000102693 + 4933401J01Rik TEC
ENSMUSG00000064842 + Gm26206 snRNA
ENSMUSG00000051951 - Xkr4 protein_coding
ENSMUSG00000102851 + Gm18956 processed_pseudogene
ENSMUSG00000103377 - Gm37180 TEC
ENSMUSG00000104017 - Gm37363 TEC
Testing finished!
Summary
==================================================
Succesful tests: 1 out of 1
Failed tests : 0 out of 1
Scheduling 1 tests
==================================================
Running test 1 of 1 scheduled
Testing level transcript from mm10 from latest version
Using Ensembl host https://may2021.archive.ensembl.org
Test 1 successful!
Created 142338 features
Sample data:
chromosome start end transcript_id
ENSMUST00000193812 chr1 3143476 3144545 ENSMUST00000193812
ENSMUST00000082908 chr1 3172239 3172348 ENSMUST00000082908
ENSMUST00000162897 chr1 3276124 3286567 ENSMUST00000162897
ENSMUST00000159265 chr1 3276746 3285855 ENSMUST00000159265
ENSMUST00000070533 chr1 3284705 3741721 ENSMUST00000070533
ENSMUST00000192857 chr1 3322980 3323459 ENSMUST00000192857
gene_id strand gene_name biotype
ENSMUST00000193812 ENSMUSG00000102693 + 4933401J01Rik TEC
ENSMUST00000082908 ENSMUSG00000064842 + Gm26206 snRNA
ENSMUST00000162897 ENSMUSG00000051951 - Xkr4 protein_coding
ENSMUST00000159265 ENSMUSG00000051951 - Xkr4 protein_coding
ENSMUST00000070533 ENSMUSG00000051951 - Xkr4 protein_coding
ENSMUST00000192857 ENSMUSG00000102851 + Gm18956 processed_pseudogene
Testing finished!
Summary
==================================================
Succesful tests: 1 out of 1
Failed tests : 0 out of 1
Scheduling 1 tests
==================================================
Running test 1 of 1 scheduled
Testing level gene from danrer11 from latest version
Using Ensembl host https://may2021.archive.ensembl.org
Test 1 successful!
Created 32020 features
Sample data:
chromosome start end gene_id gc_content strand
ENSDARG00000099104 chr1 6408 12027 ENSDARG00000099104 43.42 -
ENSDARG00000102407 chr1 11822 16373 ENSDARG00000102407 54.39 +
ENSDARG00000102097 chr1 18716 23389 ENSDARG00000102097 52.70 +
ENSDARG00000099319 chr1 25585 27255 ENSDARG00000099319 37.64 +
ENSDARG00000099640 chr1 27690 34330 ENSDARG00000099640 53.02 +
ENSDARG00000104071 chr1 36552 39191 ENSDARG00000104071 50.64 +
gene_name biotype
ENSDARG00000099104 rpl24 protein_coding
ENSDARG00000102407 cep97 protein_coding
ENSDARG00000102097 nfkbiz protein_coding
ENSDARG00000099319 CU651657.1 protein_coding
ENSDARG00000099640 eed protein_coding
ENSDARG00000104071 hikeshi protein_coding
Testing finished!
Summary
==================================================
Succesful tests: 1 out of 1
Failed tests : 0 out of 1
Scheduling 1 tests
==================================================
Running test 1 of 1 scheduled
Testing level transcript from danrer11 from latest version
Using Ensembl host https://may2021.archive.ensembl.org
Test 1 successful!
Created 59253 features
Sample data:
chromosome start end transcript_id gene_id
ENSDART00000164359 chr1 6408 12027 ENSDART00000164359 ENSDARG00000099104
ENSDART00000157701 chr1 6642 9919 ENSDART00000157701 ENSDARG00000099104
ENSDART00000158290 chr1 6642 7335 ENSDART00000158290 ENSDARG00000099104
ENSDART00000167898 chr1 6644 11725 ENSDART00000167898 ENSDARG00000099104
ENSDART00000166393 chr1 11822 16373 ENSDART00000166393 ENSDARG00000102407
ENSDART00000161842 chr1 11992 14058 ENSDART00000161842 ENSDARG00000102407
strand gene_name biotype
ENSDART00000164359 - rpl24 protein_coding
ENSDART00000157701 - rpl24 protein_coding
ENSDART00000158290 - rpl24 protein_coding
ENSDART00000167898 - rpl24 protein_coding
ENSDART00000166393 + cep97 protein_coding
ENSDART00000161842 + cep97 protein_coding
Testing finished!
Summary
==================================================
Succesful tests: 1 out of 1
Failed tests : 0 out of 1
Scheduling 2 tests
==================================================
Running test 1 of 2 scheduled
Opening sitadela SQLite database D:\biocbuild\bbs-3.15-bioc\tmpdir\Rtmp4I7MwU\file2310f70758a
Importing GTF D:/biocbuild/bbs-3.15-bioc/R/library/sitadela/dummy.gtf.gz as GTF to make id map
Making id map
Importing GTF D:/biocbuild/bbs-3.15-bioc/R/library/sitadela/dummy.gtf.gz as TxDb
Import genomic features from the file as a GRanges object ... OK
Prepare the 'metadata' data frame ... OK
Make the TxDb object ... OK
Retrieving gene annotation for dummy from dummy_db version 1 from D:/biocbuild/bbs-3.15-bioc/R/library/sitadela/dummy.gtf.gz
Retrieving transcript annotation for dummy from dummy_db version 1
Retrieving summarized transcript annotation for dummy from dummy_db version 1
Retrieving 3' UTR annotation for dummy from dummy_db version 1
Retrieving summarized 3' UTR annotation per gene for dummy from dummy_db version 1
Retrieving summarized 3' UTR annotation per transcript for dummy from dummy_db version 1
Retrieving exon annotation for dummy from dummy_db version 1
Retrieving summarized exon annotation for dummy from dummy_db version 1
Retrieving extended exon annotation for dummy from dummy_db version 1
Retrieving summarized transcript exon annotation for dummy from dummy_db version 1
Test 1 successful!
Running test 2 of 2 scheduled
Test 2 successful!
Deleting temporary database D:\biocbuild\bbs-3.15-bioc\tmpdir\Rtmp4I7MwU\file2310f70758a
Scheduling 2 tests
==================================================
Running test 1 of 2 scheduled
********************************************************
This is sitadela 1.3.0 genomic region annotation builder
********************************************************
sitadela database found at D:/biocbuild/bbs-3.15-bioc/tmpdir/Rtmp4I7MwU directory
========================================================
2022-03-17 20:23:12 - Try 1
========================================================
Opening sitadela SQLite database D:\biocbuild\bbs-3.15-bioc\tmpdir\Rtmp4I7MwU\file2310361652e0
Retrieving genome information for dm6 from ensembl
Loading required package: BiocGenerics
Attaching package: 'BiocGenerics'
The following objects are masked from 'package:stats':
IQR, mad, sd, var, xtabs
The following objects are masked from 'package:base':
Filter, Find, Map, Position, Reduce, anyDuplicated, append,
as.data.frame, basename, cbind, colnames, dirname, do.call,
duplicated, eval, evalq, get, grep, grepl, intersect, is.unsorted,
lapply, mapply, match, mget, order, paste, pmax, pmax.int, pmin,
pmin.int, rank, rbind, rownames, sapply, setdiff, sort, table,
tapply, union, unique, unsplit, which.max, which.min
Loading required package: S4Vectors
Loading required package: stats4
Attaching package: 'S4Vectors'
The following objects are masked from 'package:base':
I, expand.grid, unname
Attaching package: 'IRanges'
The following object is masked from 'package:grDevices':
windows
Retrieving gene annotation for dm6 from ensembl version 102
Using Ensembl host https://nov2020.archive.ensembl.org
Retrieving transcript annotation for dm6 from ensembl version 102
Using Ensembl host https://nov2020.archive.ensembl.org
Merging transcripts for dm6 from ensembl version 102
Retrieving 3' UTR annotation for dm6 from ensembl version 102
Using Ensembl host https://nov2020.archive.ensembl.org
Merging gene 3' UTRs for dm6 from ensembl version 102
Merging transcript 3' UTRs for dm6 from ensembl version 102
Retrieving exon annotation for dm6 from ensembl version 102
Using Ensembl host https://nov2020.archive.ensembl.org
Retrieving extended exon annotation for dm6 from ensembl version 102
Using Ensembl host https://nov2020.archive.ensembl.org
Merging exons for dm6 from ensembl version 102
Merging exons for dm6 from ensembl version 102
-------------------------------------------------------
Building process complete!
-------------------------------------------------------
Test 1 successful!
Running test 2 of 2 scheduled
Test 2 successful!
Deleting temporary database D:\biocbuild\bbs-3.15-bioc\tmpdir\Rtmp4I7MwU\file2310361652e0
Loading required package: RMySQL
Loading required package: DBI
Cannot run 3' UTR tests from UCSC on non Unix/Linux machines!
Cannot run 3' UTR tests from UCSC on non Unix/Linux machines!
Cannot run 3' UTR tests from UCSC on non Unix/Linux machines!
Cannot run 3' UTR tests from UCSC on non Unix/Linux machines!
Cannot run 3' UTR tests from UCSC on non Unix/Linux machines!
Cannot run 3' UTR tests from UCSC on non Unix/Linux machines!
Cannot run 3' UTR tests from UCSC on non Unix/Linux machines!
Cannot run 3' UTR tests from UCSC on non Unix/Linux machines!
Cannot run 3' UTR tests from UCSC on non Unix/Linux machines!
RUNIT TEST PROTOCOL -- Thu Mar 17 20:23:51 2022
***********************************************
Number of test functions: 8
Number of errors: 0
Number of failures: 0
1 Test Suite :
sitadela RUnit Tests - 8 test functions, 0 errors, 0 failures
Number of test functions: 8
Number of errors: 0
Number of failures: 0
Warning message:
call dbDisconnect() when finished working with a connection
>
> proc.time()
user system elapsed
50.90 1.82 80.59
sitadela.Rcheck/sitadela-Ex.timings
| name | user | system | elapsed | |
| addAnnotation | 0 | 0 | 0 | |
| addCustomAnnotation | 0.01 | 0.00 | 0.01 | |
| getAnnotation | 4.63 | 0.06 | 9.94 | |
| getInstalledAnnotations | 0 | 0 | 0 | |
| getSeqInfo | 0.15 | 0.03 | 0.61 | |
| getUserAnnotations | 0 | 0 | 0 | |
| getsetDbPath | 0 | 0 | 0 | |
| importCustomAnnotation | 0 | 0 | 0 | |
| loadAnnotation | 0.02 | 0.00 | 0.01 | |
| removeAnnotation | 0 | 0 | 0 | |
| testFuns | 4.00 | 0.24 | 4.28 | |