| Back to Multiple platform build/check report for BioC 3.15 |
|
This page was generated on 2022-10-19 13:22:07 -0400 (Wed, 19 Oct 2022).
| Hostname | OS | Arch (*) | R version | Installed pkgs |
|---|---|---|---|---|
| nebbiolo1 | Linux (Ubuntu 20.04.5 LTS) | x86_64 | 4.2.1 (2022-06-23) -- "Funny-Looking Kid" | 4386 |
| palomino3 | Windows Server 2022 Datacenter | x64 | 4.2.1 (2022-06-23 ucrt) -- "Funny-Looking Kid" | 4138 |
| merida1 | macOS 10.14.6 Mojave | x86_64 | 4.2.1 (2022-06-23) -- "Funny-Looking Kid" | 4205 |
| Click on any hostname to see more info about the system (e.g. compilers) (*) as reported by 'uname -p', except on Windows and Mac OS X | ||||
|
To the developers/maintainers of the recountmethylation package: - Please allow up to 24 hours (and sometimes 48 hours) for your latest push to git@git.bioconductor.org:packages/recountmethylation.git to reflect on this report. See How and When does the builder pull? When will my changes propagate? for more information. - Make sure to use the following settings in order to reproduce any error or warning you see on this page. |
| Package 1611/2140 | Hostname | OS / Arch | INSTALL | BUILD | CHECK | BUILD BIN | ||||||||
| recountmethylation 1.6.1 (landing page) Sean K Maden
| nebbiolo1 | Linux (Ubuntu 20.04.5 LTS) / x86_64 | OK | OK | WARNINGS | |||||||||
| palomino3 | Windows Server 2022 Datacenter / x64 | OK | OK | WARNINGS | OK | |||||||||
| merida1 | macOS 10.14.6 Mojave / x86_64 | OK | OK | WARNINGS | OK | |||||||||
| Package: recountmethylation |
| Version: 1.6.1 |
| Command: F:\biocbuild\bbs-3.15-bioc\R\bin\R.exe CMD check --no-multiarch --install=check:recountmethylation.install-out.txt --library=F:\biocbuild\bbs-3.15-bioc\R\library --no-vignettes --timings recountmethylation_1.6.1.tar.gz |
| StartedAt: 2022-10-19 03:20:47 -0400 (Wed, 19 Oct 2022) |
| EndedAt: 2022-10-19 03:22:31 -0400 (Wed, 19 Oct 2022) |
| EllapsedTime: 104.0 seconds |
| RetCode: 0 |
| Status: WARNINGS |
| CheckDir: recountmethylation.Rcheck |
| Warnings: 2 |
##############################################################################
##############################################################################
###
### Running command:
###
### F:\biocbuild\bbs-3.15-bioc\R\bin\R.exe CMD check --no-multiarch --install=check:recountmethylation.install-out.txt --library=F:\biocbuild\bbs-3.15-bioc\R\library --no-vignettes --timings recountmethylation_1.6.1.tar.gz
###
##############################################################################
##############################################################################
* using log directory 'F:/biocbuild/bbs-3.15-bioc/meat/recountmethylation.Rcheck'
* using R version 4.2.1 (2022-06-23 ucrt)
* using platform: x86_64-w64-mingw32 (64-bit)
* using session charset: UTF-8
* using option '--no-vignettes'
* checking for file 'recountmethylation/DESCRIPTION' ... OK
* this is package 'recountmethylation' version '1.6.1'
* package encoding: UTF-8
* checking package namespace information ... OK
* checking package dependencies ... OK
* checking if this is a source package ... OK
* checking if there is a namespace ... OK
* checking for hidden files and directories ... OK
* checking for portable file names ... OK
* checking whether package 'recountmethylation' can be installed ... OK
* checking installed package size ... NOTE
installed size is 5.4Mb
sub-directories of 1Mb or more:
extdata 5.1Mb
* checking package directory ... OK
* checking 'build' directory ... OK
* checking DESCRIPTION meta-information ... OK
* checking top-level files ... OK
* checking for left-over files ... OK
* checking index information ... OK
* checking package subdirectories ... OK
* checking R files for non-ASCII characters ... OK
* checking R files for syntax errors ... OK
* checking whether the package can be loaded ... OK
* checking whether the package can be loaded with stated dependencies ... OK
* checking whether the package can be unloaded cleanly ... OK
* checking whether the namespace can be loaded with stated dependencies ... OK
* checking whether the namespace can be unloaded cleanly ... OK
* checking dependencies in R code ... WARNING
'::' or ':::' imports not declared from:
'DelayedMatrixStats' 'basilisk' 'reticulate'
Namespace in Imports field not imported from: 'IlluminaHumanMethylation450kmanifest'
All declared Imports should be used.
There are ::: calls to the package's namespace in its code. A package
almost never needs to use ::: for its own objects:
'ba.background' 'ba.biotinstaining.grn' 'ba.biotinstaining.red'
'ba.bisulfiteconv1.grn' 'ba.bisulfiteconv1.red' 'ba.bisulfiteconv2'
'ba.extension.grn' 'ba.extension.red' 'ba.hybridization.hi.vs.med'
'ba.hybridization.med.vs.low' 'ba.nonpolymorphic.grn'
'ba.nonpolymorphic.red' 'ba.restoration' 'ba.specificity1.grn'
'ba.specificity1.red' 'ba.specificity2' 'ba.targetremoval1'
'ba.targetremoval2' 'setup_sienv'
* checking S3 generic/method consistency ... OK
* checking replacement functions ... OK
* checking foreign function calls ... OK
* checking R code for possible problems ... NOTE
get_fh : <anonymous>: no visible global function definition for
'make_fhmatrix_autolabel'
make_si : <anonymous>: no visible global function definition for
'make_hnsw_si'
query_si: no visible binding for global variable 'v'
query_si : <anonymous>: no visible global function definition for
'make_dfk_sampleid'
Undefined global functions or variables:
make_dfk_sampleid make_fhmatrix_autolabel make_hnsw_si v
* checking Rd files ... NOTE
prepare_Rd: query_si.Rd:33-35: Dropping empty section \value
* checking Rd metadata ... OK
* checking Rd cross-references ... OK
* checking for missing documentation entries ... OK
* checking for code/documentation mismatches ... OK
* checking Rd \usage sections ... OK
* checking Rd contents ... OK
* checking for unstated dependencies in examples ... WARNING
'library' or 'require' call not declared from: 'minfiData'
* checking files in 'vignettes' ... OK
* checking examples ... OK
Examples with CPU (user + system) or elapsed time > 5s
user system elapsed
bactrl 13.14 0.81 13.97
gds_idat2rg 6.75 0.36 19.27
gds_idatquery 1.56 0.25 5.44
get_rmdl 0.09 0.05 5.25
* checking for unstated dependencies in 'tests' ... OK
* checking tests ...
Running 'test-servermatrix.R'
OK
* checking for unstated dependencies in vignettes ... OK
* checking package vignettes in 'inst/doc' ... OK
* checking running R code from vignettes ... SKIPPED
* checking re-building of vignette outputs ... SKIPPED
* checking PDF version of manual ... OK
* DONE
Status: 2 WARNINGs, 3 NOTEs
See
'F:/biocbuild/bbs-3.15-bioc/meat/recountmethylation.Rcheck/00check.log'
for details.
recountmethylation.Rcheck/00install.out
############################################################################## ############################################################################## ### ### Running command: ### ### F:\biocbuild\bbs-3.15-bioc\R\bin\R.exe CMD INSTALL recountmethylation ### ############################################################################## ############################################################################## * installing to library 'F:/biocbuild/bbs-3.15-bioc/R/library' * installing *source* package 'recountmethylation' ... ** using staged installation ** R ** inst ** byte-compile and prepare package for lazy loading ** help *** installing help indices ** building package indices ** installing vignettes ** testing if installed package can be loaded from temporary location ** testing if installed package can be loaded from final location ** testing if installed package keeps a record of temporary installation path * DONE (recountmethylation)
recountmethylation.Rcheck/tests/test-servermatrix.Rout
R version 4.2.1 (2022-06-23 ucrt) -- "Funny-Looking Kid"
Copyright (C) 2022 The R Foundation for Statistical Computing
Platform: x86_64-w64-mingw32/x64 (64-bit)
R is free software and comes with ABSOLUTELY NO WARRANTY.
You are welcome to redistribute it under certain conditions.
Type 'license()' or 'licence()' for distribution details.
R is a collaborative project with many contributors.
Type 'contributors()' for more information and
'citation()' on how to cite R or R packages in publications.
Type 'demo()' for some demos, 'help()' for on-line help, or
'help.start()' for an HTML browser interface to help.
Type 'q()' to quit R.
> testthat::context("Test the server matrix properties")
>
> testthat::test_that("Properties of server matrix returned from get_rmdl
+ and servermatrix", {
+ sm <- recountmethylation::get_servermatrix()
+ testthat::expect_true(is(sm, "matrix"))
+ testthat::expect_equal(ncol(sm), 4)
+ testthat::expect_true(is(sm[,1], "character"))
+ })
Test passed 🌈
>
> proc.time()
user system elapsed
1.32 0.18 6.53
recountmethylation.Rcheck/recountmethylation-Ex.timings
| name | user | system | elapsed | |
| bactrl | 13.14 | 0.81 | 13.97 | |
| bathresh | 0 | 0 | 0 | |
| data_mdpost | 0.00 | 0.00 | 0.01 | |
| gds_idat2rg | 6.75 | 0.36 | 19.27 | |
| gds_idatquery | 1.56 | 0.25 | 5.44 | |
| get_crossreactive_cpgs | 0.14 | 0.00 | 0.20 | |
| get_fh | 0 | 0 | 0 | |
| get_qcsignal | 2.48 | 0.07 | 3.11 | |
| get_rmdl | 0.09 | 0.05 | 5.25 | |
| get_servermatrix | 0 | 0 | 0 | |
| getdb | 0 | 0 | 0 | |
| getrg | 0.25 | 0.01 | 0.47 | |
| hread | 0 | 0 | 0 | |
| make_si | 0 | 0 | 0 | |
| matchds_1to2 | 0 | 0 | 0 | |
| query_si | 0 | 0 | 0 | |
| rgse | 0.08 | 0.02 | 0.10 | |
| servermatrix | 0.01 | 0.00 | 0.37 | |
| smfilt | 0 | 0 | 0 | |