| Back to Multiple platform build/check report for BioC 3.15 |
|
This page was generated on 2022-10-19 13:22:07 -0400 (Wed, 19 Oct 2022).
| Hostname | OS | Arch (*) | R version | Installed pkgs |
|---|---|---|---|---|
| nebbiolo1 | Linux (Ubuntu 20.04.5 LTS) | x86_64 | 4.2.1 (2022-06-23) -- "Funny-Looking Kid" | 4386 |
| palomino3 | Windows Server 2022 Datacenter | x64 | 4.2.1 (2022-06-23 ucrt) -- "Funny-Looking Kid" | 4138 |
| merida1 | macOS 10.14.6 Mojave | x86_64 | 4.2.1 (2022-06-23) -- "Funny-Looking Kid" | 4205 |
| Click on any hostname to see more info about the system (e.g. compilers) (*) as reported by 'uname -p', except on Windows and Mac OS X | ||||
|
To the developers/maintainers of the rebook package: - Please allow up to 24 hours (and sometimes 48 hours) for your latest push to git@git.bioconductor.org:packages/rebook.git to reflect on this report. See How and When does the builder pull? When will my changes propagate? for more information. - Make sure to use the following settings in order to reproduce any error or warning you see on this page. |
| Package 1606/2140 | Hostname | OS / Arch | INSTALL | BUILD | CHECK | BUILD BIN | ||||||||
| rebook 1.6.0 (landing page) Aaron Lun
| nebbiolo1 | Linux (Ubuntu 20.04.5 LTS) / x86_64 | OK | OK | WARNINGS | |||||||||
| palomino3 | Windows Server 2022 Datacenter / x64 | OK | OK | WARNINGS | OK | |||||||||
| merida1 | macOS 10.14.6 Mojave / x86_64 | OK | OK | WARNINGS | OK | |||||||||
| Package: rebook |
| Version: 1.6.0 |
| Command: F:\biocbuild\bbs-3.15-bioc\R\bin\R.exe CMD check --no-multiarch --install=check:rebook.install-out.txt --library=F:\biocbuild\bbs-3.15-bioc\R\library --no-vignettes --timings rebook_1.6.0.tar.gz |
| StartedAt: 2022-10-19 03:20:09 -0400 (Wed, 19 Oct 2022) |
| EndedAt: 2022-10-19 03:23:21 -0400 (Wed, 19 Oct 2022) |
| EllapsedTime: 191.5 seconds |
| RetCode: 0 |
| Status: WARNINGS |
| CheckDir: rebook.Rcheck |
| Warnings: 1 |
##############################################################################
##############################################################################
###
### Running command:
###
### F:\biocbuild\bbs-3.15-bioc\R\bin\R.exe CMD check --no-multiarch --install=check:rebook.install-out.txt --library=F:\biocbuild\bbs-3.15-bioc\R\library --no-vignettes --timings rebook_1.6.0.tar.gz
###
##############################################################################
##############################################################################
* using log directory 'F:/biocbuild/bbs-3.15-bioc/meat/rebook.Rcheck'
* using R version 4.2.1 (2022-06-23 ucrt)
* using platform: x86_64-w64-mingw32 (64-bit)
* using session charset: UTF-8
* using option '--no-vignettes'
* checking for file 'rebook/DESCRIPTION' ... OK
* this is package 'rebook' version '1.6.0'
* checking package namespace information ... OK
* checking package dependencies ... OK
* checking if this is a source package ... OK
* checking if there is a namespace ... OK
* checking for hidden files and directories ... OK
* checking for portable file names ... OK
* checking whether package 'rebook' can be installed ... OK
* checking installed package size ... OK
* checking package directory ... OK
* checking 'build' directory ... OK
* checking DESCRIPTION meta-information ... OK
* checking top-level files ... OK
* checking for left-over files ... OK
* checking index information ... OK
* checking package subdirectories ... OK
* checking R files for non-ASCII characters ... OK
* checking R files for syntax errors ... OK
* checking whether the package can be loaded ... OK
* checking whether the package can be loaded with stated dependencies ... OK
* checking whether the package can be unloaded cleanly ... OK
* checking whether the namespace can be loaded with stated dependencies ... OK
* checking whether the namespace can be unloaded cleanly ... OK
* checking dependencies in R code ... OK
* checking S3 generic/method consistency ... OK
* checking replacement functions ... OK
* checking foreign function calls ... OK
* checking R code for possible problems ... OK
* checking Rd files ... OK
* checking Rd metadata ... OK
* checking Rd cross-references ... OK
* checking for missing documentation entries ... OK
* checking for code/documentation mismatches ... OK
* checking Rd \usage sections ... OK
* checking Rd contents ... OK
* checking for unstated dependencies in examples ... OK
* checking files in 'vignettes' ... OK
* checking examples ... WARNING
Found the following significant warnings:
Warning: 'createMakefile' is deprecated.
Deprecated functions may be defunct as soon as of the next release of
R.
See ?Deprecated.
Examples with CPU (user + system) or elapsed time > 5s
user system elapsed
scrapeReferences 0.48 0.17 10.36
extractCached 0.52 0.07 5.85
extractFromPackage 0.03 0.03 6.98
compileChapter 0.02 0.00 6.24
* checking for unstated dependencies in 'tests' ... OK
* checking tests ...
Running 'testthat.R'
OK
* checking for unstated dependencies in vignettes ... OK
* checking package vignettes in 'inst/doc' ... OK
* checking running R code from vignettes ... SKIPPED
* checking re-building of vignette outputs ... SKIPPED
* checking PDF version of manual ... OK
* DONE
Status: 1 WARNING
See
'F:/biocbuild/bbs-3.15-bioc/meat/rebook.Rcheck/00check.log'
for details.
rebook.Rcheck/00install.out
############################################################################## ############################################################################## ### ### Running command: ### ### F:\biocbuild\bbs-3.15-bioc\R\bin\R.exe CMD INSTALL rebook ### ############################################################################## ############################################################################## * installing to library 'F:/biocbuild/bbs-3.15-bioc/R/library' * installing *source* package 'rebook' ... ** using staged installation ** R ** inst ** byte-compile and prepare package for lazy loading ** help *** installing help indices ** building package indices ** installing vignettes ** testing if installed package can be loaded from temporary location ** testing if installed package can be loaded from final location ** testing if installed package keeps a record of temporary installation path * DONE (rebook)
rebook.Rcheck/tests/testthat.Rout
R version 4.2.1 (2022-06-23 ucrt) -- "Funny-Looking Kid"
Copyright (C) 2022 The R Foundation for Statistical Computing
Platform: x86_64-w64-mingw32/x64 (64-bit)
R is free software and comes with ABSOLUTELY NO WARRANTY.
You are welcome to redistribute it under certain conditions.
Type 'license()' or 'licence()' for distribution details.
R is a collaborative project with many contributors.
Type 'contributors()' for more information and
'citation()' on how to cite R or R packages in publications.
Type 'demo()' for some demos, 'help()' for on-line help, or
'help.start()' for an HTML browser interface to help.
Type 'q()' to quit R.
> library(testthat)
> library(rebook)
> test_check("rebook")
<button class="rebook-collapse">View set-up code (Chapter \@ref(test-chapter))</button>
<div class="rebook-content">
```r
#--- godzilla-1954 ---#
godzilla <- "RAWR!"
```
</div>
<button class="rebook-collapse">View set-up code (Chapter \@ref(test-chapter))</button>
<div class="rebook-content">
```r
#--- godzilla-1954 ---#
godzilla <- "RAWR!"
#--- ghidorah-1964 ---#
godzilla <- "GAO GAO"
ghidorah <- "pew pew"
mothra = "Oh, I'm not in this one." # WRONG!
#--- godzilla-1978 ---#
godzilla <- "rawr rawr"
mechagodzilla <- "beep beep"
#--- godzilla-2014 ---#
godzilla <- "I'm back."
muto <- "Hi."
```
</div>
processing file: test.Rmd
ordinary text without R code
label: unnamed-chunk-1 (with options)
List of 2
$ echo : logi FALSE
$ results: chr "asis"
ordinary text without R code
label: godzilla-1954
ordinary text without R code
label: unnamed-chunk-2
ordinary text without R code
label: unref-figure (with options)
List of 1
$ fig.cap: chr "BLAH BLAH BLAH"
ordinary text without R code
label: ghidorah-1964
ordinary text without R code
label: godzilla-1978
ordinary text without R code
label: godzilla-2014
output file: test.knit.md
"C:/PROGRA~1/Pandoc/pandoc" +RTS -K512m -RTS Test-book.md --to html4 --from markdown+autolink_bare_uris+tex_math_single_backslash --output Test-book.html --lua-filter "F:\biocbuild\bbs-3.15-bioc\R\library\bookdown\rmarkdown\lua\custom-environment.lua" --lua-filter "F:\biocbuild\bbs-3.15-bioc\R\library\rmarkdown\rmarkdown\lua\pagebreak.lua" --lua-filter "F:\biocbuild\bbs-3.15-bioc\R\library\rmarkdown\rmarkdown\lua\latex-div.lua" --lua-filter "F:\biocbuild\bbs-3.15-bioc\R\library\rmarkdown\rmarkdown\lua\anchor-sections.lua" --metadata-file "F:\biocbuild\bbs-3.15-bioc\tmpdir\RtmpQXf0qu\file136fc78169f3" --wrap preserve --standalone --section-divs --table-of-contents --toc-depth 3 --template "F:\biocbuild\bbs-3.15-bioc\R\library\bookdown\templates\gitbook.html" --highlight-style pygments --number-sections --mathjax --include-in-header "F:\biocbuild\bbs-3.15-bioc\tmpdir\RtmpQXf0qu\rmarkdown-str136fc35cf7108.html"
[WARNING] This document format requires a nonempty <title> element.
Please specify either 'title' or 'pagetitle' in the metadata,
e.g. by using --metadata pagetitle="..." on the command line.
Falling back to 'Test-book'
processing file: test.Rmd
ordinary text without R code
label: unnamed-chunk-1 (with options)
List of 2
$ echo : logi FALSE
$ results: chr "asis"
ordinary text without R code
label: godzilla-1954
ordinary text without R code
label: unnamed-chunk-2
ordinary text without R code
label: unref-figure (with options)
List of 1
$ fig.cap: chr "BLAH BLAH BLAH"
ordinary text without R code
label: ghidorah-1964
ordinary text without R code
label: godzilla-1978
ordinary text without R code
label: godzilla-2014
output file: test.knit.md
"C:/PROGRA~1/Pandoc/pandoc" +RTS -K512m -RTS Test-book.md --to html4 --from markdown+autolink_bare_uris+tex_math_single_backslash --output Test-book.html --lua-filter "F:\biocbuild\bbs-3.15-bioc\R\library\bookdown\rmarkdown\lua\custom-environment.lua" --lua-filter "F:\biocbuild\bbs-3.15-bioc\R\library\rmarkdown\rmarkdown\lua\pagebreak.lua" --lua-filter "F:\biocbuild\bbs-3.15-bioc\R\library\rmarkdown\rmarkdown\lua\latex-div.lua" --lua-filter "F:\biocbuild\bbs-3.15-bioc\R\library\rmarkdown\rmarkdown\lua\anchor-sections.lua" --metadata-file "F:\biocbuild\bbs-3.15-bioc\tmpdir\RtmpQXf0qu\file136fc51c12ce4" --wrap preserve --standalone --section-divs --table-of-contents --toc-depth 3 --template "F:\biocbuild\bbs-3.15-bioc\R\library\bookdown\templates\gitbook.html" --highlight-style pygments --number-sections --mathjax --include-in-header "F:\biocbuild\bbs-3.15-bioc\tmpdir\RtmpQXf0qu\rmarkdown-str136fc6467360f.html"
[WARNING] This document format requires a nonempty <title> element.
Please specify either 'title' or 'pagetitle' in the metadata,
e.g. by using --metadata pagetitle="..." on the command line.
Falling back to 'Test-book'
ordinary text without R code
label: unnamed-chunk-1 (with options)
List of 1
$ echo: logi FALSE
inline R code fragments
"C:/PROGRA~1/Pandoc/pandoc" +RTS -K512m -RTS stub.knit.md --to html4 --from markdown+autolink_bare_uris+tex_math_single_backslash --output stub.html --lua-filter "F:\biocbuild\bbs-3.15-bioc\R\library\rmarkdown\rmarkdown\lua\pagebreak.lua" --lua-filter "F:\biocbuild\bbs-3.15-bioc\R\library\rmarkdown\rmarkdown\lua\latex-div.lua" --self-contained --variable bs3=TRUE --section-divs --template "F:\biocbuild\bbs-3.15-bioc\R\library\rmarkdown\rmd\h\default.html" --no-highlight --variable highlightjs=1 --variable theme=bootstrap --mathjax --variable "mathjax-url=https://mathjax.rstudio.com/latest/MathJax.js?config=TeX-AMS-MML_HTMLorMML" --include-in-header "F:\biocbuild\bbs-3.15-bioc\tmpdir\RtmpQXf0qu\rmarkdown-str136fc3f3775fb.html"
[WARNING] This document format requires a nonempty <title> element.
Please specify either 'title' or 'pagetitle' in the metadata,
e.g. by using --metadata pagetitle="..." on the command line.
Falling back to 'stub.knit'
processing file: test.Rmd
ordinary text without R code
label: unnamed-chunk-1 (with options)
List of 2
$ echo : logi FALSE
$ results: chr "asis"
ordinary text without R code
label: godzilla-1954
ordinary text without R code
label: unnamed-chunk-2
ordinary text without R code
label: unref-figure (with options)
List of 1
$ fig.cap: chr "BLAH BLAH BLAH"
ordinary text without R code
label: ghidorah-1964
ordinary text without R code
label: godzilla-1978
ordinary text without R code
label: godzilla-2014
output file: test.knit.md
"C:/PROGRA~1/Pandoc/pandoc" +RTS -K512m -RTS Test-book.md --to html4 --from markdown+autolink_bare_uris+tex_math_single_backslash --output Test-book.html --lua-filter "F:\biocbuild\bbs-3.15-bioc\R\library\bookdown\rmarkdown\lua\custom-environment.lua" --lua-filter "F:\biocbuild\bbs-3.15-bioc\R\library\rmarkdown\rmarkdown\lua\pagebreak.lua" --lua-filter "F:\biocbuild\bbs-3.15-bioc\R\library\rmarkdown\rmarkdown\lua\latex-div.lua" --lua-filter "F:\biocbuild\bbs-3.15-bioc\R\library\rmarkdown\rmarkdown\lua\anchor-sections.lua" --metadata-file "F:\biocbuild\bbs-3.15-bioc\tmpdir\RtmpQXf0qu\file136fcc784b3e" --wrap preserve --standalone --section-divs --table-of-contents --toc-depth 3 --template "F:\biocbuild\bbs-3.15-bioc\R\library\bookdown\templates\gitbook.html" --highlight-style pygments --number-sections --mathjax --include-in-header "F:\biocbuild\bbs-3.15-bioc\tmpdir\RtmpQXf0qu\rmarkdown-str136fc32704cdb.html"
[WARNING] This document format requires a nonempty <title> element.
Please specify either 'title' or 'pagetitle' in the metadata,
e.g. by using --metadata pagetitle="..." on the command line.
Falling back to 'Test-book'
<button class="rebook-collapse">View set-up code</button>
<div class="rebook-content">
```r
#--- godzilla-1954 ---#
godzilla <- "RAWR!"
#--- ghidorah-1964 ---#
godzilla <- "GAO GAO"
ghidorah <- "pew pew"
mothra = "Oh, I'm not in this one." # WRONG!
```
</div>
<button class="rebook-collapse">View set-up code</button>
<div class="rebook-content">
```r
#--- godzilla-1954 ---#
godzilla <- "RAWR!"
#--- ghidorah-1964 ---#
godzilla <- "GAO GAO"
ghidorah <- "pew pew"
mothra = "Oh, I'm not in this one." # WRONG!
```
</div>
<button class="rebook-collapse">View set-up code</button>
<div class="rebook-content">
```r
#--- godzilla-1954 ---#
godzilla <- "RAWR!"
#--- ghidorah-1964 ---#
godzilla <- "GAO GAO"
ghidorah <- "pew pew"
mothra = "Oh, I'm not in this one." # WRONG!
```
</div>
<button class="rebook-collapse">View set-up code</button>
<div class="rebook-content">
```r
#--- godzilla-1954 ---#
godzilla <- "RAWR!"
#--- ghidorah-1964 ---#
godzilla <- "GAO GAO"
ghidorah <- "pew pew"
mothra = "Oh, I'm not in this one." # WRONG!
```
</div>
<button class="rebook-collapse">View set-up code</button>
<div class="rebook-content">
```r
#--- godzilla-1954 ---#
godzilla <- "RAWR!"
#--- ghidorah-1964 ---#
godzilla <- "GAO GAO"
ghidorah <- "pew pew"
mothra = "Oh, I'm not in this one." # WRONG!
```
</div>
[ FAIL 0 | WARN 6 | SKIP 3 | PASS 108 ]
══ Skipped tests ═══════════════════════════════════════════════════════════════
• On Windows (3)
[ FAIL 0 | WARN 6 | SKIP 3 | PASS 108 ]
>
> proc.time()
user system elapsed
5.10 1.95 104.57
rebook.Rcheck/rebook-Ex.timings
| name | user | system | elapsed | |
| bioc-images | 0 | 0 | 0 | |
| bookCache | 0.02 | 0.00 | 0.02 | |
| buildChapterGraph | 0.25 | 0.03 | 0.31 | |
| chapterPreamble | 2.48 | 1.22 | 4.69 | |
| collapseStart | 0 | 0 | 0 | |
| compileChapter | 0.02 | 0.00 | 6.24 | |
| createMakefile | 0.04 | 0.00 | 0.04 | |
| createRedirects | 0 | 0 | 0 | |
| deployCustomCSS | 0.00 | 0.01 | 0.01 | |
| extractCached | 0.52 | 0.07 | 5.85 | |
| extractFromPackage | 0.03 | 0.03 | 6.98 | |
| link | 0 | 0 | 0 | |
| openingDetails | 0.01 | 0.00 | 0.03 | |
| prettySessionInfo | 0.22 | 0.06 | 0.78 | |
| rmd2id | 0.00 | 0.00 | 0.02 | |
| scrapeDependencies | 0.27 | 0.02 | 0.28 | |
| scrapeReferences | 0.48 | 0.17 | 10.36 | |
| setupHTML | 0 | 0 | 0 | |
| updateDependencies | 0.02 | 0.00 | 0.05 | |