| Back to Multiple platform build/check report for BioC 3.15 |
|
This page was generated on 2022-10-19 13:22:06 -0400 (Wed, 19 Oct 2022).
| Hostname | OS | Arch (*) | R version | Installed pkgs |
|---|---|---|---|---|
| nebbiolo1 | Linux (Ubuntu 20.04.5 LTS) | x86_64 | 4.2.1 (2022-06-23) -- "Funny-Looking Kid" | 4386 |
| palomino3 | Windows Server 2022 Datacenter | x64 | 4.2.1 (2022-06-23 ucrt) -- "Funny-Looking Kid" | 4138 |
| merida1 | macOS 10.14.6 Mojave | x86_64 | 4.2.1 (2022-06-23) -- "Funny-Looking Kid" | 4205 |
| Click on any hostname to see more info about the system (e.g. compilers) (*) as reported by 'uname -p', except on Windows and Mac OS X | ||||
|
To the developers/maintainers of the rama package: - Please allow up to 24 hours (and sometimes 48 hours) for your latest push to git@git.bioconductor.org:packages/rama.git to reflect on this report. See How and When does the builder pull? When will my changes propagate? for more information. - Make sure to use the following settings in order to reproduce any error or warning you see on this page. |
| Package 1563/2140 | Hostname | OS / Arch | INSTALL | BUILD | CHECK | BUILD BIN | ||||||||
| rama 1.70.0 (landing page) Raphael Gottardo
| nebbiolo1 | Linux (Ubuntu 20.04.5 LTS) / x86_64 | OK | OK | WARNINGS | |||||||||
| palomino3 | Windows Server 2022 Datacenter / x64 | OK | OK | WARNINGS | OK | |||||||||
| merida1 | macOS 10.14.6 Mojave / x86_64 | OK | OK | OK | OK | |||||||||
| Package: rama |
| Version: 1.70.0 |
| Command: F:\biocbuild\bbs-3.15-bioc\R\bin\R.exe CMD check --no-multiarch --install=check:rama.install-out.txt --library=F:\biocbuild\bbs-3.15-bioc\R\library --no-vignettes --timings rama_1.70.0.tar.gz |
| StartedAt: 2022-10-19 03:14:37 -0400 (Wed, 19 Oct 2022) |
| EndedAt: 2022-10-19 03:15:16 -0400 (Wed, 19 Oct 2022) |
| EllapsedTime: 38.5 seconds |
| RetCode: 0 |
| Status: WARNINGS |
| CheckDir: rama.Rcheck |
| Warnings: 1 |
##############################################################################
##############################################################################
###
### Running command:
###
### F:\biocbuild\bbs-3.15-bioc\R\bin\R.exe CMD check --no-multiarch --install=check:rama.install-out.txt --library=F:\biocbuild\bbs-3.15-bioc\R\library --no-vignettes --timings rama_1.70.0.tar.gz
###
##############################################################################
##############################################################################
* using log directory 'F:/biocbuild/bbs-3.15-bioc/meat/rama.Rcheck'
* using R version 4.2.1 (2022-06-23 ucrt)
* using platform: x86_64-w64-mingw32 (64-bit)
* using session charset: UTF-8
* using option '--no-vignettes'
* checking for file 'rama/DESCRIPTION' ... OK
* checking extension type ... Package
* this is package 'rama' version '1.70.0'
* checking package namespace information ... OK
* checking package dependencies ... OK
* checking if this is a source package ... OK
* checking if there is a namespace ... OK
* checking for hidden files and directories ... OK
* checking for portable file names ... OK
* checking whether package 'rama' can be installed ... WARNING
Found the following significant warnings:
estimation_slice.c:484:10: warning: suggest parentheses around comparison in operand of '&' [-Wparentheses]
estimation_slice.c:493:10: warning: suggest parentheses around comparison in operand of '&' [-Wparentheses]
util.c:629:17: warning: suggest parentheses around comparison in operand of '|' [-Wparentheses]
util.c:629:10: warning: suggest parentheses around comparison in operand of '&' [-Wparentheses]
util.c:636:8: warning: suggest parentheses around comparison in operand of '&' [-Wparentheses]
util.c:643:8: warning: suggest parentheses around comparison in operand of '&' [-Wparentheses]
util.c:703:17: warning: suggest parentheses around comparison in operand of '|' [-Wparentheses]
util.c:703:10: warning: suggest parentheses around comparison in operand of '&' [-Wparentheses]
util.c:710:8: warning: suggest parentheses around comparison in operand of '&' [-Wparentheses]
util.c:717:8: warning: suggest parentheses around comparison in operand of '&' [-Wparentheses]
util.c:767:10: warning: suggest parentheses around comparison in operand of '&' [-Wparentheses]
util.c:775:10: warning: suggest parentheses around comparison in operand of '&' [-Wparentheses]
util.c:822:10: warning: suggest parentheses around comparison in operand of '&' [-Wparentheses]
util.c:830:10: warning: suggest parentheses around comparison in operand of '&' [-Wparentheses]
util.c:876:17: warning: suggest parentheses around comparison in operand of '|' [-Wparentheses]
util.c:876:10: warning: suggest parentheses around comparison in operand of '&' [-Wparentheses]
util.c:883:8: warning: suggest parentheses around comparison in operand of '&' [-Wparentheses]
util.c:890:8: warning: suggest parentheses around comparison in operand of '&' [-Wparentheses]
util.c:935:10: warning: suggest parentheses around comparison in operand of '&' [-Wparentheses]
util.c:944:10: warning: suggest parentheses around comparison in operand of '&' [-Wparentheses]
util.c:1019:17: warning: suggest parentheses around comparison in operand of '|' [-Wparentheses]
util.c:1019:10: warning: suggest parentheses around comparison in operand of '&' [-Wparentheses]
util.c:1026:8: warning: suggest parentheses around comparison in operand of '&' [-Wparentheses]
util.c:1033:8: warning: suggest parentheses around comparison in operand of '&' [-Wparentheses]
util.c:1100:10: warning: suggest parentheses around comparison in operand of '&' [-Wparentheses]
util.c:1108:10: warning: suggest parentheses around comparison in operand of '&' [-Wparentheses]
util.c:1248:10: warning: suggest parentheses around comparison in operand of '&' [-Wparentheses]
util.c:1256:10: warning: suggest parentheses around comparison in operand of '&' [-Wparentheses]
See 'F:/biocbuild/bbs-3.15-bioc/meat/rama.Rcheck/00install.out' for details.
* checking installed package size ... OK
* checking package directory ... OK
* checking 'build' directory ... OK
* checking DESCRIPTION meta-information ... OK
* checking top-level files ... OK
* checking for left-over files ... OK
* checking index information ... OK
* checking package subdirectories ... OK
* checking R files for non-ASCII characters ... OK
* checking R files for syntax errors ... OK
* checking whether the package can be loaded ... OK
* checking whether the package can be loaded with stated dependencies ... OK
* checking whether the package can be unloaded cleanly ... OK
* checking whether the namespace can be loaded with stated dependencies ... OK
* checking whether the namespace can be unloaded cleanly ... OK
* checking dependencies in R code ... OK
* checking S3 generic/method consistency ... OK
* checking replacement functions ... OK
* checking foreign function calls ... OK
* checking R code for possible problems ... NOTE
fit.model: no visible global function definition for 'median'
fit.model: no visible global function definition for 'mad'
fit.model: no visible global function definition for 'quantile'
weight.plot: no visible global function definition for 'image'
weight.plot: no visible global function definition for 'grey'
Undefined global functions or variables:
grey image mad median quantile
Consider adding
importFrom("grDevices", "grey")
importFrom("graphics", "image")
importFrom("stats", "mad", "median", "quantile")
to your NAMESPACE file.
* checking Rd files ... NOTE
prepare_Rd: is.row.na.Rd:40: Dropping empty section \keyword
prepare_Rd: ls.effect.Rd:38-39: Dropping empty section \details
* checking Rd metadata ... OK
* checking Rd cross-references ... OK
* checking for missing documentation entries ... OK
* checking for code/documentation mismatches ... OK
* checking Rd \usage sections ... OK
* checking Rd contents ... OK
* checking for unstated dependencies in examples ... OK
* checking contents of 'data' directory ... OK
* checking data for non-ASCII characters ... OK
* checking data for ASCII and uncompressed saves ... OK
* checking line endings in C/C++/Fortran sources/headers ... OK
* checking compiled code ... NOTE
Note: information on .o files for x64 is not available
File 'F:/biocbuild/bbs-3.15-bioc/R/library/rama/libs/x64/rama.dll':
Found 'abort', possibly from 'abort' (C), 'runtime' (Fortran)
Found 'puts', possibly from 'printf' (C), 'puts' (C)
Compiled code should not call entry points which might terminate R nor
write to stdout/stderr instead of to the console, nor use Fortran I/O
nor system RNGs. The detected symbols are linked into the code but
might come from libraries and not actually be called.
See 'Writing portable packages' in the 'Writing R Extensions' manual.
* checking sizes of PDF files under 'inst/doc' ... OK
* checking files in 'vignettes' ... OK
* checking examples ... OK
Examples with CPU (user + system) or elapsed time > 5s
user system elapsed
weight.plot 5.28 0 5.28
* checking for unstated dependencies in vignettes ... OK
* checking package vignettes in 'inst/doc' ... OK
* checking running R code from vignettes ... SKIPPED
* checking re-building of vignette outputs ... SKIPPED
* checking PDF version of manual ... OK
* DONE
Status: 1 WARNING, 3 NOTEs
See
'F:/biocbuild/bbs-3.15-bioc/meat/rama.Rcheck/00check.log'
for details.
rama.Rcheck/00install.out
##############################################################################
##############################################################################
###
### Running command:
###
### F:\biocbuild\bbs-3.15-bioc\R\bin\R.exe CMD INSTALL rama
###
##############################################################################
##############################################################################
* installing to library 'F:/biocbuild/bbs-3.15-bioc/R/library'
* installing *source* package 'rama' ...
** using staged installation
** libs
gcc -I"F:/biocbuild/bbs-3.15-bioc/R/include" -DNDEBUG -I"C:/rtools42/x86_64-w64-mingw32.static.posix/include" -O2 -Wall -std=gnu99 -mfpmath=sse -msse2 -mstackrealign -c estimation_slice.c -o estimation_slice.o
estimation_slice.c: In function 'mcmc_shift':
estimation_slice.c:122:10: warning: unused variable 'SSeps_sd_new' [-Wunused-variable]
122 | double SSeps_sd_new=0.;
| ^~~~~~~~~~~~
estimation_slice.c:121:10: warning: unused variable 'SSeps_sd' [-Wunused-variable]
121 | double SSeps_sd=0.;
| ^~~~~~~~
estimation_slice.c:117:10: warning: unused variable 'pi' [-Wunused-variable]
117 | double pi=3.14;
| ^~
estimation_slice.c:116:24: warning: unused variable 'SS12' [-Wunused-variable]
116 | double SSR1=0,SSR2=0,SS12=0;
| ^~~~
estimation_slice.c:116:17: warning: unused variable 'SSR2' [-Wunused-variable]
116 | double SSR1=0,SSR2=0,SS12=0;
| ^~~~
estimation_slice.c:116:10: warning: unused variable 'SSR1' [-Wunused-variable]
116 | double SSR1=0,SSR2=0,SS12=0;
| ^~~~
estimation_slice.c:115:25: warning: unused variable 'dens_epsilon_new' [-Wunused-variable]
115 | double dens_epsilon=0,dens_epsilon_new=0;
| ^~~~~~~~~~~~~~~~
estimation_slice.c:115:10: warning: unused variable 'dens_epsilon' [-Wunused-variable]
115 | double dens_epsilon=0,dens_epsilon_new=0;
| ^~~~~~~~~~~~
estimation_slice.c:114:22: warning: unused variable 'l_epsilon_new' [-Wunused-variable]
114 | double l_epsilon=0,l_epsilon_new=0;
| ^~~~~~~~~~~~~
estimation_slice.c:114:10: warning: unused variable 'l_epsilon' [-Wunused-variable]
114 | double l_epsilon=0,l_epsilon_new=0;
| ^~~~~~~~~
estimation_slice.c:113:27: warning: unused variable 'lambda_eps2_new' [-Wunused-variable]
113 | double lambda_eps1_new, lambda_eps2_new;
| ^~~~~~~~~~~~~~~
estimation_slice.c:113:10: warning: unused variable 'lambda_eps1_new' [-Wunused-variable]
113 | double lambda_eps1_new, lambda_eps2_new;
| ^~~~~~~~~~~~~~~
estimation_slice.c: In function 'slice_sampling_lambda_eps':
estimation_slice.c:484:10: warning: suggest parentheses around comparison in operand of '&' [-Wparentheses]
484 | while(J>0 & z<log_f_L)
| ~^~
estimation_slice.c:493:10: warning: suggest parentheses around comparison in operand of '&' [-Wparentheses]
493 | while(K>0 & z<log_f_R)
| ~^~
gcc -I"F:/biocbuild/bbs-3.15-bioc/R/include" -DNDEBUG -I"C:/rtools42/x86_64-w64-mingw32.static.posix/include" -O2 -Wall -std=gnu99 -mfpmath=sse -msse2 -mstackrealign -c ex_estimation_slice.c -o ex_estimation_slice.o
ex_estimation_slice.c: In function 'mcmc':
ex_estimation_slice.c:144:10: warning: unused variable 'old_a' [-Wunused-variable]
144 | double old_a=0,width_a=1.;
| ^~~~~
ex_estimation_slice.c:143:10: warning: unused variable 'old_b' [-Wunused-variable]
143 | double old_b=0,width_b=5.;
| ^~~~~
ex_estimation_slice.c:138:10: warning: unused variable 'sum_res2' [-Wunused-variable]
138 | double sum_res2;
| ^~~~~~~~
ex_estimation_slice.c:137:10: warning: unused variable 'sum_res1' [-Wunused-variable]
137 | double sum_res1;
| ^~~~~~~~
ex_estimation_slice.c:119:19: warning: unused variable 'dens_t_new' [-Wunused-variable]
119 | double dens_t=0,dens_t_new=0;
| ^~~~~~~~~~
ex_estimation_slice.c:119:10: warning: unused variable 'dens_t' [-Wunused-variable]
119 | double dens_t=0,dens_t_new=0;
| ^~~~~~
ex_estimation_slice.c:112:10: warning: unused variable 'pi' [-Wunused-variable]
112 | double pi=3.14;
| ^~
gcc -I"F:/biocbuild/bbs-3.15-bioc/R/include" -DNDEBUG -I"C:/rtools42/x86_64-w64-mingw32.static.posix/include" -O2 -Wall -std=gnu99 -mfpmath=sse -msse2 -mstackrealign -c mean.sd.c -o mean.sd.o
gcc -I"F:/biocbuild/bbs-3.15-bioc/R/include" -DNDEBUG -I"C:/rtools42/x86_64-w64-mingw32.static.posix/include" -O2 -Wall -std=gnu99 -mfpmath=sse -msse2 -mstackrealign -c reorder.c -o reorder.o
gcc -I"F:/biocbuild/bbs-3.15-bioc/R/include" -DNDEBUG -I"C:/rtools42/x86_64-w64-mingw32.static.posix/include" -O2 -Wall -std=gnu99 -mfpmath=sse -msse2 -mstackrealign -c util.c -o util.o
util.c: In function 'product_mat_vec':
util.c:574:11: warning: unused variable 'k' [-Wunused-variable]
574 | int i,j,k;
| ^
util.c: In function 'slice_sampling_a':
util.c:629:17: warning: suggest parentheses around comparison in operand of '|' [-Wparentheses]
629 | while(K>0 & (z<log_f_L | z<log_f_R))
| ~^~~~~~~~
util.c:629:10: warning: suggest parentheses around comparison in operand of '&' [-Wparentheses]
629 | while(K>0 & (z<log_f_L | z<log_f_R))
| ~^~
util.c:636:8: warning: suggest parentheses around comparison in operand of '&' [-Wparentheses]
636 | if(z>log_f_L & mL<L)
| ~^~~~~~~~
util.c:643:8: warning: suggest parentheses around comparison in operand of '&' [-Wparentheses]
643 | if(z>log_f_R & mR>R)
| ~^~~~~~~~
util.c:613:13: warning: unused variable 'v' [-Wunused-variable]
613 | double u, v, L, R, z, a1;
| ^
util.c: In function 'slice_sampling_b':
util.c:703:17: warning: suggest parentheses around comparison in operand of '|' [-Wparentheses]
703 | while(K>0 & (z<log_f_L | z<log_f_R))
| ~^~~~~~~~
util.c:703:10: warning: suggest parentheses around comparison in operand of '&' [-Wparentheses]
703 | while(K>0 & (z<log_f_L | z<log_f_R))
| ~^~
util.c:710:8: warning: suggest parentheses around comparison in operand of '&' [-Wparentheses]
710 | if(z>log_f_L & mL<L)
| ~^~~~~~~~
util.c:717:8: warning: suggest parentheses around comparison in operand of '&' [-Wparentheses]
717 | if(z>log_f_R & mR>R)
| ~^~~~~~~~
util.c:686:13: warning: unused variable 'v' [-Wunused-variable]
686 | double u, v, L, R, z, b1;
| ^
util.c: In function 'slice_sampling_b2':
util.c:767:10: warning: suggest parentheses around comparison in operand of '&' [-Wparentheses]
767 | while(J>0 & z<log_f_L)
| ~^~
util.c:775:10: warning: suggest parentheses around comparison in operand of '&' [-Wparentheses]
775 | while(K>0 & z<log_f_R)
| ~^~
util.c: In function 'slice_sampling_a2':
util.c:822:10: warning: suggest parentheses around comparison in operand of '&' [-Wparentheses]
822 | while(J>0 & z<log_f_L)
| ~^~
util.c:830:10: warning: suggest parentheses around comparison in operand of '&' [-Wparentheses]
830 | while(K>0 & z<log_f_R)
| ~^~
util.c: In function 'slice_sampling_rho':
util.c:876:17: warning: suggest parentheses around comparison in operand of '|' [-Wparentheses]
876 | while(K>0 & (z<log_f_L | z<log_f_R))
| ~^~~~~~~~
util.c:876:10: warning: suggest parentheses around comparison in operand of '&' [-Wparentheses]
876 | while(K>0 & (z<log_f_L | z<log_f_R))
| ~^~
util.c:883:8: warning: suggest parentheses around comparison in operand of '&' [-Wparentheses]
883 | if(z>log_f_L & mL<L)
| ~^~~~~~~~
util.c:890:8: warning: suggest parentheses around comparison in operand of '&' [-Wparentheses]
890 | if(z>log_f_R & mR>R)
| ~^~~~~~~~
util.c:860:13: warning: unused variable 'v' [-Wunused-variable]
860 | double u, v, L, R, z, rho_new;
| ^
util.c: In function 'slice_sampling_rho2':
util.c:935:10: warning: suggest parentheses around comparison in operand of '&' [-Wparentheses]
935 | while(J>0 & z<log_f_L)
| ~^~
util.c:944:10: warning: suggest parentheses around comparison in operand of '&' [-Wparentheses]
944 | while(K>0 & z<log_f_R)
| ~^~
util.c: In function 'slice_sampling_shift':
util.c:1019:17: warning: suggest parentheses around comparison in operand of '|' [-Wparentheses]
1019 | while(K>0 & (z<log_f_L | z<log_f_R))
| ~^~~~~~~~
util.c:1019:10: warning: suggest parentheses around comparison in operand of '&' [-Wparentheses]
1019 | while(K>0 & (z<log_f_L | z<log_f_R))
| ~^~
util.c:1026:8: warning: suggest parentheses around comparison in operand of '&' [-Wparentheses]
1026 | if(z>log_f_L & mL<L)
| ~^~~~~~~~
util.c:1033:8: warning: suggest parentheses around comparison in operand of '&' [-Wparentheses]
1033 | if(z>log_f_R & mR>R)
| ~^~~~~~~~
util.c:1000:13: warning: unused variable 'v' [-Wunused-variable]
1000 | double u, v, L, R, z, shift_new;
| ^
util.c: In function 'slice_sampling_shift2':
util.c:1100:10: warning: suggest parentheses around comparison in operand of '&' [-Wparentheses]
1100 | while(J>0 & z<log_f_L)
| ~^~
util.c:1108:10: warning: suggest parentheses around comparison in operand of '&' [-Wparentheses]
1108 | while(K>0 & z<log_f_R)
| ~^~
util.c:1082:13: warning: unused variable 'v' [-Wunused-variable]
1082 | double u, v, L, R, z, shift_new;
| ^
util.c: In function 'slice_sampling_p':
util.c:1248:10: warning: suggest parentheses around comparison in operand of '&' [-Wparentheses]
1248 | while(J>0 & z<log_f_L)
| ~^~
util.c:1256:10: warning: suggest parentheses around comparison in operand of '&' [-Wparentheses]
1256 | while(K>0 & z<log_f_R)
| ~^~
gcc -shared -s -static-libgcc -o rama.dll tmp.def estimation_slice.o ex_estimation_slice.o mean.sd.o reorder.o util.o -LC:/rtools42/x86_64-w64-mingw32.static.posix/lib/x64 -LC:/rtools42/x86_64-w64-mingw32.static.posix/lib -LF:/biocbuild/bbs-3.15-bioc/R/bin/x64 -lR
installing to F:/biocbuild/bbs-3.15-bioc/R/library/00LOCK-rama/00new/rama/libs/x64
** R
** data
** byte-compile and prepare package for lazy loading
** help
*** installing help indices
** building package indices
** installing vignettes
** testing if installed package can be loaded from temporary location
** testing if installed package can be loaded from final location
** testing if installed package keeps a record of temporary installation path
* DONE (rama)
rama.Rcheck/rama-Ex.timings
| name | user | system | elapsed | |
| arrange.row | 0.10 | 0.01 | 0.11 | |
| est.shift | 0.37 | 0.00 | 0.37 | |
| fit.model | 0.36 | 0.02 | 0.38 | |
| is.row.na | 0 | 0 | 0 | |
| ls.effect | 0.14 | 0.00 | 0.14 | |
| mat.mean | 0.14 | 0.01 | 0.15 | |
| ratio.plot | 0.44 | 0.00 | 0.44 | |
| weight.plot | 5.28 | 0.00 | 5.28 | |