| Back to Multiple platform build/check report for BioC 3.15 |
|
This page was generated on 2022-10-19 13:23:31 -0400 (Wed, 19 Oct 2022).
| Hostname | OS | Arch (*) | R version | Installed pkgs |
|---|---|---|---|---|
| nebbiolo1 | Linux (Ubuntu 20.04.5 LTS) | x86_64 | 4.2.1 (2022-06-23) -- "Funny-Looking Kid" | 4386 |
| palomino3 | Windows Server 2022 Datacenter | x64 | 4.2.1 (2022-06-23 ucrt) -- "Funny-Looking Kid" | 4138 |
| merida1 | macOS 10.14.6 Mojave | x86_64 | 4.2.1 (2022-06-23) -- "Funny-Looking Kid" | 4205 |
| Click on any hostname to see more info about the system (e.g. compilers) (*) as reported by 'uname -p', except on Windows and Mac OS X | ||||
|
To the developers/maintainers of the ptairMS package: - Please allow up to 24 hours (and sometimes 48 hours) for your latest push to git@git.bioconductor.org:packages/ptairMS.git to reflect on this report. See How and When does the builder pull? When will my changes propagate? for more information. - Make sure to use the following settings in order to reproduce any error or warning you see on this page. |
| Package 1522/2140 | Hostname | OS / Arch | INSTALL | BUILD | CHECK | BUILD BIN | ||||||||
| ptairMS 1.4.1 (landing page) camille Roquencourt
| nebbiolo1 | Linux (Ubuntu 20.04.5 LTS) / x86_64 | OK | OK | WARNINGS | |||||||||
| palomino3 | Windows Server 2022 Datacenter / x64 | OK | OK | WARNINGS | OK | |||||||||
| merida1 | macOS 10.14.6 Mojave / x86_64 | OK | OK | WARNINGS | OK | |||||||||
| Package: ptairMS |
| Version: 1.4.1 |
| Command: /Library/Frameworks/R.framework/Resources/bin/R CMD check --install=check:ptairMS.install-out.txt --library=/Library/Frameworks/R.framework/Resources/library --no-vignettes --timings ptairMS_1.4.1.tar.gz |
| StartedAt: 2022-10-19 06:30:27 -0400 (Wed, 19 Oct 2022) |
| EndedAt: 2022-10-19 06:44:47 -0400 (Wed, 19 Oct 2022) |
| EllapsedTime: 860.0 seconds |
| RetCode: 0 |
| Status: WARNINGS |
| CheckDir: ptairMS.Rcheck |
| Warnings: 1 |
##############################################################################
##############################################################################
###
### Running command:
###
### /Library/Frameworks/R.framework/Resources/bin/R CMD check --install=check:ptairMS.install-out.txt --library=/Library/Frameworks/R.framework/Resources/library --no-vignettes --timings ptairMS_1.4.1.tar.gz
###
##############################################################################
##############################################################################
* using log directory ‘/Users/biocbuild/bbs-3.15-bioc/meat/ptairMS.Rcheck’
* using R version 4.2.1 (2022-06-23)
* using platform: x86_64-apple-darwin17.0 (64-bit)
* using session charset: UTF-8
* using option ‘--no-vignettes’
* checking for file ‘ptairMS/DESCRIPTION’ ... OK
* this is package ‘ptairMS’ version ‘1.4.1’
* package encoding: UTF-8
* checking package namespace information ... OK
* checking package dependencies ... OK
* checking if this is a source package ... OK
* checking if there is a namespace ... OK
* checking for hidden files and directories ... OK
* checking for portable file names ... OK
* checking for sufficient/correct file permissions ... OK
* checking whether package ‘ptairMS’ can be installed ... WARNING
Found the following significant warnings:
Warning: undefined slot classes in definition of "ptrRaw": peakList(class "ExpressionSet")
See ‘/Users/biocbuild/bbs-3.15-bioc/meat/ptairMS.Rcheck/00install.out’ for details.
* checking installed package size ... OK
* checking package directory ... OK
* checking ‘build’ directory ... OK
* checking DESCRIPTION meta-information ... OK
* checking top-level files ... OK
* checking for left-over files ... OK
* checking index information ... OK
* checking package subdirectories ... OK
* checking R files for non-ASCII characters ... OK
* checking R files for syntax errors ... OK
* checking whether the package can be loaded ... OK
* checking whether the package can be loaded with stated dependencies ... OK
* checking whether the package can be unloaded cleanly ... OK
* checking whether the namespace can be loaded with stated dependencies ... OK
* checking whether the namespace can be unloaded cleanly ... OK
* checking dependencies in R code ... NOTE
There are ::: calls to the package's namespace in its code. A package
almost never needs to use ::: for its own objects:
‘getCalibrationInfo’ ‘getPeakList’ ‘getPeaksInfo’ ‘getTimeInfo’
‘processFileTemporalNominalMass’
* checking S3 generic/method consistency ... OK
* checking replacement functions ... OK
* checking foreign function calls ... OK
* checking R code for possible problems ... OK
* checking Rd files ... OK
* checking Rd metadata ... OK
* checking Rd cross-references ... OK
* checking for missing documentation entries ... OK
* checking for code/documentation mismatches ... OK
* checking Rd \usage sections ... OK
* checking Rd contents ... OK
* checking for unstated dependencies in examples ... OK
* checking line endings in C/C++/Fortran sources/headers ... OK
* checking compiled code ... NOTE
Note: information on .o files is not available
* checking files in ‘vignettes’ ... OK
* checking examples ... OK
Examples with CPU (user + system) or elapsed time > 5s
user system elapsed
detectPeak 154.517 2.323 157.075
alignSamples 28.242 0.954 29.264
imputeMat 26.149 0.765 27.086
writeEset 23.720 0.602 24.351
annotation 23.559 0.593 24.179
impute 23.177 0.667 23.876
getPeakList 22.663 0.556 23.243
plot 20.381 0.369 21.508
plotTIC 20.079 0.486 21.277
plotRaw 18.175 0.507 19.451
plotFeatures 17.837 0.476 18.411
plotCalib 17.298 0.352 18.793
rmPeakList 17.258 0.386 18.652
resetSampleMetadata 17.237 0.291 18.503
setSampleMetadata 16.283 0.363 16.895
exportSampleMetada 15.512 0.332 15.876
getSampleMetadata 15.370 0.338 15.723
getDirectory 15.206 0.349 15.572
defineKnots 15.006 0.340 15.375
getFileNames 14.877 0.376 15.277
updatePtrSet 14.890 0.305 15.228
importSampleMetadata 14.785 0.329 15.130
createPtrSet 13.848 0.419 14.301
changeTimeLimits 13.741 0.313 14.081
convert_to_mzML 9.806 0.217 10.035
* checking for unstated dependencies in ‘tests’ ... OK
* checking tests ...
Running ‘testthat.R’
OK
* checking for unstated dependencies in vignettes ... OK
* checking package vignettes in ‘inst/doc’ ... OK
* checking running R code from vignettes ... SKIPPED
* checking re-building of vignette outputs ... SKIPPED
* checking PDF version of manual ... OK
* DONE
Status: 1 WARNING, 2 NOTEs
See
‘/Users/biocbuild/bbs-3.15-bioc/meat/ptairMS.Rcheck/00check.log’
for details.
ptairMS.Rcheck/00install.out
############################################################################## ############################################################################## ### ### Running command: ### ### /Library/Frameworks/R.framework/Resources/bin/R CMD INSTALL ptairMS ### ############################################################################## ############################################################################## * installing to library ‘/Library/Frameworks/R.framework/Versions/4.2/Resources/library’ * installing *source* package ‘ptairMS’ ... ** using staged installation ** libs clang++ -mmacosx-version-min=10.13 -std=gnu++14 -I"/Library/Frameworks/R.framework/Resources/include" -DNDEBUG -I'/Library/Frameworks/R.framework/Versions/4.2/Resources/library/Rcpp/include' -I/usr/local/include -fPIC -Wall -g -O2 -c RcppExports.cpp -o RcppExports.o clang++ -mmacosx-version-min=10.13 -std=gnu++14 -I"/Library/Frameworks/R.framework/Resources/include" -DNDEBUG -I'/Library/Frameworks/R.framework/Versions/4.2/Resources/library/Rcpp/include' -I/usr/local/include -fPIC -Wall -g -O2 -c align.cpp -o align.o clang++ -mmacosx-version-min=10.13 -std=gnu++14 -I"/Library/Frameworks/R.framework/Resources/include" -DNDEBUG -I'/Library/Frameworks/R.framework/Versions/4.2/Resources/library/Rcpp/include' -I/usr/local/include -fPIC -Wall -g -O2 -c findEqualGreaterM.cpp -o findEqualGreaterM.o clang++ -mmacosx-version-min=10.13 -std=gnu++14 -dynamiclib -Wl,-headerpad_max_install_names -undefined dynamic_lookup -single_module -multiply_defined suppress -L/Library/Frameworks/R.framework/Resources/lib -L/usr/local/lib -o ptairMS.so RcppExports.o align.o findEqualGreaterM.o -F/Library/Frameworks/R.framework/.. -framework R -Wl,-framework -Wl,CoreFoundation installing to /Library/Frameworks/R.framework/Versions/4.2/Resources/library/00LOCK-ptairMS/00new/ptairMS/libs ** R ** inst ** byte-compile and prepare package for lazy loading Warning: undefined slot classes in definition of "ptrRaw": peakList(class "ExpressionSet") in method for ‘annotateVOC’ with signature ‘"ExpressionSet"’: no definition for class “ExpressionSet” in method for ‘writeEset’ with signature ‘"ExpressionSet"’: no definition for class “ExpressionSet” ** help *** installing help indices ** building package indices ** installing vignettes ** testing if installed package can be loaded from temporary location ** checking absolute paths in shared objects and dynamic libraries ** testing if installed package can be loaded from final location ** testing if installed package keeps a record of temporary installation path * DONE (ptairMS)
ptairMS.Rcheck/tests/testthat.Rout
R version 4.2.1 (2022-06-23) -- "Funny-Looking Kid"
Copyright (C) 2022 The R Foundation for Statistical Computing
Platform: x86_64-apple-darwin17.0 (64-bit)
R is free software and comes with ABSOLUTELY NO WARRANTY.
You are welcome to redistribute it under certain conditions.
Type 'license()' or 'licence()' for distribution details.
R is a collaborative project with many contributors.
Type 'contributors()' for more information and
'citation()' on how to cite R or R packages in publications.
Type 'demo()' for some demos, 'help()' for on-line help, or
'help.start()' for an HTML browser interface to help.
Type 'q()' to quit R.
> library(testthat)
> library(ptairMS)
>
> test_check("ptairMS")
Control1.h5 : 3 peaks detected
Control2.h5 : 4 peaks detected
Specie-a1.h5 : 2 peaks detected
Specie-a2.h5 : 3 peaks detected
specie-b1.h5 : 4 peaks detected
specie-b2.h5 : 3 peaks detected
Control1.h5 : 2 peaks detected
Control2.h5 : 2 peaks detected
Specie-a1.h5 : 3 peaks detected
Specie-a2.h5 : 3 peaks detected
specie-b1.h5 : 2 peaks detected
specie-b2.h5 : 3 peaks detected
Control1.h5 : 4 peaks detected
Control2.h5 : 6 peaks detected
Specie-a1.h5 : 3 peaks detected
Specie-a2.h5 : 4 peaks detected
specie-b1.h5 : 5 peaks detected
specie-b2.h5 : 4 peaks detected
Control1.h5 : 3 peaks detected
Control2.h5 : 2 peaks detected
Specie-a1.h5 : 3 peaks detected
Specie-a2.h5 : 3 peaks detected
specie-b1.h5 : 4 peaks detected
specie-b2.h5 : 4 peaks detected
[ FAIL 0 | WARN 0 | SKIP 0 | PASS 59 ]
>
> proc.time()
user system elapsed
136.132 3.506 139.818
ptairMS.Rcheck/ptairMS-Ex.timings
| name | user | system | elapsed | |
| LocalMaximaSG | 0.058 | 0.007 | 0.065 | |
| PeakList | 2.104 | 0.138 | 2.249 | |
| RunShinnyApp | 0 | 0 | 0 | |
| alignSamples | 28.242 | 0.954 | 29.264 | |
| annotation | 23.559 | 0.593 | 24.179 | |
| calibration | 1.366 | 0.073 | 1.443 | |
| changeTimeLimits | 13.741 | 0.313 | 14.081 | |
| convert_to_mzML | 9.806 | 0.217 | 10.035 | |
| createPtrSet | 13.848 | 0.419 | 14.301 | |
| defineKnots | 15.006 | 0.340 | 15.375 | |
| detectPeak | 154.517 | 2.323 | 157.075 | |
| exportSampleMetada | 15.512 | 0.332 | 15.876 | |
| formula2mass | 0.004 | 0.000 | 0.005 | |
| getDirectory | 15.206 | 0.349 | 15.572 | |
| getFileNames | 14.877 | 0.376 | 15.277 | |
| getPeakList | 22.663 | 0.556 | 23.243 | |
| getSampleMetadata | 15.370 | 0.338 | 15.723 | |
| importSampleMetadata | 14.785 | 0.329 | 15.130 | |
| impute | 23.177 | 0.667 | 23.876 | |
| imputeMat | 26.149 | 0.765 | 27.086 | |
| plot | 20.381 | 0.369 | 21.508 | |
| plotCalib | 17.298 | 0.352 | 18.793 | |
| plotFeatures | 17.837 | 0.476 | 18.411 | |
| plotRaw | 18.175 | 0.507 | 19.451 | |
| plotTIC | 20.079 | 0.486 | 21.277 | |
| readRaw | 0.239 | 0.016 | 0.266 | |
| resetSampleMetadata | 17.237 | 0.291 | 18.503 | |
| rmPeakList | 17.258 | 0.386 | 18.652 | |
| setSampleMetadata | 16.283 | 0.363 | 16.895 | |
| timeLimits | 2.080 | 0.038 | 2.121 | |
| updatePtrSet | 14.890 | 0.305 | 15.228 | |
| writeEset | 23.720 | 0.602 | 24.351 | |