| Back to Multiple platform build/check report for BioC 3.15 |
|
This page was generated on 2022-10-19 13:22:02 -0400 (Wed, 19 Oct 2022).
| Hostname | OS | Arch (*) | R version | Installed pkgs |
|---|---|---|---|---|
| nebbiolo1 | Linux (Ubuntu 20.04.5 LTS) | x86_64 | 4.2.1 (2022-06-23) -- "Funny-Looking Kid" | 4386 |
| palomino3 | Windows Server 2022 Datacenter | x64 | 4.2.1 (2022-06-23 ucrt) -- "Funny-Looking Kid" | 4138 |
| merida1 | macOS 10.14.6 Mojave | x86_64 | 4.2.1 (2022-06-23) -- "Funny-Looking Kid" | 4205 |
| Click on any hostname to see more info about the system (e.g. compilers) (*) as reported by 'uname -p', except on Windows and Mac OS X | ||||
|
To the developers/maintainers of the plyranges package: - Please allow up to 24 hours (and sometimes 48 hours) for your latest push to git@git.bioconductor.org:packages/plyranges.git to reflect on this report. See How and When does the builder pull? When will my changes propagate? for more information. - Make sure to use the following settings in order to reproduce any error or warning you see on this page. |
| Package 1471/2140 | Hostname | OS / Arch | INSTALL | BUILD | CHECK | BUILD BIN | ||||||||
| plyranges 1.16.0 (landing page) Stuart Lee
| nebbiolo1 | Linux (Ubuntu 20.04.5 LTS) / x86_64 | OK | OK | WARNINGS | |||||||||
| palomino3 | Windows Server 2022 Datacenter / x64 | OK | OK | WARNINGS | OK | |||||||||
| merida1 | macOS 10.14.6 Mojave / x86_64 | OK | OK | WARNINGS | OK | |||||||||
| Package: plyranges |
| Version: 1.16.0 |
| Command: F:\biocbuild\bbs-3.15-bioc\R\bin\R.exe CMD check --no-multiarch --install=check:plyranges.install-out.txt --library=F:\biocbuild\bbs-3.15-bioc\R\library --no-vignettes --timings plyranges_1.16.0.tar.gz |
| StartedAt: 2022-10-19 02:56:29 -0400 (Wed, 19 Oct 2022) |
| EndedAt: 2022-10-19 03:01:17 -0400 (Wed, 19 Oct 2022) |
| EllapsedTime: 288.4 seconds |
| RetCode: 0 |
| Status: WARNINGS |
| CheckDir: plyranges.Rcheck |
| Warnings: 1 |
##############################################################################
##############################################################################
###
### Running command:
###
### F:\biocbuild\bbs-3.15-bioc\R\bin\R.exe CMD check --no-multiarch --install=check:plyranges.install-out.txt --library=F:\biocbuild\bbs-3.15-bioc\R\library --no-vignettes --timings plyranges_1.16.0.tar.gz
###
##############################################################################
##############################################################################
* using log directory 'F:/biocbuild/bbs-3.15-bioc/meat/plyranges.Rcheck'
* using R version 4.2.1 (2022-06-23 ucrt)
* using platform: x86_64-w64-mingw32 (64-bit)
* using session charset: UTF-8
* using option '--no-vignettes'
* checking for file 'plyranges/DESCRIPTION' ... OK
* checking extension type ... Package
* this is package 'plyranges' version '1.16.0'
* package encoding: UTF-8
* checking package namespace information ... OK
* checking package dependencies ... OK
* checking if this is a source package ... OK
* checking if there is a namespace ... OK
* checking for hidden files and directories ... OK
* checking for portable file names ... OK
* checking whether package 'plyranges' can be installed ... OK
* checking installed package size ... OK
* checking package directory ... OK
* checking 'build' directory ... OK
* checking DESCRIPTION meta-information ... OK
* checking top-level files ... OK
* checking for left-over files ... OK
* checking index information ... OK
* checking package subdirectories ... OK
* checking R files for non-ASCII characters ... OK
* checking R files for syntax errors ... OK
* checking whether the package can be loaded ... OK
* checking whether the package can be loaded with stated dependencies ... OK
* checking whether the package can be unloaded cleanly ... OK
* checking whether the namespace can be loaded with stated dependencies ... OK
* checking whether the namespace can be unloaded cleanly ... OK
* checking dependencies in R code ... OK
* checking S3 generic/method consistency ... OK
* checking replacement functions ... OK
* checking foreign function calls ... OK
* checking R code for possible problems ... OK
* checking Rd files ... OK
* checking Rd metadata ... OK
* checking Rd cross-references ... WARNING
Missing link or links in documentation object 'ranges-info.Rd':
'[GenomeInfoDb:fetchExtendedChromInfoFromUCSC]{GenomeInfoDb::fetchExtendedChromInfoFromUCSC()}'
See section 'Cross-references' in the 'Writing R Extensions' manual.
* checking for missing documentation entries ... OK
* checking for code/documentation mismatches ... OK
* checking Rd \usage sections ... OK
* checking Rd contents ... OK
* checking for unstated dependencies in examples ... OK
* checking files in 'vignettes' ... OK
* checking examples ... OK
* checking for unstated dependencies in 'tests' ... OK
* checking tests ...
Running 'testthat.R'
OK
* checking for unstated dependencies in vignettes ... OK
* checking package vignettes in 'inst/doc' ... OK
* checking running R code from vignettes ... SKIPPED
* checking re-building of vignette outputs ... SKIPPED
* checking PDF version of manual ... OK
* DONE
Status: 1 WARNING
See
'F:/biocbuild/bbs-3.15-bioc/meat/plyranges.Rcheck/00check.log'
for details.
plyranges.Rcheck/00install.out
############################################################################## ############################################################################## ### ### Running command: ### ### F:\biocbuild\bbs-3.15-bioc\R\bin\R.exe CMD INSTALL plyranges ### ############################################################################## ############################################################################## * installing to library 'F:/biocbuild/bbs-3.15-bioc/R/library' * installing *source* package 'plyranges' ... ** using staged installation ** R ** inst ** byte-compile and prepare package for lazy loading ** help *** installing help indices *** copying figures ** building package indices ** installing vignettes ** testing if installed package can be loaded from temporary location ** testing if installed package can be loaded from final location ** testing if installed package keeps a record of temporary installation path * DONE (plyranges)
plyranges.Rcheck/tests/testthat.Rout
R version 4.2.1 (2022-06-23 ucrt) -- "Funny-Looking Kid"
Copyright (C) 2022 The R Foundation for Statistical Computing
Platform: x86_64-w64-mingw32/x64 (64-bit)
R is free software and comes with ABSOLUTELY NO WARRANTY.
You are welcome to redistribute it under certain conditions.
Type 'license()' or 'licence()' for distribution details.
R is a collaborative project with many contributors.
Type 'contributors()' for more information and
'citation()' on how to cite R or R packages in publications.
Type 'demo()' for some demos, 'help()' for on-line help, or
'help.start()' for an HTML browser interface to help.
Type 'q()' to quit R.
> library(testthat)
> library(plyranges)
Loading required package: BiocGenerics
Attaching package: 'BiocGenerics'
The following objects are masked from 'package:stats':
IQR, mad, sd, var, xtabs
The following objects are masked from 'package:base':
Filter, Find, Map, Position, Reduce, anyDuplicated, append,
as.data.frame, basename, cbind, colnames, dirname, do.call,
duplicated, eval, evalq, get, grep, grepl, intersect, is.unsorted,
lapply, mapply, match, mget, order, paste, pmax, pmax.int, pmin,
pmin.int, rank, rbind, rownames, sapply, setdiff, sort, table,
tapply, union, unique, unsplit, which.max, which.min
Loading required package: IRanges
Loading required package: S4Vectors
Loading required package: stats4
Attaching package: 'S4Vectors'
The following objects are masked from 'package:base':
I, expand.grid, unname
Attaching package: 'IRanges'
The following object is masked from 'package:grDevices':
windows
Loading required package: GenomicRanges
Loading required package: GenomeInfoDb
Attaching package: 'plyranges'
The following object is masked from 'package:IRanges':
slice
The following object is masked from 'package:stats':
filter
>
> test_check("plyranges")
[ FAIL 0 | WARN 8 | SKIP 2 | PASS 383 ]
══ Skipped tests ═══════════════════════════════════════════════════════════════
• On Windows (2)
[ FAIL 0 | WARN 8 | SKIP 2 | PASS 383 ]
>
> proc.time()
user system elapsed
48.45 2.29 51.04
plyranges.Rcheck/plyranges-Ex.timings
| name | user | system | elapsed | |
| add-nearest-distance | 0.50 | 0.01 | 0.51 | |
| as_ranges | 0.08 | 0.00 | 0.08 | |
| compute_coverage | 0.01 | 0.00 | 0.01 | |
| element-setops | 0.11 | 0.00 | 0.11 | |
| filter-ranges | 1.36 | 0.05 | 1.41 | |
| group_by-ranges | 0.27 | 0.00 | 0.27 | |
| io-bam-read | 0.58 | 0.03 | 0.68 | |
| io-bed-read | 2.90 | 1.03 | 3.99 | |
| io-bed-write | 0 | 0 | 0 | |
| io-bigwig-read | 0 | 0 | 0 | |
| io-bigwig-write | 0 | 0 | 0 | |
| io-gff-read | 0.33 | 0.00 | 0.35 | |
| io-gff-write | 0 | 0 | 0 | |
| io-wig-read | 0.34 | 0.02 | 0.38 | |
| mutate-ranges | 1.49 | 0.01 | 1.50 | |
| n | 0.23 | 0.00 | 0.23 | |
| n_distinct | 0.03 | 0.00 | 0.03 | |
| overlap-joins | 0.16 | 0.00 | 0.16 | |
| ranges-anchor | 0.08 | 0.02 | 0.09 | |
| ranges-arrange | 0.04 | 0.00 | 0.05 | |
| ranges-bind | 0.16 | 0.01 | 0.17 | |
| ranges-chop | 0.3 | 0.0 | 0.3 | |
| ranges-construct | 0.09 | 0.00 | 0.09 | |
| ranges-count-overlaps | 0.06 | 0.00 | 0.06 | |
| ranges-disjoin | 0.68 | 0.00 | 0.68 | |
| ranges-expand | 0.5 | 0.0 | 0.5 | |
| ranges-filter-overlaps | 0.07 | 0.00 | 0.07 | |
| ranges-flank | 0.08 | 0.00 | 0.08 | |
| ranges-follow | 0.14 | 0.00 | 0.14 | |
| ranges-info | 0.03 | 0.00 | 0.03 | |
| ranges-interweave | 0.13 | 0.00 | 0.13 | |
| ranges-names | 0.12 | 0.00 | 0.12 | |
| ranges-nearest | 0.35 | 0.02 | 0.36 | |
| ranges-overlaps-self | 0.11 | 0.00 | 0.11 | |
| ranges-overlaps | 0.25 | 0.00 | 0.25 | |
| ranges-pairs | 0.48 | 0.02 | 0.50 | |
| ranges-precede | 0.16 | 0.00 | 0.16 | |
| ranges-reduce | 0.87 | 0.01 | 0.89 | |
| ranges-select | 0.13 | 0.00 | 0.13 | |
| ranges-setops | 0.69 | 0.00 | 0.68 | |
| ranges-shift | 0.15 | 0.01 | 0.17 | |
| ranges-summarise | 0.13 | 0.00 | 0.13 | |
| ranges-tile | 0.11 | 0.00 | 0.10 | |
| slice-ranges | 0.51 | 0.00 | 0.52 | |
| stretch | 0.17 | 0.02 | 0.19 | |