| Back to Multiple platform build/check report for BioC 3.15 |
|
This page was generated on 2022-10-19 13:22:00 -0400 (Wed, 19 Oct 2022).
| Hostname | OS | Arch (*) | R version | Installed pkgs |
|---|---|---|---|---|
| nebbiolo1 | Linux (Ubuntu 20.04.5 LTS) | x86_64 | 4.2.1 (2022-06-23) -- "Funny-Looking Kid" | 4386 |
| palomino3 | Windows Server 2022 Datacenter | x64 | 4.2.1 (2022-06-23 ucrt) -- "Funny-Looking Kid" | 4138 |
| merida1 | macOS 10.14.6 Mojave | x86_64 | 4.2.1 (2022-06-23) -- "Funny-Looking Kid" | 4205 |
| Click on any hostname to see more info about the system (e.g. compilers) (*) as reported by 'uname -p', except on Windows and Mac OS X | ||||
|
To the developers/maintainers of the perturbatr package: - Please allow up to 24 hours (and sometimes 48 hours) for your latest push to git@git.bioconductor.org:packages/perturbatr.git to reflect on this report. See How and When does the builder pull? When will my changes propagate? for more information. - Make sure to use the following settings in order to reproduce any error or warning you see on this page. |
| Package 1438/2140 | Hostname | OS / Arch | INSTALL | BUILD | CHECK | BUILD BIN | ||||||||
Simon Dirmeier
| nebbiolo1 | Linux (Ubuntu 20.04.5 LTS) / x86_64 | OK | OK | ERROR | |||||||||
| palomino3 | Windows Server 2022 Datacenter / x64 | OK | OK | ERROR | OK | |||||||||
| merida1 | macOS 10.14.6 Mojave / x86_64 | OK | OK | ERROR | OK | |||||||||
| Package: perturbatr |
| Version: 1.16.0 |
| Command: F:\biocbuild\bbs-3.15-bioc\R\bin\R.exe CMD check --no-multiarch --install=check:perturbatr.install-out.txt --library=F:\biocbuild\bbs-3.15-bioc\R\library --no-vignettes --timings perturbatr_1.16.0.tar.gz |
| StartedAt: 2022-10-19 02:48:39 -0400 (Wed, 19 Oct 2022) |
| EndedAt: 2022-10-19 03:04:06 -0400 (Wed, 19 Oct 2022) |
| EllapsedTime: 927.0 seconds |
| RetCode: 1 |
| Status: ERROR |
| CheckDir: perturbatr.Rcheck |
| Warnings: NA |
##############################################################################
##############################################################################
###
### Running command:
###
### F:\biocbuild\bbs-3.15-bioc\R\bin\R.exe CMD check --no-multiarch --install=check:perturbatr.install-out.txt --library=F:\biocbuild\bbs-3.15-bioc\R\library --no-vignettes --timings perturbatr_1.16.0.tar.gz
###
##############################################################################
##############################################################################
* using log directory 'F:/biocbuild/bbs-3.15-bioc/meat/perturbatr.Rcheck'
* using R version 4.2.1 (2022-06-23 ucrt)
* using platform: x86_64-w64-mingw32 (64-bit)
* using session charset: UTF-8
* using option '--no-vignettes'
* checking for file 'perturbatr/DESCRIPTION' ... OK
* checking extension type ... Package
* this is package 'perturbatr' version '1.16.0'
* checking package namespace information ... OK
* checking package dependencies ... OK
* checking if this is a source package ... OK
* checking if there is a namespace ... OK
* checking for hidden files and directories ... OK
* checking for portable file names ... OK
* checking whether package 'perturbatr' can be installed ... WARNING
Found the following significant warnings:
Warning: Package 'perturbatr' is deprecated and will be removed from
See 'F:/biocbuild/bbs-3.15-bioc/meat/perturbatr.Rcheck/00install.out' for details.
* checking installed package size ... OK
* checking package directory ... OK
* checking 'build' directory ... OK
* checking DESCRIPTION meta-information ... OK
* checking top-level files ... OK
* checking for left-over files ... OK
* checking index information ... OK
* checking package subdirectories ... OK
* checking R files for non-ASCII characters ... OK
* checking R files for syntax errors ... OK
* checking whether the package can be loaded ... OK
* checking whether the package can be loaded with stated dependencies ... OK
* checking whether the package can be unloaded cleanly ... OK
* checking whether the namespace can be loaded with stated dependencies ... OK
* checking whether the namespace can be unloaded cleanly ... OK
* checking dependencies in R code ... OK
* checking S3 generic/method consistency ... OK
* checking replacement functions ... OK
* checking foreign function calls ... OK
* checking R code for possible problems ... OK
* checking Rd files ... OK
* checking Rd metadata ... OK
* checking Rd cross-references ... OK
* checking for missing documentation entries ... OK
* checking for code/documentation mismatches ... OK
* checking Rd \usage sections ... OK
* checking Rd contents ... OK
* checking for unstated dependencies in examples ... OK
* checking contents of 'data' directory ... OK
* checking data for non-ASCII characters ... OK
* checking LazyData ... OK
* checking data for ASCII and uncompressed saves ... OK
* checking files in 'vignettes' ... OK
* checking examples ... OK
Examples with CPU (user + system) or elapsed time > 5s
user system elapsed
bootstrap 356.92 9.96 366.93
* checking for unstated dependencies in 'tests' ... OK
* checking tests ...
Running 'testthat.R'
ERROR
Running the tests in 'tests/testthat.R' failed.
Last 13 lines of output:
Warning message:
Package 'perturbatr' is deprecated and will be removed from
Bioconductor version 3.16
>
> test_check("perturbatr")
[ FAIL 1 | WARN 19 | SKIP 0 | PASS 40 ]
══ Failed tests ════════════════════════════════════════════════════════════════
── Failure ('test_util.R:29'): data plots ──────────────────────────────────────
`s <- plot(rnaiscreen)` produced warnings.
[ FAIL 1 | WARN 19 | SKIP 0 | PASS 40 ]
Error: Test failures
Execution halted
* checking for unstated dependencies in vignettes ... OK
* checking package vignettes in 'inst/doc' ... OK
* checking running R code from vignettes ... SKIPPED
* checking re-building of vignette outputs ... SKIPPED
* checking PDF version of manual ... OK
* DONE
Status: 1 ERROR, 1 WARNING
See
'F:/biocbuild/bbs-3.15-bioc/meat/perturbatr.Rcheck/00check.log'
for details.
perturbatr.Rcheck/00install.out
############################################################################## ############################################################################## ### ### Running command: ### ### F:\biocbuild\bbs-3.15-bioc\R\bin\R.exe CMD INSTALL perturbatr ### ############################################################################## ############################################################################## * installing to library 'F:/biocbuild/bbs-3.15-bioc/R/library' * installing *source* package 'perturbatr' ... ** using staged installation ** R ** data *** moving datasets to lazyload DB ** inst ** byte-compile and prepare package for lazy loading ** help *** installing help indices ** building package indices ** installing vignettes ** testing if installed package can be loaded from temporary location Warning: Package 'perturbatr' is deprecated and will be removed from Bioconductor version 3.16 ** testing if installed package can be loaded from final location Warning: Package 'perturbatr' is deprecated and will be removed from Bioconductor version 3.16 ** testing if installed package keeps a record of temporary installation path * DONE (perturbatr)
perturbatr.Rcheck/tests/testthat.Rout.fail
R version 4.2.1 (2022-06-23 ucrt) -- "Funny-Looking Kid"
Copyright (C) 2022 The R Foundation for Statistical Computing
Platform: x86_64-w64-mingw32/x64 (64-bit)
R is free software and comes with ABSOLUTELY NO WARRANTY.
You are welcome to redistribute it under certain conditions.
Type 'license()' or 'licence()' for distribution details.
R is a collaborative project with many contributors.
Type 'contributors()' for more information and
'citation()' on how to cite R or R packages in publications.
Type 'demo()' for some demos, 'help()' for on-line help, or
'help.start()' for an HTML browser interface to help.
Type 'q()' to quit R.
> # perturbatr: analysis of high-throughput gene perturbation screens
> #
> # Copyright (C) 2018 Simon Dirmeier
> #
> # This file is part of perturbatr
> #
> # perturbatr is free software: you can redistribute it and/or modify
> # it under the terms of the GNU General Public License as published by
> # the Free Software Foundation, either version 3 of the License, or
> # (at your option) any later version.
> #
> # perturbatr is distributed in the hope that it will be useful,
> # but WITHOUT ANY WARRANTY; without even the implied warranty of
> # MERCHANTABILITY or FITNESS FOR A PARTICULAR PURPOSE. See the
> # GNU General Public License for more details.
> #
> # You should have received a copy of the GNU General Public License
> # along with perturbatr If not, see <http://www.gnu.org/licenses/>.
>
>
> library(testthat)
> library(perturbatr)
Attaching package: 'perturbatr'
The following object is masked from 'package:stats':
filter
Warning message:
Package 'perturbatr' is deprecated and will be removed from
Bioconductor version 3.16
>
> test_check("perturbatr")
[ FAIL 1 | WARN 19 | SKIP 0 | PASS 40 ]
══ Failed tests ════════════════════════════════════════════════════════════════
── Failure ('test_util.R:29'): data plots ──────────────────────────────────────
`s <- plot(rnaiscreen)` produced warnings.
[ FAIL 1 | WARN 19 | SKIP 0 | PASS 40 ]
Error: Test failures
Execution halted
perturbatr.Rcheck/perturbatr-Ex.timings
| name | user | system | elapsed | |
| HMAnalysedPerturbationData-class | 2.82 | 0.20 | 3.02 | |
| NetworkAnalysedPerturbationData-class | 3.06 | 0.15 | 3.21 | |
| PerturbationData-class | 0.04 | 0.00 | 0.05 | |
| bootstrap | 356.92 | 9.96 | 366.93 | |
| dataSet-methods | 0.52 | 0.03 | 0.55 | |
| diffuse-methods | 3.48 | 0.11 | 3.61 | |
| filter-methods | 0.47 | 0.00 | 0.47 | |
| geneEffects-methods | 2.47 | 0.05 | 2.52 | |
| graph-methods | 2.94 | 0.17 | 3.10 | |
| hm-methods | 3.05 | 0.11 | 3.16 | |
| inference-methods | 2.86 | 0.11 | 2.97 | |
| isBootstrapped-methods | 2.46 | 0.09 | 2.56 | |
| modelFit-methods | 2.96 | 0.19 | 3.14 | |
| nestedGeneEffects-methods | 2.51 | 0.03 | 2.55 | |
| params-methods | 2.72 | 0.11 | 2.83 | |
| rbind.PerturbationData | 0.61 | 0.01 | 0.62 | |
| rnaiscreen | 3.45 | 0.07 | 3.52 | |