| Back to Multiple platform build/check report for BioC 3.15 |
|
This page was generated on 2022-10-19 13:23:27 -0400 (Wed, 19 Oct 2022).
| Hostname | OS | Arch (*) | R version | Installed pkgs |
|---|---|---|---|---|
| nebbiolo1 | Linux (Ubuntu 20.04.5 LTS) | x86_64 | 4.2.1 (2022-06-23) -- "Funny-Looking Kid" | 4386 |
| palomino3 | Windows Server 2022 Datacenter | x64 | 4.2.1 (2022-06-23 ucrt) -- "Funny-Looking Kid" | 4138 |
| merida1 | macOS 10.14.6 Mojave | x86_64 | 4.2.1 (2022-06-23) -- "Funny-Looking Kid" | 4205 |
| Click on any hostname to see more info about the system (e.g. compilers) (*) as reported by 'uname -p', except on Windows and Mac OS X | ||||
|
To the developers/maintainers of the periodicDNA package: - Please allow up to 24 hours (and sometimes 48 hours) for your latest push to git@git.bioconductor.org:packages/periodicDNA.git to reflect on this report. See How and When does the builder pull? When will my changes propagate? for more information. - Make sure to use the following settings in order to reproduce any error or warning you see on this page. |
| Package 1437/2140 | Hostname | OS / Arch | INSTALL | BUILD | CHECK | BUILD BIN | ||||||||
| periodicDNA 1.6.0 (landing page) Jacques Serizay
| nebbiolo1 | Linux (Ubuntu 20.04.5 LTS) / x86_64 | OK | OK | WARNINGS | |||||||||
| palomino3 | Windows Server 2022 Datacenter / x64 | OK | OK | WARNINGS | OK | |||||||||
| merida1 | macOS 10.14.6 Mojave / x86_64 | OK | OK | WARNINGS | OK | |||||||||
| Package: periodicDNA |
| Version: 1.6.0 |
| Command: /Library/Frameworks/R.framework/Resources/bin/R CMD check --install=check:periodicDNA.install-out.txt --library=/Library/Frameworks/R.framework/Resources/library --no-vignettes --timings periodicDNA_1.6.0.tar.gz |
| StartedAt: 2022-10-19 06:03:27 -0400 (Wed, 19 Oct 2022) |
| EndedAt: 2022-10-19 06:11:52 -0400 (Wed, 19 Oct 2022) |
| EllapsedTime: 505.5 seconds |
| RetCode: 0 |
| Status: WARNINGS |
| CheckDir: periodicDNA.Rcheck |
| Warnings: 1 |
##############################################################################
##############################################################################
###
### Running command:
###
### /Library/Frameworks/R.framework/Resources/bin/R CMD check --install=check:periodicDNA.install-out.txt --library=/Library/Frameworks/R.framework/Resources/library --no-vignettes --timings periodicDNA_1.6.0.tar.gz
###
##############################################################################
##############################################################################
* using log directory ‘/Users/biocbuild/bbs-3.15-bioc/meat/periodicDNA.Rcheck’
* using R version 4.2.1 (2022-06-23)
* using platform: x86_64-apple-darwin17.0 (64-bit)
* using session charset: UTF-8
* using option ‘--no-vignettes’
* checking for file ‘periodicDNA/DESCRIPTION’ ... OK
* checking extension type ... Package
* this is package ‘periodicDNA’ version ‘1.6.0’
* package encoding: UTF-8
* checking package namespace information ... OK
* checking package dependencies ... OK
* checking if this is a source package ... OK
* checking if there is a namespace ... OK
* checking for hidden files and directories ... OK
* checking for portable file names ... OK
* checking for sufficient/correct file permissions ... OK
* checking whether package ‘periodicDNA’ can be installed ... WARNING
Found the following significant warnings:
Warning: replacing previous import ‘GenomicRanges::subtract’ by ‘magrittr::subtract’ when loading ‘periodicDNA’
See ‘/Users/biocbuild/bbs-3.15-bioc/meat/periodicDNA.Rcheck/00install.out’ for details.
* checking installed package size ... OK
* checking package directory ... OK
* checking ‘build’ directory ... OK
* checking DESCRIPTION meta-information ... OK
* checking top-level files ... OK
* checking for left-over files ... OK
* checking index information ... OK
* checking package subdirectories ... OK
* checking R files for non-ASCII characters ... OK
* checking R files for syntax errors ... OK
* checking whether the package can be loaded ... OK
* checking whether the package can be loaded with stated dependencies ... OK
* checking whether the package can be unloaded cleanly ... OK
* checking whether the namespace can be loaded with stated dependencies ... OK
* checking whether the namespace can be unloaded cleanly ... OK
* checking dependencies in R code ... OK
* checking S3 generic/method consistency ... OK
* checking replacement functions ... OK
* checking foreign function calls ... OK
* checking R code for possible problems ... OK
* checking Rd files ... OK
* checking Rd metadata ... OK
* checking Rd cross-references ... OK
* checking for missing documentation entries ... OK
* checking for code/documentation mismatches ... OK
* checking Rd \usage sections ... OK
* checking Rd contents ... OK
* checking for unstated dependencies in examples ... OK
* checking contents of ‘data’ directory ... OK
* checking data for non-ASCII characters ... OK
* checking data for ASCII and uncompressed saves ... OK
* checking files in ‘vignettes’ ... OK
* checking examples ... OK
Examples with CPU (user + system) or elapsed time > 5s
user system elapsed
getPeriodicity 20.066 0.884 21.037
plotPeriodicityResults 8.662 0.396 9.134
getPeriodicityTrack 8.300 0.160 8.481
plotAggregateCoverage 6.155 1.777 6.453
* checking for unstated dependencies in ‘tests’ ... OK
* checking tests ...
Running ‘testthat.R’
OK
* checking for unstated dependencies in vignettes ... OK
* checking package vignettes in ‘inst/doc’ ... OK
* checking running R code from vignettes ... SKIPPED
* checking re-building of vignette outputs ... SKIPPED
* checking PDF version of manual ... OK
* DONE
Status: 1 WARNING
See
‘/Users/biocbuild/bbs-3.15-bioc/meat/periodicDNA.Rcheck/00check.log’
for details.
periodicDNA.Rcheck/00install.out
############################################################################## ############################################################################## ### ### Running command: ### ### /Library/Frameworks/R.framework/Resources/bin/R CMD INSTALL periodicDNA ### ############################################################################## ############################################################################## * installing to library ‘/Library/Frameworks/R.framework/Versions/4.2/Resources/library’ * installing *source* package ‘periodicDNA’ ... ** using staged installation ** R ** data ** byte-compile and prepare package for lazy loading Warning: replacing previous import ‘GenomicRanges::subtract’ by ‘magrittr::subtract’ when loading ‘periodicDNA’ ** help *** installing help indices *** copying figures ** building package indices ** installing vignettes ** testing if installed package can be loaded from temporary location Warning: replacing previous import ‘GenomicRanges::subtract’ by ‘magrittr::subtract’ when loading ‘periodicDNA’ ** testing if installed package can be loaded from final location Warning: replacing previous import ‘GenomicRanges::subtract’ by ‘magrittr::subtract’ when loading ‘periodicDNA’ ** testing if installed package keeps a record of temporary installation path * DONE (periodicDNA)
periodicDNA.Rcheck/tests/testthat.Rout
R version 4.2.1 (2022-06-23) -- "Funny-Looking Kid"
Copyright (C) 2022 The R Foundation for Statistical Computing
Platform: x86_64-apple-darwin17.0 (64-bit)
R is free software and comes with ABSOLUTELY NO WARRANTY.
You are welcome to redistribute it under certain conditions.
Type 'license()' or 'licence()' for distribution details.
R is a collaborative project with many contributors.
Type 'contributors()' for more information and
'citation()' on how to cite R or R packages in publications.
Type 'demo()' for some demos, 'help()' for on-line help, or
'help.start()' for an HTML browser interface to help.
Type 'q()' to quit R.
> library(testthat)
> library(periodicDNA)
Loading required package: Biostrings
Loading required package: BiocGenerics
Attaching package: 'BiocGenerics'
The following objects are masked from 'package:stats':
IQR, mad, sd, var, xtabs
The following objects are masked from 'package:base':
Filter, Find, Map, Position, Reduce, anyDuplicated, append,
as.data.frame, basename, cbind, colnames, dirname, do.call,
duplicated, eval, evalq, get, grep, grepl, intersect, is.unsorted,
lapply, mapply, match, mget, order, paste, pmax, pmax.int, pmin,
pmin.int, rank, rbind, rownames, sapply, setdiff, sort, table,
tapply, union, unique, unsplit, which.max, which.min
Loading required package: S4Vectors
Loading required package: stats4
Attaching package: 'S4Vectors'
The following objects are masked from 'package:base':
I, expand.grid, unname
Loading required package: IRanges
Loading required package: XVector
Loading required package: GenomeInfoDb
Attaching package: 'Biostrings'
The following object is masked from 'package:base':
strsplit
Loading required package: GenomicRanges
Loading required package: BSgenome
Loading required package: rtracklayer
Loading required package: BiocParallel
Warning message:
replacing previous import 'GenomicRanges::subtract' by 'magrittr::subtract' when loading 'periodicDNA'
> library(BiocParallel)
> register(setUpBPPARAM(1), default = TRUE)
>
> test_check("periodicDNA")
[ FAIL 0 | WARN 7 | SKIP 0 | PASS 6 ]
[ FAIL 0 | WARN 7 | SKIP 0 | PASS 6 ]
>
> proc.time()
user system elapsed
56.264 3.773 58.752
periodicDNA.Rcheck/periodicDNA-Ex.timings
| name | user | system | elapsed | |
| ce11_ATACseq | 0.110 | 0.004 | 0.114 | |
| ce11_TSSs | 0.112 | 0.003 | 0.116 | |
| ce11_WW_10bp | 0.053 | 0.003 | 0.057 | |
| ce11_all_REs | 0.175 | 0.007 | 0.182 | |
| ce11_proms | 0.067 | 0.003 | 0.071 | |
| ce11_proms_seqs | 0.078 | 0.004 | 0.081 | |
| getPeriodicity | 20.066 | 0.884 | 21.037 | |
| getPeriodicityTrack | 8.300 | 0.160 | 8.481 | |
| getPeriodicityWithIterations | 4.317 | 0.026 | 4.371 | |
| plotAggregateCoverage | 6.155 | 1.777 | 6.453 | |
| plotPeriodicityResults | 8.662 | 0.396 | 9.134 | |
| setUpBPPARAM | 0.008 | 0.000 | 0.008 | |
| theme_ggplot2 | 0.248 | 0.003 | 0.253 | |