| Back to Multiple platform build/check report for BioC 3.15 |
|
This page was generated on 2022-03-18 11:07:51 -0400 (Fri, 18 Mar 2022).
| Hostname | OS | Arch (*) | R version | Installed pkgs |
|---|---|---|---|---|
| nebbiolo1 | Linux (Ubuntu 20.04.4 LTS) | x86_64 | R Under development (unstable) (2022-02-17 r81757) -- "Unsuffered Consequences" | 4334 |
| riesling1 | Windows Server 2019 Standard | x64 | R Under development (unstable) (2021-11-21 r81221) -- "Unsuffered Consequences" | 4097 |
| palomino3 | Windows Server 2022 Datacenter | x64 | R Under development (unstable) (2022-02-17 r81757 ucrt) -- "Unsuffered Consequences" | 4083 |
| merida1 | macOS 10.14.6 Mojave | x86_64 | R Under development (unstable) (2022-03-02 r81842) -- "Unsuffered Consequences" | 4134 |
| Click on any hostname to see more info about the system (e.g. compilers) (*) as reported by 'uname -p', except on Windows and Mac OS X | ||||
|
To the developers/maintainers of the iteremoval package: - Please allow up to 24 hours (and sometimes 48 hours) for your latest push to git@git.bioconductor.org:packages/iteremoval.git to reflect on this report. See How and When does the builder pull? When will my changes propagate? here for more information. - Make sure to use the following settings in order to reproduce any error or warning you see on this page. |
| Package 974/2090 | Hostname | OS / Arch | INSTALL | BUILD | CHECK | BUILD BIN | ||||||||
| iteremoval 1.15.1 (landing page) Jiacheng Chuan
| nebbiolo1 | Linux (Ubuntu 20.04.4 LTS) / x86_64 | OK | ERROR | skipped | |||||||||
| riesling1 | Windows Server 2019 Standard / x64 | OK | OK | WARNINGS | OK | |||||||||
| palomino3 | Windows Server 2022 Datacenter / x64 | OK | ERROR | skipped | skipped | |||||||||
| merida1 | macOS 10.14.6 Mojave / x86_64 | OK | ERROR | skipped | skipped | |||||||||
| Package: iteremoval |
| Version: 1.15.1 |
| Command: D:\biocbuild\bbs-3.15-bioc\R\bin\R.exe CMD check --no-multiarch --install=check:iteremoval.install-out.txt --library=D:\biocbuild\bbs-3.15-bioc\R\library --no-vignettes --timings iteremoval_1.15.1.tar.gz |
| StartedAt: 2022-03-17 19:24:38 -0400 (Thu, 17 Mar 2022) |
| EndedAt: 2022-03-17 19:26:55 -0400 (Thu, 17 Mar 2022) |
| EllapsedTime: 136.5 seconds |
| RetCode: 0 |
| Status: WARNINGS |
| CheckDir: iteremoval.Rcheck |
| Warnings: 1 |
############################################################################## ############################################################################## ### ### Running command: ### ### D:\biocbuild\bbs-3.15-bioc\R\bin\R.exe CMD check --no-multiarch --install=check:iteremoval.install-out.txt --library=D:\biocbuild\bbs-3.15-bioc\R\library --no-vignettes --timings iteremoval_1.15.1.tar.gz ### ############################################################################## ############################################################################## * using log directory 'D:/biocbuild/bbs-3.15-bioc/meat/iteremoval.Rcheck' * using R Under development (unstable) (2021-11-21 r81221) * using platform: x86_64-w64-mingw32 (64-bit) * using session charset: ISO8859-1 * using option '--no-vignettes' * checking for file 'iteremoval/DESCRIPTION' ... OK * this is package 'iteremoval' version '1.15.1' * package encoding: UTF-8 * checking package namespace information ... OK * checking package dependencies ... OK * checking if this is a source package ... OK * checking if there is a namespace ... OK * checking for hidden files and directories ... OK * checking for portable file names ... OK * checking whether package 'iteremoval' can be installed ... WARNING Found the following significant warnings: Warning: replacing previous import 'GenomicRanges::subtract' by 'magrittr::subtract' when loading 'iteremoval' See 'D:/biocbuild/bbs-3.15-bioc/meat/iteremoval.Rcheck/00install.out' for details. * checking installed package size ... OK * checking package directory ... OK * checking 'build' directory ... OK * checking DESCRIPTION meta-information ... OK * checking top-level files ... OK * checking for left-over files ... OK * checking index information ... OK * checking package subdirectories ... OK * checking R files for non-ASCII characters ... OK * checking R files for syntax errors ... OK * checking whether the package can be loaded ... OK * checking whether the package can be loaded with stated dependencies ... OK * checking whether the package can be unloaded cleanly ... OK * checking whether the namespace can be loaded with stated dependencies ... OK * checking whether the namespace can be unloaded cleanly ... OK * checking dependencies in R code ... OK * checking S3 generic/method consistency ... OK * checking replacement functions ... OK * checking foreign function calls ... OK * checking R code for possible problems ... OK * checking Rd files ... OK * checking Rd metadata ... OK * checking Rd cross-references ... OK * checking for missing documentation entries ... OK * checking for code/documentation mismatches ... OK * checking Rd \usage sections ... OK * checking Rd contents ... OK * checking for unstated dependencies in examples ... OK * checking contents of 'data' directory ... OK * checking data for non-ASCII characters ... OK * checking LazyData ... OK * checking data for ASCII and uncompressed saves ... OK * checking files in 'vignettes' ... OK * checking examples ... OK * checking for unstated dependencies in 'tests' ... OK * checking tests ... Running 'testthat.R' OK * checking for unstated dependencies in vignettes ... OK * checking package vignettes in 'inst/doc' ... OK * checking running R code from vignettes ... SKIPPED * checking re-building of vignette outputs ... SKIPPED * checking PDF version of manual ... OK * DONE Status: 1 WARNING See 'D:/biocbuild/bbs-3.15-bioc/meat/iteremoval.Rcheck/00check.log' for details.
iteremoval.Rcheck/00install.out
##############################################################################
##############################################################################
###
### Running command:
###
### D:\biocbuild\bbs-3.15-bioc\R\bin\R.exe CMD INSTALL iteremoval
###
##############################################################################
##############################################################################
* installing to library 'D:/biocbuild/bbs-3.15-bioc/R/library'
* installing *source* package 'iteremoval' ...
** using staged installation
** R
** data
*** moving datasets to lazyload DB
** demo
** inst
** byte-compile and prepare package for lazy loading
Warning: replacing previous import 'GenomicRanges::subtract' by 'magrittr::subtract' when loading 'iteremoval'
** help
*** installing help indices
converting help for package 'iteremoval'
finding HTML links ... done
SWRG0 html
SWRG1 html
SummarizedData html
feature_hist html
feature_prevalence html
feature_removal html
feature_screen html
funcOrExp html
ggiteration_trace html
score_combine_methods html
score_standardization_methods html
weight_methods html
** building package indices
** installing vignettes
** testing if installed package can be loaded from temporary location
Warning: replacing previous import 'GenomicRanges::subtract' by 'magrittr::subtract' when loading 'iteremoval'
** testing if installed package can be loaded from final location
Warning: replacing previous import 'GenomicRanges::subtract' by 'magrittr::subtract' when loading 'iteremoval'
** testing if installed package keeps a record of temporary installation path
* DONE (iteremoval)
Making 'packages.html' ...Warning in packageDescription(i, lib.loc = lib, fields = "Title", encoding = "UTF-8") :
DESCRIPTION file of package 'MeSHDbi' is missing or broken
done
iteremoval.Rcheck/tests/testthat.Rout
R Under development (unstable) (2021-11-21 r81221) -- "Unsuffered Consequences"
Copyright (C) 2021 The R Foundation for Statistical Computing
Platform: x86_64-w64-mingw32/x64 (64-bit)
R is free software and comes with ABSOLUTELY NO WARRANTY.
You are welcome to redistribute it under certain conditions.
Type 'license()' or 'licence()' for distribution details.
R is a collaborative project with many contributors.
Type 'contributors()' for more information and
'citation()' on how to cite R or R packages in publications.
Type 'demo()' for some demos, 'help()' for on-line help, or
'help.start()' for an HTML browser interface to help.
Type 'q()' to quit R.
> library(testthat)
> library(iteremoval)
Loading required package: ggplot2
Warning message:
replacing previous import 'GenomicRanges::subtract' by 'magrittr::subtract' when loading 'iteremoval'
>
> test_check("iteremoval")
Current offset: 1
Current offset: 0.5
Current offset: 2
Current offset: 0.5
Current offset: 2
Current offset: 1
Current offset: 0.5
Current offset: 1
Current offset: 2
[ FAIL 0 | WARN 0 | SKIP 2 | PASS 15 ]
== Skipped tests ===============================================================
* empty test (2)
[ FAIL 0 | WARN 0 | SKIP 2 | PASS 15 ]
>
> proc.time()
user system elapsed
9.37 0.53 9.89
iteremoval.Rcheck/iteremoval-Ex.timings
| name | user | system | elapsed | |
| feature_hist | 1.00 | 0.01 | 1.02 | |
| feature_prevalence | 0.61 | 0.00 | 0.61 | |
| feature_removal | 1.23 | 0.10 | 1.32 | |
| feature_screen | 0.59 | 0.00 | 0.60 | |
| funcOrExp | 0 | 0 | 0 | |
| ggiteration_trace | 0.86 | 0.01 | 0.87 | |
| score_combine_methods | 0 | 0 | 0 | |
| score_standardization_methods | 0 | 0 | 0 | |
| weight_methods | 0 | 0 | 0 | |