| Back to Multiple platform build/check report for BioC 3.15 |
|
This page was generated on 2022-10-19 13:21:34 -0400 (Wed, 19 Oct 2022).
| Hostname | OS | Arch (*) | R version | Installed pkgs |
|---|---|---|---|---|
| nebbiolo1 | Linux (Ubuntu 20.04.5 LTS) | x86_64 | 4.2.1 (2022-06-23) -- "Funny-Looking Kid" | 4386 |
| palomino3 | Windows Server 2022 Datacenter | x64 | 4.2.1 (2022-06-23 ucrt) -- "Funny-Looking Kid" | 4138 |
| merida1 | macOS 10.14.6 Mojave | x86_64 | 4.2.1 (2022-06-23) -- "Funny-Looking Kid" | 4205 |
| Click on any hostname to see more info about the system (e.g. compilers) (*) as reported by 'uname -p', except on Windows and Mac OS X | ||||
|
To the developers/maintainers of the gespeR package: - Please allow up to 24 hours (and sometimes 48 hours) for your latest push to git@git.bioconductor.org:packages/gespeR.git to reflect on this report. See How and When does the builder pull? When will my changes propagate? for more information. - Make sure to use the following settings in order to reproduce any error or warning you see on this page. |
| Package 794/2140 | Hostname | OS / Arch | INSTALL | BUILD | CHECK | BUILD BIN | ||||||||
| gespeR 1.28.0 (landing page) Fabian Schmich
| nebbiolo1 | Linux (Ubuntu 20.04.5 LTS) / x86_64 | OK | OK | WARNINGS | |||||||||
| palomino3 | Windows Server 2022 Datacenter / x64 | OK | OK | WARNINGS | OK | |||||||||
| merida1 | macOS 10.14.6 Mojave / x86_64 | OK | OK | WARNINGS | OK | |||||||||
| Package: gespeR |
| Version: 1.28.0 |
| Command: F:\biocbuild\bbs-3.15-bioc\R\bin\R.exe CMD check --no-multiarch --install=check:gespeR.install-out.txt --library=F:\biocbuild\bbs-3.15-bioc\R\library --no-vignettes --timings gespeR_1.28.0.tar.gz |
| StartedAt: 2022-10-19 00:38:14 -0400 (Wed, 19 Oct 2022) |
| EndedAt: 2022-10-19 00:42:43 -0400 (Wed, 19 Oct 2022) |
| EllapsedTime: 269.0 seconds |
| RetCode: 0 |
| Status: WARNINGS |
| CheckDir: gespeR.Rcheck |
| Warnings: 1 |
##############################################################################
##############################################################################
###
### Running command:
###
### F:\biocbuild\bbs-3.15-bioc\R\bin\R.exe CMD check --no-multiarch --install=check:gespeR.install-out.txt --library=F:\biocbuild\bbs-3.15-bioc\R\library --no-vignettes --timings gespeR_1.28.0.tar.gz
###
##############################################################################
##############################################################################
* using log directory 'F:/biocbuild/bbs-3.15-bioc/meat/gespeR.Rcheck'
* using R version 4.2.1 (2022-06-23 ucrt)
* using platform: x86_64-w64-mingw32 (64-bit)
* using session charset: UTF-8
* using option '--no-vignettes'
* checking for file 'gespeR/DESCRIPTION' ... OK
* checking extension type ... Package
* this is package 'gespeR' version '1.28.0'
* checking package namespace information ... OK
* checking package dependencies ... OK
* checking if this is a source package ... OK
* checking if there is a namespace ... OK
* checking for hidden files and directories ... OK
* checking for portable file names ... OK
* checking whether package 'gespeR' can be installed ... OK
* checking installed package size ... OK
* checking package directory ... OK
* checking 'build' directory ... OK
* checking DESCRIPTION meta-information ... OK
* checking top-level files ... OK
* checking for left-over files ... OK
* checking index information ... OK
* checking package subdirectories ... OK
* checking R files for non-ASCII characters ... OK
* checking R files for syntax errors ... OK
* checking whether the package can be loaded ... OK
* checking whether the package can be loaded with stated dependencies ... OK
* checking whether the package can be unloaded cleanly ... OK
* checking whether the namespace can be loaded with stated dependencies ... OK
* checking whether the namespace can be unloaded cleanly ... OK
* checking dependencies in R code ... OK
* checking S3 generic/method consistency ... OK
* checking replacement functions ... OK
* checking foreign function calls ... OK
* checking R code for possible problems ... NOTE
.gespeR.cv: no visible global function definition for 'coef'
.select.model: no visible global function definition for 'predict'
concordance: no visible global function definition for 'cor'
lasso.rand: no visible global function definition for 'runif'
plot.gespeR: no visible global function definition for 'hist'
stability.selection: no visible global function definition for 'lm'
Phenotypes,character: no visible global function definition for
'read.delim'
Undefined global functions or variables:
coef cor hist lm predict read.delim runif
Consider adding
importFrom("graphics", "hist")
importFrom("stats", "coef", "cor", "lm", "predict", "runif")
importFrom("utils", "read.delim")
to your NAMESPACE file.
* checking Rd files ... OK
* checking Rd metadata ... OK
* checking Rd cross-references ... OK
* checking for missing documentation entries ... OK
* checking for code/documentation mismatches ... WARNING
Codoc mismatches from documentation object 'c,Phenotypes-method':
\S4method{c}{Phenotypes}
Code: function(x, ...)
Docs: function(x, ..., recursive = FALSE)
Argument names in docs not in code:
recursive
* checking Rd \usage sections ... OK
* checking Rd contents ... OK
* checking for unstated dependencies in examples ... OK
* checking contents of 'data' directory ... OK
* checking data for non-ASCII characters ... OK
* checking data for ASCII and uncompressed saves ... OK
* checking sizes of PDF files under 'inst/doc' ... OK
* checking files in 'vignettes' ... OK
* checking examples ... OK
Examples with CPU (user + system) or elapsed time > 5s
user system elapsed
gespeR-package 5.97 0.14 48.62
gespeR-class 0.25 0.00 10.36
stability-methods 0.11 0.03 11.35
* checking for unstated dependencies in vignettes ... OK
* checking package vignettes in 'inst/doc' ... OK
* checking running R code from vignettes ... SKIPPED
* checking re-building of vignette outputs ... SKIPPED
* checking PDF version of manual ... OK
* DONE
Status: 1 WARNING, 1 NOTE
See
'F:/biocbuild/bbs-3.15-bioc/meat/gespeR.Rcheck/00check.log'
for details.
gespeR.Rcheck/00install.out
############################################################################## ############################################################################## ### ### Running command: ### ### F:\biocbuild\bbs-3.15-bioc\R\bin\R.exe CMD INSTALL gespeR ### ############################################################################## ############################################################################## * installing to library 'F:/biocbuild/bbs-3.15-bioc/R/library' * installing *source* package 'gespeR' ... ** using staged installation ** R ** data ** inst ** byte-compile and prepare package for lazy loading ** help *** installing help indices ** building package indices ** installing vignettes ** testing if installed package can be loaded from temporary location ** testing if installed package can be loaded from final location ** testing if installed package keeps a record of temporary installation path * DONE (gespeR)
gespeR.Rcheck/gespeR-Ex.timings
| name | user | system | elapsed | |
| Phenotypes-class | 0.00 | 0.00 | 0.02 | |
| TargetRelations-class | 0.02 | 0.00 | 0.03 | |
| annotate.gsp-methods | 0.09 | 0.00 | 0.09 | |
| as.data.frame-Phenotypes-method | 0.70 | 0.01 | 0.74 | |
| c-Phenotypes-method | 0.04 | 0.02 | 0.04 | |
| concordance | 0.56 | 0.06 | 0.63 | |
| gespeR-class | 0.25 | 0.00 | 10.36 | |
| gespeR-package | 5.97 | 0.14 | 48.62 | |
| gspssp-methods | 0.14 | 0.02 | 0.15 | |
| join-methods | 0.02 | 0.00 | 0.02 | |
| lasso.rand | 0.01 | 0.00 | 0.02 | |
| na.rem-methods | 0.05 | 0.00 | 0.04 | |
| path-methods | 0 | 0 | 0 | |
| rbo | 0 | 0 | 0 | |
| scores-methods | 0.16 | 0.00 | 0.16 | |
| simData | 0.00 | 0.01 | 0.01 | |
| stability-methods | 0.11 | 0.03 | 11.35 | |
| stabilityfits | 0.12 | 0.00 | 0.12 | |
| target-relations-methods | 0.11 | 0.00 | 0.11 | |
| trmatrix-methods | 0.09 | 0.00 | 0.10 | |
| values-methods | 0.02 | 0.02 | 0.03 | |