| Back to Multiple platform build/check report for BioC 3.15 |
|
This page was generated on 2022-03-18 11:07:14 -0400 (Fri, 18 Mar 2022).
| Hostname | OS | Arch (*) | R version | Installed pkgs |
|---|---|---|---|---|
| nebbiolo1 | Linux (Ubuntu 20.04.4 LTS) | x86_64 | R Under development (unstable) (2022-02-17 r81757) -- "Unsuffered Consequences" | 4334 |
| riesling1 | Windows Server 2019 Standard | x64 | R Under development (unstable) (2021-11-21 r81221) -- "Unsuffered Consequences" | 4097 |
| palomino3 | Windows Server 2022 Datacenter | x64 | R Under development (unstable) (2022-02-17 r81757 ucrt) -- "Unsuffered Consequences" | 4083 |
| merida1 | macOS 10.14.6 Mojave | x86_64 | R Under development (unstable) (2022-03-02 r81842) -- "Unsuffered Consequences" | 4134 |
| Click on any hostname to see more info about the system (e.g. compilers) (*) as reported by 'uname -p', except on Windows and Mac OS X | ||||
|
To the developers/maintainers of the coMET package: - Please allow up to 24 hours (and sometimes 48 hours) for your latest push to git@git.bioconductor.org:packages/coMET.git to reflect on this report. See How and When does the builder pull? When will my changes propagate? here for more information. - Make sure to use the following settings in order to reproduce any error or warning you see on this page. |
| Package 375/2090 | Hostname | OS / Arch | INSTALL | BUILD | CHECK | BUILD BIN | ||||||||
| coMET 1.27.1 (landing page) Tiphaine Martin
| nebbiolo1 | Linux (Ubuntu 20.04.4 LTS) / x86_64 | OK | ERROR | skipped | |||||||||
| riesling1 | Windows Server 2019 Standard / x64 | OK | ERROR | skipped | skipped | |||||||||
| palomino3 | Windows Server 2022 Datacenter / x64 | OK | ERROR | skipped | skipped | |||||||||
| merida1 | macOS 10.14.6 Mojave / x86_64 | OK | ERROR | skipped | skipped | |||||||||
| Package: coMET |
| Version: 1.27.1 |
| Command: chmod a+r coMET -R && D:\biocbuild\bbs-3.15-bioc\R\bin\R.exe CMD build --keep-empty-dirs --no-resave-data coMET |
| StartedAt: 2022-03-17 16:38:06 -0400 (Thu, 17 Mar 2022) |
| EndedAt: 2022-03-17 16:40:18 -0400 (Thu, 17 Mar 2022) |
| EllapsedTime: 132.2 seconds |
| RetCode: 1 |
| Status: ERROR |
| PackageFile: None |
| PackageFileSize: NA |
##############################################################################
##############################################################################
###
### Running command:
###
### chmod a+r coMET -R && D:\biocbuild\bbs-3.15-bioc\R\bin\R.exe CMD build --keep-empty-dirs --no-resave-data coMET
###
##############################################################################
##############################################################################
* checking for file 'coMET/DESCRIPTION' ... OK
* preparing 'coMET':
* checking DESCRIPTION meta-information ... OK
* installing the package to build vignettes
* creating vignettes ... ERROR
--- re-building 'coMET.Rnw' using knitr
Warning: Ensembl will soon enforce the use of https.
Ensure the 'host' argument includes "https://"
Warning in .local(x, ...) :
'track' parameter is deprecated now you go by the 'table' instead
Use ucscTables(genome, track) to retrieve the list of tables for a track
Warning: Ensembl will soon enforce the use of https.
Ensure the 'host' argument includes "https://"
Quitting from lines 333-341 (coMET.Rnw)
Error: processing vignette 'coMET.Rnw' failed with diagnostics:
No method for subsetting an XMLInternalDocument with numeric
--- failed re-building 'coMET.Rnw'
SUMMARY: processing the following file failed:
'coMET.Rnw'
Error: Vignette re-building failed.
Execution halted