| Back to Multiple platform build/check report for BioC 3.15 |
|
This page was generated on 2022-03-18 11:07:11 -0400 (Fri, 18 Mar 2022).
| Hostname | OS | Arch (*) | R version | Installed pkgs |
|---|---|---|---|---|
| nebbiolo1 | Linux (Ubuntu 20.04.4 LTS) | x86_64 | R Under development (unstable) (2022-02-17 r81757) -- "Unsuffered Consequences" | 4334 |
| riesling1 | Windows Server 2019 Standard | x64 | R Under development (unstable) (2021-11-21 r81221) -- "Unsuffered Consequences" | 4097 |
| palomino3 | Windows Server 2022 Datacenter | x64 | R Under development (unstable) (2022-02-17 r81757 ucrt) -- "Unsuffered Consequences" | 4083 |
| merida1 | macOS 10.14.6 Mojave | x86_64 | R Under development (unstable) (2022-03-02 r81842) -- "Unsuffered Consequences" | 4134 |
| Click on any hostname to see more info about the system (e.g. compilers) (*) as reported by 'uname -p', except on Windows and Mac OS X | ||||
|
To the developers/maintainers of the chopsticks package: - Please allow up to 24 hours (and sometimes 48 hours) for your latest push to git@git.bioconductor.org:packages/chopsticks.git to reflect on this report. See How and When does the builder pull? When will my changes propagate? here for more information. - Make sure to use the following settings in order to reproduce any error or warning you see on this page. |
| Package 307/2090 | Hostname | OS / Arch | INSTALL | BUILD | CHECK | BUILD BIN | ||||||||
| chopsticks 1.61.0 (landing page) Hin-Tak Leung
| nebbiolo1 | Linux (Ubuntu 20.04.4 LTS) / x86_64 | OK | OK | WARNINGS | |||||||||
| riesling1 | Windows Server 2019 Standard / x64 | OK | OK | WARNINGS | OK | |||||||||
| palomino3 | Windows Server 2022 Datacenter / x64 | OK | OK | WARNINGS | OK | |||||||||
| merida1 | macOS 10.14.6 Mojave / x86_64 | OK | OK | WARNINGS | OK | |||||||||
| Package: chopsticks |
| Version: 1.61.0 |
| Command: D:\biocbuild\bbs-3.15-bioc\R\bin\R.exe CMD check --no-multiarch --install=check:chopsticks.install-out.txt --library=D:\biocbuild\bbs-3.15-bioc\R\library --no-vignettes --timings chopsticks_1.61.0.tar.gz |
| StartedAt: 2022-03-17 18:42:51 -0400 (Thu, 17 Mar 2022) |
| EndedAt: 2022-03-17 18:43:51 -0400 (Thu, 17 Mar 2022) |
| EllapsedTime: 60.7 seconds |
| RetCode: 0 |
| Status: WARNINGS |
| CheckDir: chopsticks.Rcheck |
| Warnings: 2 |
##############################################################################
##############################################################################
###
### Running command:
###
### D:\biocbuild\bbs-3.15-bioc\R\bin\R.exe CMD check --no-multiarch --install=check:chopsticks.install-out.txt --library=D:\biocbuild\bbs-3.15-bioc\R\library --no-vignettes --timings chopsticks_1.61.0.tar.gz
###
##############################################################################
##############################################################################
* using log directory 'D:/biocbuild/bbs-3.15-bioc/meat/chopsticks.Rcheck'
* using R Under development (unstable) (2021-11-21 r81221)
* using platform: x86_64-w64-mingw32 (64-bit)
* using session charset: ISO8859-1
* using option '--no-vignettes'
* checking for file 'chopsticks/DESCRIPTION' ... OK
* this is package 'chopsticks' version '1.61.0'
* checking package namespace information ... OK
* checking package dependencies ... OK
* checking if this is a source package ... OK
* checking if there is a namespace ... OK
* checking for hidden files and directories ... OK
* checking for portable file names ... OK
* checking whether package 'chopsticks' can be installed ... WARNING
Found the following significant warnings:
inputNew.c:687:5: warning: 'strncpy' output may be truncated copying 127 bytes from a string of length 127 [-Wstringop-truncation]
inputNew.c:408:4: warning: 'strncpy' output may be truncated copying 127 bytes from a string of length 127 [-Wstringop-truncation]
inputNew.c:404:4: warning: 'strncpy' output may be truncated copying 127 bytes from a string of length 127 [-Wstringop-truncation]
inputNew.c:401:4: warning: 'strncpy' output may be truncated copying 127 bytes from a string of length 127 [-Wstringop-truncation]
inputNew.c:398:4: warning: 'strncpy' output may be truncated copying 127 bytes from a string of length 127 [-Wstringop-truncation]
inputNew.c:395:4: warning: 'strncpy' output may be truncated copying 127 bytes from a string of length 127 [-Wstringop-truncation]
See 'D:/biocbuild/bbs-3.15-bioc/meat/chopsticks.Rcheck/00install.out' for details.
* checking installed package size ... NOTE
installed size is 5.5Mb
sub-directories of 1Mb or more:
data 4.1Mb
* checking package directory ... OK
* checking 'build' directory ... OK
* checking DESCRIPTION meta-information ... NOTE
Malformed Description field: should contain one or more complete sentences.
* checking top-level files ... OK
* checking for left-over files ... OK
* checking index information ... OK
* checking package subdirectories ... OK
* checking R files for non-ASCII characters ... OK
* checking R files for syntax errors ... OK
* checking whether the package can be loaded ... OK
* checking whether the package can be loaded with stated dependencies ... OK
* checking whether the package can be unloaded cleanly ... OK
* checking whether the namespace can be loaded with stated dependencies ... OK
* checking whether the namespace can be unloaded cleanly ... OK
* checking dependencies in R code ... OK
* checking S3 generic/method consistency ... OK
* checking replacement functions ... OK
* checking foreign function calls ... OK
* checking R code for possible problems ... OK
* checking Rd files ... NOTE
prepare_Rd: ibs.stats.Rd:28: Dropping empty section \references
prepare_Rd: ibs.stats.Rd:49: Dropping empty section \seealso
prepare_Rd: read.pedfile.info.Rd:31-32: Dropping empty section \examples
prepare_Rd: read.pedfile.map.Rd:31-32: Dropping empty section \examples
prepare_Rd: read.snps.chiamo.Rd:37-38: Dropping empty section \note
prepare_Rd: read.wtccc.signals.Rd:58: Dropping empty section \seealso
prepare_Rd: wtccc.sample.list.Rd:36-37: Dropping empty section \note
prepare_Rd: wtccc.sample.list.Rd:39-40: Dropping empty section \examples
* checking Rd metadata ... OK
* checking Rd cross-references ... OK
* checking for missing documentation entries ... OK
* checking for code/documentation mismatches ... OK
* checking Rd \usage sections ... OK
* checking Rd contents ... OK
* checking for unstated dependencies in examples ... OK
* checking contents of 'data' directory ... OK
* checking data for non-ASCII characters ... OK
* checking data for ASCII and uncompressed saves ... WARNING
Warning: package needs dependence on R (>= 2.10)
* checking line endings in C/C++/Fortran sources/headers ... OK
* checking compiled code ... NOTE
Note: information on .o files for x64 is not available
File 'D:/biocbuild/bbs-3.15-bioc/R/library/chopsticks/libs/x64/chopsticks.dll':
Found 'abort', possibly from 'abort' (C), 'runtime' (Fortran)
File 'chopsticks/libs/x64/chopsticks.dll':
Found non-API call to R: 'R_data_class'
Compiled code should not call entry points which might terminate R nor
write to stdout/stderr instead of to the console, nor use Fortran I/O
nor system RNGs. The detected symbols are linked into the code but
might come from libraries and not actually be called.
Compiled code should not call non-API entry points in R.
See 'Writing portable packages' in the 'Writing R Extensions' manual.
* checking files in 'vignettes' ... OK
* checking examples ... OK
* checking for unstated dependencies in vignettes ... OK
* checking package vignettes in 'inst/doc' ... OK
* checking running R code from vignettes ... SKIPPED
* checking re-building of vignette outputs ... SKIPPED
* checking PDF version of manual ... OK
* DONE
Status: 2 WARNINGs, 4 NOTEs
See
'D:/biocbuild/bbs-3.15-bioc/meat/chopsticks.Rcheck/00check.log'
for details.
chopsticks.Rcheck/00install.out
##############################################################################
##############################################################################
###
### Running command:
###
### D:\biocbuild\bbs-3.15-bioc\R\bin\R.exe CMD INSTALL chopsticks
###
##############################################################################
##############################################################################
* installing to library 'D:/biocbuild/bbs-3.15-bioc/R/library'
* installing *source* package 'chopsticks' ...
** using staged installation
** libs
"C:/rtools40/mingw64/bin/"gcc -I"D:/biocbuild/bbs-3.15-bioc/R/include" -DNDEBUG -I"C:/extsoft/include" -O2 -Wall -std=gnu99 -mfpmath=sse -msse2 -mstackrealign -fno-reorder-blocks-and-partition -c adler32.c -o adler32.o
"C:/rtools40/mingw64/bin/"gcc -I"D:/biocbuild/bbs-3.15-bioc/R/include" -DNDEBUG -I"C:/extsoft/include" -O2 -Wall -std=gnu99 -mfpmath=sse -msse2 -mstackrealign -fno-reorder-blocks-and-partition -c bind.c -o bind.o
"C:/rtools40/mingw64/bin/"gcc -I"D:/biocbuild/bbs-3.15-bioc/R/include" -DNDEBUG -I"C:/extsoft/include" -O2 -Wall -std=gnu99 -mfpmath=sse -msse2 -mstackrealign -fno-reorder-blocks-and-partition -c compress.c -o compress.o
"C:/rtools40/mingw64/bin/"gcc -I"D:/biocbuild/bbs-3.15-bioc/R/include" -DNDEBUG -I"C:/extsoft/include" -O2 -Wall -std=gnu99 -mfpmath=sse -msse2 -mstackrealign -fno-reorder-blocks-and-partition -c crc32.c -o crc32.o
"C:/rtools40/mingw64/bin/"gcc -I"D:/biocbuild/bbs-3.15-bioc/R/include" -DNDEBUG -I"C:/extsoft/include" -O2 -Wall -std=gnu99 -mfpmath=sse -msse2 -mstackrealign -fno-reorder-blocks-and-partition -c deflate.c -o deflate.o
"C:/rtools40/mingw64/bin/"gcc -I"D:/biocbuild/bbs-3.15-bioc/R/include" -DNDEBUG -I"C:/extsoft/include" -O2 -Wall -std=gnu99 -mfpmath=sse -msse2 -mstackrealign -fno-reorder-blocks-and-partition -c force_hom.c -o force_hom.o
"C:/rtools40/mingw64/bin/"gcc -I"D:/biocbuild/bbs-3.15-bioc/R/include" -DNDEBUG -I"C:/extsoft/include" -O2 -Wall -std=gnu99 -mfpmath=sse -msse2 -mstackrealign -fno-reorder-blocks-and-partition -c glm_test.c -o glm_test.o
glm_test.c: In function 'glm_fit':
glm_test.c:107:31: warning: argument 1 range [18446744071562067968, 18446744073709551615] exceeds maximum object size 9223372036854775807 [-Walloc-size-larger-than=]
double *yw = (double *) calloc(N, sizeof(double));
^~~~~~~~~~~~~~~~~~~~~~~~~
In file included from glm_test.c:1:
C:/rtools40/mingw64/x86_64-w64-mingw32/include/stdlib.h:455:17: note: in a call to allocation function 'calloc' declared here
void *__cdecl calloc(size_t _NumOfElements,size_t _SizeOfElements);
^~~~~~
"C:/rtools40/mingw64/bin/"gcc -I"D:/biocbuild/bbs-3.15-bioc/R/include" -DNDEBUG -I"C:/extsoft/include" -O2 -Wall -std=gnu99 -mfpmath=sse -msse2 -mstackrealign -fno-reorder-blocks-and-partition -c glm_test_R.c -o glm_test_R.o
"C:/rtools40/mingw64/bin/"gcc -I"D:/biocbuild/bbs-3.15-bioc/R/include" -DNDEBUG -I"C:/extsoft/include" -O2 -Wall -std=gnu99 -mfpmath=sse -msse2 -mstackrealign -fno-reorder-blocks-and-partition -c gzio.c -o gzio.o
"C:/rtools40/mingw64/bin/"gcc -I"D:/biocbuild/bbs-3.15-bioc/R/include" -DNDEBUG -I"C:/extsoft/include" -O2 -Wall -std=gnu99 -mfpmath=sse -msse2 -mstackrealign -fno-reorder-blocks-and-partition -c hash_index.c -o hash_index.o
"C:/rtools40/mingw64/bin/"gcc -I"D:/biocbuild/bbs-3.15-bioc/R/include" -DNDEBUG -I"C:/extsoft/include" -O2 -Wall -std=gnu99 -mfpmath=sse -msse2 -mstackrealign -fno-reorder-blocks-and-partition -c ibs.c -o ibs.o
"C:/rtools40/mingw64/bin/"gcc -I"D:/biocbuild/bbs-3.15-bioc/R/include" -DNDEBUG -I"C:/extsoft/include" -O2 -Wall -std=gnu99 -mfpmath=sse -msse2 -mstackrealign -fno-reorder-blocks-and-partition -c in.c -o in.o
"C:/rtools40/mingw64/bin/"gcc -I"D:/biocbuild/bbs-3.15-bioc/R/include" -DNDEBUG -I"C:/extsoft/include" -O2 -Wall -std=gnu99 -mfpmath=sse -msse2 -mstackrealign -fno-reorder-blocks-and-partition -c infback.c -o infback.o
"C:/rtools40/mingw64/bin/"gcc -I"D:/biocbuild/bbs-3.15-bioc/R/include" -DNDEBUG -I"C:/extsoft/include" -O2 -Wall -std=gnu99 -mfpmath=sse -msse2 -mstackrealign -fno-reorder-blocks-and-partition -c inffast.c -o inffast.o
"C:/rtools40/mingw64/bin/"gcc -I"D:/biocbuild/bbs-3.15-bioc/R/include" -DNDEBUG -I"C:/extsoft/include" -O2 -Wall -std=gnu99 -mfpmath=sse -msse2 -mstackrealign -fno-reorder-blocks-and-partition -c inflate.c -o inflate.o
"C:/rtools40/mingw64/bin/"gcc -I"D:/biocbuild/bbs-3.15-bioc/R/include" -DNDEBUG -I"C:/extsoft/include" -O2 -Wall -std=gnu99 -mfpmath=sse -msse2 -mstackrealign -fno-reorder-blocks-and-partition -c inftrees.c -o inftrees.o
"C:/rtools40/mingw64/bin/"gcc -I"D:/biocbuild/bbs-3.15-bioc/R/include" -DNDEBUG -I"C:/extsoft/include" -O2 -Wall -std=gnu99 -mfpmath=sse -msse2 -mstackrealign -fno-reorder-blocks-and-partition -c input.c -o input.o
"C:/rtools40/mingw64/bin/"gcc -I"D:/biocbuild/bbs-3.15-bioc/R/include" -DNDEBUG -I"C:/extsoft/include" -O2 -Wall -std=gnu99 -mfpmath=sse -msse2 -mstackrealign -fno-reorder-blocks-and-partition -c inputNew.c -o inputNew.o
inputNew.c: In function 'simplify_names':
inputNew.c:687:5: warning: 'strncpy' output may be truncated copying 127 bytes from a string of length 127 [-Wstringop-truncation]
strncpy(back, front, MAX_FLD-1);
^~~~~~~~~~~~~~~~~~~~~~~~~~~~~~~
inputNew.c: In function 'insnp_new':
inputNew.c:408:4: warning: 'strncpy' output may be truncated copying 127 bytes from a string of length 127 [-Wstringop-truncation]
strncpy(gtype2, field, MAX_FLD-1);
^~~~~~~~~~~~~~~~~~~~~~~~~~~~~~~~~
inputNew.c:404:4: warning: 'strncpy' output may be truncated copying 127 bytes from a string of length 127 [-Wstringop-truncation]
strncpy(gtype1, field, MAX_FLD-1);
^~~~~~~~~~~~~~~~~~~~~~~~~~~~~~~~~
inputNew.c:401:4: warning: 'strncpy' output may be truncated copying 127 bytes from a string of length 127 [-Wstringop-truncation]
strncpy(cscore, field, MAX_FLD-1);
^~~~~~~~~~~~~~~~~~~~~~~~~~~~~~~~~
inputNew.c:398:4: warning: 'strncpy' output may be truncated copying 127 bytes from a string of length 127 [-Wstringop-truncation]
strncpy(snpid, field, MAX_FLD-1);
^~~~~~~~~~~~~~~~~~~~~~~~~~~~~~~~
inputNew.c:395:4: warning: 'strncpy' output may be truncated copying 127 bytes from a string of length 127 [-Wstringop-truncation]
strncpy(sampid, field, MAX_FLD-1);
^~~~~~~~~~~~~~~~~~~~~~~~~~~~~~~~~
"C:/rtools40/mingw64/bin/"gcc -I"D:/biocbuild/bbs-3.15-bioc/R/include" -DNDEBUG -I"C:/extsoft/include" -O2 -Wall -std=gnu99 -mfpmath=sse -msse2 -mstackrealign -fno-reorder-blocks-and-partition -c input_unsorted.c -o input_unsorted.o
"C:/rtools40/mingw64/bin/"gcc -I"D:/biocbuild/bbs-3.15-bioc/R/include" -DNDEBUG -I"C:/extsoft/include" -O2 -Wall -std=gnu99 -mfpmath=sse -msse2 -mstackrealign -fno-reorder-blocks-and-partition -c ld_graphic_eps.c -o ld_graphic_eps.o
"C:/rtools40/mingw64/bin/"gcc -I"D:/biocbuild/bbs-3.15-bioc/R/include" -DNDEBUG -I"C:/extsoft/include" -O2 -Wall -std=gnu99 -mfpmath=sse -msse2 -mstackrealign -fno-reorder-blocks-and-partition -c ld_with.c -o ld_with.o
"C:/rtools40/mingw64/bin/"gcc -I"D:/biocbuild/bbs-3.15-bioc/R/include" -DNDEBUG -I"C:/extsoft/include" -O2 -Wall -std=gnu99 -mfpmath=sse -msse2 -mstackrealign -fno-reorder-blocks-and-partition -c mla.c -o mla.o
"C:/rtools40/mingw64/bin/"gcc -I"D:/biocbuild/bbs-3.15-bioc/R/include" -DNDEBUG -I"C:/extsoft/include" -O2 -Wall -std=gnu99 -mfpmath=sse -msse2 -mstackrealign -fno-reorder-blocks-and-partition -c outdata.c -o outdata.o
"C:/rtools40/mingw64/bin/"gcc -I"D:/biocbuild/bbs-3.15-bioc/R/include" -DNDEBUG -I"C:/extsoft/include" -O2 -Wall -std=gnu99 -mfpmath=sse -msse2 -mstackrealign -fno-reorder-blocks-and-partition -c pairwise_linkage.c -o pairwise_linkage.o
"C:/rtools40/mingw64/bin/"gcc -I"D:/biocbuild/bbs-3.15-bioc/R/include" -DNDEBUG -I"C:/extsoft/include" -O2 -Wall -std=gnu99 -mfpmath=sse -msse2 -mstackrealign -fno-reorder-blocks-and-partition -c read_chiamo.c -o read_chiamo.o
"C:/rtools40/mingw64/bin/"gcc -I"D:/biocbuild/bbs-3.15-bioc/R/include" -DNDEBUG -I"C:/extsoft/include" -O2 -Wall -std=gnu99 -mfpmath=sse -msse2 -mstackrealign -fno-reorder-blocks-and-partition -c read_hapmap.c -o read_hapmap.o
"C:/rtools40/mingw64/bin/"gcc -I"D:/biocbuild/bbs-3.15-bioc/R/include" -DNDEBUG -I"C:/extsoft/include" -O2 -Wall -std=gnu99 -mfpmath=sse -msse2 -mstackrealign -fno-reorder-blocks-and-partition -c read_pedfile.c -o read_pedfile.o
"C:/rtools40/mingw64/bin/"gcc -I"D:/biocbuild/bbs-3.15-bioc/R/include" -DNDEBUG -I"C:/extsoft/include" -O2 -Wall -std=gnu99 -mfpmath=sse -msse2 -mstackrealign -fno-reorder-blocks-and-partition -c read_signals.c -o read_signals.o
"C:/rtools40/mingw64/bin/"gcc -I"D:/biocbuild/bbs-3.15-bioc/R/include" -DNDEBUG -I"C:/extsoft/include" -O2 -Wall -std=gnu99 -mfpmath=sse -msse2 -mstackrealign -fno-reorder-blocks-and-partition -c readped.c -o readped.o
"C:/rtools40/mingw64/bin/"gcc -I"D:/biocbuild/bbs-3.15-bioc/R/include" -DNDEBUG -I"C:/extsoft/include" -O2 -Wall -std=gnu99 -mfpmath=sse -msse2 -mstackrealign -fno-reorder-blocks-and-partition -c sdfpw.c -o sdfpw.o
"C:/rtools40/mingw64/bin/"gcc -I"D:/biocbuild/bbs-3.15-bioc/R/include" -DNDEBUG -I"C:/extsoft/include" -O2 -Wall -std=gnu99 -mfpmath=sse -msse2 -mstackrealign -fno-reorder-blocks-and-partition -c single_snp_tests.c -o single_snp_tests.o
"C:/rtools40/mingw64/bin/"gcc -I"D:/biocbuild/bbs-3.15-bioc/R/include" -DNDEBUG -I"C:/extsoft/include" -O2 -Wall -std=gnu99 -mfpmath=sse -msse2 -mstackrealign -fno-reorder-blocks-and-partition -c snp_summary.c -o snp_summary.o
"C:/rtools40/mingw64/bin/"gcc -I"D:/biocbuild/bbs-3.15-bioc/R/include" -DNDEBUG -I"C:/extsoft/include" -O2 -Wall -std=gnu99 -mfpmath=sse -msse2 -mstackrealign -fno-reorder-blocks-and-partition -c snpmpy.c -o snpmpy.o
"C:/rtools40/mingw64/bin/"gcc -I"D:/biocbuild/bbs-3.15-bioc/R/include" -DNDEBUG -I"C:/extsoft/include" -O2 -Wall -std=gnu99 -mfpmath=sse -msse2 -mstackrealign -fno-reorder-blocks-and-partition -c solve_cubic.c -o solve_cubic.o
"C:/rtools40/mingw64/bin/"gcc -I"D:/biocbuild/bbs-3.15-bioc/R/include" -DNDEBUG -I"C:/extsoft/include" -O2 -Wall -std=gnu99 -mfpmath=sse -msse2 -mstackrealign -fno-reorder-blocks-and-partition -c solve_quadratic.c -o solve_quadratic.o
"C:/rtools40/mingw64/bin/"gcc -I"D:/biocbuild/bbs-3.15-bioc/R/include" -DNDEBUG -I"C:/extsoft/include" -O2 -Wall -std=gnu99 -mfpmath=sse -msse2 -mstackrealign -fno-reorder-blocks-and-partition -c structure.c -o structure.o
"C:/rtools40/mingw64/bin/"gcc -I"D:/biocbuild/bbs-3.15-bioc/R/include" -DNDEBUG -I"C:/extsoft/include" -O2 -Wall -std=gnu99 -mfpmath=sse -msse2 -mstackrealign -fno-reorder-blocks-and-partition -c trees.c -o trees.o
"C:/rtools40/mingw64/bin/"gcc -I"D:/biocbuild/bbs-3.15-bioc/R/include" -DNDEBUG -I"C:/extsoft/include" -O2 -Wall -std=gnu99 -mfpmath=sse -msse2 -mstackrealign -fno-reorder-blocks-and-partition -c uncompr.c -o uncompr.o
"C:/rtools40/mingw64/bin/"gcc -I"D:/biocbuild/bbs-3.15-bioc/R/include" -DNDEBUG -I"C:/extsoft/include" -O2 -Wall -std=gnu99 -mfpmath=sse -msse2 -mstackrealign -fno-reorder-blocks-and-partition -c zutil.c -o zutil.o
C:/rtools40/mingw64/bin/gcc -shared -s -static-libgcc -o chopsticks.dll tmp.def adler32.o bind.o compress.o crc32.o deflate.o force_hom.o glm_test.o glm_test_R.o gzio.o hash_index.o ibs.o in.o infback.o inffast.o inflate.o inftrees.o input.o inputNew.o input_unsorted.o ld_graphic_eps.o ld_with.o mla.o outdata.o pairwise_linkage.o read_chiamo.o read_hapmap.o read_pedfile.o read_signals.o readped.o sdfpw.o single_snp_tests.o snp_summary.o snpmpy.o solve_cubic.o solve_quadratic.o structure.o trees.o uncompr.o zutil.o -LC:/extsoft/lib/x64 -LC:/extsoft/lib -LD:/biocbuild/bbs-3.15-bioc/R/bin/x64 -lR
installing to D:/biocbuild/bbs-3.15-bioc/R/library/00LOCK-chopsticks/00new/chopsticks/libs/x64
** R
** data
** byte-compile and prepare package for lazy loading
** help
*** installing help indices
converting help for package 'chopsticks'
finding HTML links ... done
X.snp-class html
X.snp.matrix-class html
epsout.ld.snp html
for.exercise html
glm.test.control html
ibs.stats html
ibsCount html
ibsDist html
ld.snp html
ld.with html
pair.result.ld.snp html
plot.snp.dprime html
qq.chisq html
read.HapMap.data html
read.pedfile.info html
read.pedfile.map html
read.snps.chiamo html
read.snps.long html
read.snps.long.old html
read.snps.pedfile html
read.wtccc.signals html
row.summary html
single.snp.tests html
snp-class html
snp.cbind html
snp.cor html
snp.dprime-class html
snp.lhs.tests html
snp.matrix-class html
snp.pre html
snp.rhs.tests html
snpMatrix-internal html
snpMatrix-package html
testdata html
write.snp.matrix html
wtccc.sample.list html
xxt html
** building package indices
** installing vignettes
** testing if installed package can be loaded from temporary location
** testing if installed package can be loaded from final location
** testing if installed package keeps a record of temporary installation path
* DONE (chopsticks)
Making 'packages.html' ... done
chopsticks.Rcheck/chopsticks-Ex.timings
| name | user | system | elapsed | |
| X.snp-class | 0.08 | 0.00 | 0.08 | |
| X.snp.matrix-class | 0.03 | 0.03 | 0.06 | |
| epsout.ld.snp | 0.11 | 0.01 | 0.12 | |
| for.exercise | 0.43 | 0.04 | 0.46 | |
| ibs.stats | 0.06 | 0.01 | 0.07 | |
| ibsCount | 0.20 | 0.00 | 0.21 | |
| ibsDist | 0.14 | 0.02 | 0.15 | |
| ld.snp | 0.08 | 0.01 | 0.10 | |
| ld.with | 0.05 | 0.02 | 0.06 | |
| pair.result.ld.snp | 0.04 | 0.01 | 0.06 | |
| plot.snp.dprime | 0.14 | 0.05 | 0.19 | |
| qq.chisq | 0 | 0 | 0 | |
| read.HapMap.data | 0 | 0 | 0 | |
| read.snps.chiamo | 0 | 0 | 0 | |
| read.wtccc.signals | 0 | 0 | 0 | |
| row.summary | 0.05 | 0.03 | 0.08 | |
| single.snp.tests | 0.08 | 0.00 | 0.08 | |
| snp-class | 0 | 0 | 0 | |
| snp.cbind | 0.09 | 0.10 | 0.18 | |
| snp.cor | 0.18 | 0.01 | 0.19 | |
| snp.dprime-class | 0.06 | 0.00 | 0.06 | |
| snp.lhs.tests | 0.08 | 0.02 | 0.10 | |
| snp.matrix-class | 0.09 | 0.01 | 0.11 | |
| snp.pre | 0.05 | 0.02 | 0.06 | |
| snp.rhs.tests | 0.06 | 0.00 | 0.06 | |
| testdata | 0.08 | 0.00 | 0.07 | |
| xxt | 0.12 | 0.04 | 0.16 | |