| Back to Multiple platform build/check report for BioC 3.15 |
|
This page was generated on 2022-03-18 11:06:53 -0400 (Fri, 18 Mar 2022).
| Hostname | OS | Arch (*) | R version | Installed pkgs |
|---|---|---|---|---|
| nebbiolo1 | Linux (Ubuntu 20.04.4 LTS) | x86_64 | R Under development (unstable) (2022-02-17 r81757) -- "Unsuffered Consequences" | 4334 |
| riesling1 | Windows Server 2019 Standard | x64 | R Under development (unstable) (2021-11-21 r81221) -- "Unsuffered Consequences" | 4097 |
| palomino3 | Windows Server 2022 Datacenter | x64 | R Under development (unstable) (2022-02-17 r81757 ucrt) -- "Unsuffered Consequences" | 4083 |
| merida1 | macOS 10.14.6 Mojave | x86_64 | R Under development (unstable) (2022-03-02 r81842) -- "Unsuffered Consequences" | 4134 |
| Click on any hostname to see more info about the system (e.g. compilers) (*) as reported by 'uname -p', except on Windows and Mac OS X | ||||
|
To the developers/maintainers of the affycoretools package: - Please allow up to 24 hours (and sometimes 48 hours) for your latest push to git@git.bioconductor.org:packages/affycoretools.git to reflect on this report. See How and When does the builder pull? When will my changes propagate? here for more information. - Make sure to use the following settings in order to reproduce any error or warning you see on this page. |
| Package 27/2090 | Hostname | OS / Arch | INSTALL | BUILD | CHECK | BUILD BIN | ||||||||
| affycoretools 1.67.2 (landing page) James W. MacDonald
| nebbiolo1 | Linux (Ubuntu 20.04.4 LTS) / x86_64 | OK | OK | WARNINGS | |||||||||
| riesling1 | Windows Server 2019 Standard / x64 | OK | OK | WARNINGS | OK | |||||||||
| palomino3 | Windows Server 2022 Datacenter / x64 | OK | OK | WARNINGS | OK | |||||||||
| merida1 | macOS 10.14.6 Mojave / x86_64 | OK | OK | WARNINGS | OK | |||||||||
| Package: affycoretools |
| Version: 1.67.2 |
| Command: D:\biocbuild\bbs-3.15-bioc\R\bin\R.exe CMD check --no-multiarch --install=check:affycoretools.install-out.txt --library=D:\biocbuild\bbs-3.15-bioc\R\library --no-vignettes --timings affycoretools_1.67.2.tar.gz |
| StartedAt: 2022-03-17 18:25:36 -0400 (Thu, 17 Mar 2022) |
| EndedAt: 2022-03-17 18:30:58 -0400 (Thu, 17 Mar 2022) |
| EllapsedTime: 321.8 seconds |
| RetCode: 0 |
| Status: WARNINGS |
| CheckDir: affycoretools.Rcheck |
| Warnings: 1 |
##############################################################################
##############################################################################
###
### Running command:
###
### D:\biocbuild\bbs-3.15-bioc\R\bin\R.exe CMD check --no-multiarch --install=check:affycoretools.install-out.txt --library=D:\biocbuild\bbs-3.15-bioc\R\library --no-vignettes --timings affycoretools_1.67.2.tar.gz
###
##############################################################################
##############################################################################
* using log directory 'D:/biocbuild/bbs-3.15-bioc/meat/affycoretools.Rcheck'
* using R Under development (unstable) (2021-11-21 r81221)
* using platform: x86_64-w64-mingw32 (64-bit)
* using session charset: ISO8859-1
* using option '--no-vignettes'
* checking for file 'affycoretools/DESCRIPTION' ... OK
* this is package 'affycoretools' version '1.67.2'
* checking package namespace information ... OK
* checking package dependencies ... OK
* checking if this is a source package ... OK
* checking if there is a namespace ... OK
* checking for hidden files and directories ... NOTE
Found the following hidden files and directories:
.travis.yml
These were most likely included in error. See section 'Package
structure' in the 'Writing R Extensions' manual.
* checking for portable file names ... OK
* checking whether package 'affycoretools' can be installed ... OK
* checking installed package size ... OK
* checking package directory ... OK
* checking 'build' directory ... OK
* checking DESCRIPTION meta-information ... OK
* checking top-level files ... OK
* checking for left-over files ... OK
* checking index information ... OK
* checking package subdirectories ... OK
* checking R files for non-ASCII characters ... OK
* checking R files for syntax errors ... OK
* checking whether the package can be loaded ... OK
* checking whether the package can be loaded with stated dependencies ... OK
* checking whether the package can be unloaded cleanly ... OK
* checking whether the namespace can be loaded with stated dependencies ... OK
* checking whether the namespace can be unloaded cleanly ... OK
* checking dependencies in R code ... OK
* checking S3 generic/method consistency ... OK
* checking replacement functions ... OK
* checking foreign function calls ... OK
* checking R code for possible problems ... OK
* checking Rd files ... OK
* checking Rd metadata ... OK
* checking Rd cross-references ... OK
* checking for missing documentation entries ... OK
* checking for code/documentation mismatches ... WARNING
Codoc mismatches from documentation object 'doGlimma':
doGlimma
Code: function(tablst, datobj, dsgn, cont, grpvec, padj = "BH",
sigfilt = 0.05, extraname = NULL, ID = NULL,
sample.cols = rep("#1f77b4", ncol(datobj)), ...)
Docs: function(tablst, datobj, dsgn, cont, grpvec, padj = "BH",
sigfilt = 0.05, extraname = NULL, ID = NULL, ...)
Argument names in code not in docs:
sample.cols
Mismatches in argument names:
Position: 10 Code: sample.cols Docs: ...
* checking Rd \usage sections ... OK
* checking Rd contents ... OK
* checking for unstated dependencies in examples ... OK
* checking files in 'vignettes' ... OK
* checking examples ... OK
* checking for unstated dependencies in vignettes ... OK
* checking package vignettes in 'inst/doc' ... OK
* checking running R code from vignettes ... SKIPPED
* checking re-building of vignette outputs ... SKIPPED
* checking PDF version of manual ... OK
* DONE
Status: 1 WARNING, 1 NOTE
See
'D:/biocbuild/bbs-3.15-bioc/meat/affycoretools.Rcheck/00check.log'
for details.
affycoretools.Rcheck/00install.out
##############################################################################
##############################################################################
###
### Running command:
###
### D:\biocbuild\bbs-3.15-bioc\R\bin\R.exe CMD INSTALL affycoretools
###
##############################################################################
##############################################################################
* installing to library 'D:/biocbuild/bbs-3.15-bioc/R/library'
* installing *source* package 'affycoretools' ...
** using staged installation
** R
** inst
** byte-compile and prepare package for lazy loading
** help
*** installing help indices
converting help for package 'affycoretools'
finding HTML links ... done
affycoretools-defunct html
affycoretools html
affystart html
annotateEset html
dataAndHeatmapPage html
doGlimma html
entrezLinks html
fixHeaderAndGo html
geneSetPage html
finding level-2 HTML links ... done
getCols html
getMainProbes html
gsHeatmap html
intNames html
make.cl html
makeGoGeneTable html
makeGoTable html
makeHmap html
makeImages html
makeIndices html
makeVenn html
maplot html
mirna2mrna html
outputRomer html
pca.legend html
plotDeg html
plotPCA html
runRomer html
tableFilt html
venn4Way html
vennCounts2 html
vennInLine html
vennPage html
vennSelect2 html
writeFit html
** building package indices
** installing vignettes
** testing if installed package can be loaded from temporary location
** testing if installed package can be loaded from final location
** testing if installed package keeps a record of temporary installation path
* DONE (affycoretools)
Making 'packages.html' ...Warning in packageDescription(i, lib.loc = lib, fields = "Title", encoding = "UTF-8") :
DESCRIPTION file of package 'treekoR' is missing or broken
done
affycoretools.Rcheck/affycoretools-Ex.timings
| name | user | system | elapsed | |
| annotateEset | 0 | 0 | 0 | |
| doGlimma | 0 | 0 | 0 | |
| entrezLinks | 0 | 0 | 0 | |
| makeVenn | 0 | 0 | 0 | |
| plotDeg | 2.49 | 0.16 | 2.65 | |
| plotPCA | 0.03 | 0.00 | 0.03 | |
| vennCounts2 | 0.03 | 0.00 | 0.03 | |
| vennPage | 0 | 0 | 0 | |