| Back to Multiple platform build/check report for BioC 3.15 |
|
This page was generated on 2022-03-18 11:08:56 -0400 (Fri, 18 Mar 2022).
| Hostname | OS | Arch (*) | R version | Installed pkgs |
|---|---|---|---|---|
| nebbiolo1 | Linux (Ubuntu 20.04.4 LTS) | x86_64 | R Under development (unstable) (2022-02-17 r81757) -- "Unsuffered Consequences" | 4334 |
| riesling1 | Windows Server 2019 Standard | x64 | R Under development (unstable) (2021-11-21 r81221) -- "Unsuffered Consequences" | 4097 |
| palomino3 | Windows Server 2022 Datacenter | x64 | R Under development (unstable) (2022-02-17 r81757 ucrt) -- "Unsuffered Consequences" | 4083 |
| merida1 | macOS 10.14.6 Mojave | x86_64 | R Under development (unstable) (2022-03-02 r81842) -- "Unsuffered Consequences" | 4134 |
| Click on any hostname to see more info about the system (e.g. compilers) (*) as reported by 'uname -p', except on Windows and Mac OS X | ||||
|
To the developers/maintainers of the Uniquorn package: - Please allow up to 24 hours (and sometimes 48 hours) for your latest push to git@git.bioconductor.org:packages/Uniquorn.git to reflect on this report. See How and When does the builder pull? When will my changes propagate? here for more information. - Make sure to use the following settings in order to reproduce any error or warning you see on this page. |
| Package 2037/2090 | Hostname | OS / Arch | INSTALL | BUILD | CHECK | BUILD BIN | ||||||||
| Uniquorn 2.15.0 (landing page) 'Raik Otto'
| nebbiolo1 | Linux (Ubuntu 20.04.4 LTS) / x86_64 | OK | OK | WARNINGS | |||||||||
| riesling1 | Windows Server 2019 Standard / x64 | OK | OK | WARNINGS | OK | |||||||||
| palomino3 | Windows Server 2022 Datacenter / x64 | OK | OK | WARNINGS | OK | |||||||||
| merida1 | macOS 10.14.6 Mojave / x86_64 | OK | OK | WARNINGS | OK | |||||||||
| Package: Uniquorn |
| Version: 2.15.0 |
| Command: D:\biocbuild\bbs-3.15-bioc\R\bin\R.exe CMD check --no-multiarch --install=check:Uniquorn.install-out.txt --library=D:\biocbuild\bbs-3.15-bioc\R\library --no-vignettes --timings Uniquorn_2.15.0.tar.gz |
| StartedAt: 2022-03-17 20:33:55 -0400 (Thu, 17 Mar 2022) |
| EndedAt: 2022-03-17 20:37:55 -0400 (Thu, 17 Mar 2022) |
| EllapsedTime: 239.9 seconds |
| RetCode: 0 |
| Status: WARNINGS |
| CheckDir: Uniquorn.Rcheck |
| Warnings: 1 |
##############################################################################
##############################################################################
###
### Running command:
###
### D:\biocbuild\bbs-3.15-bioc\R\bin\R.exe CMD check --no-multiarch --install=check:Uniquorn.install-out.txt --library=D:\biocbuild\bbs-3.15-bioc\R\library --no-vignettes --timings Uniquorn_2.15.0.tar.gz
###
##############################################################################
##############################################################################
* using log directory 'D:/biocbuild/bbs-3.15-bioc/meat/Uniquorn.Rcheck'
* using R Under development (unstable) (2021-11-21 r81221)
* using platform: x86_64-w64-mingw32 (64-bit)
* using session charset: ISO8859-1
* using option '--no-vignettes'
* checking for file 'Uniquorn/DESCRIPTION' ... OK
* checking extension type ... Package
* this is package 'Uniquorn' version '2.15.0'
* package encoding: UTF-8
* checking package namespace information ... OK
* checking package dependencies ... OK
* checking if this is a source package ... OK
* checking if there is a namespace ... OK
* checking for hidden files and directories ... OK
* checking for portable file names ... OK
* checking whether package 'Uniquorn' can be installed ... OK
* checking installed package size ... NOTE
installed size is 7.7Mb
sub-directories of 1Mb or more:
extdata 6.5Mb
* checking package directory ... OK
* checking 'build' directory ... OK
* checking DESCRIPTION meta-information ... NOTE
Malformed Description field: should contain one or more complete sentences.
* checking top-level files ... OK
* checking for left-over files ... OK
* checking index information ... OK
* checking package subdirectories ... OK
* checking R files for non-ASCII characters ... OK
* checking R files for syntax errors ... OK
* checking whether the package can be loaded ... OK
* checking whether the package can be loaded with stated dependencies ... OK
* checking whether the package can be unloaded cleanly ... OK
* checking whether the namespace can be loaded with stated dependencies ... OK
* checking whether the namespace can be unloaded cleanly ... OK
* checking dependencies in R code ... WARNING
Missing or unexported object: 'GenomicRanges::GenomicRangesList'
* checking S3 generic/method consistency ... OK
* checking replacement functions ... OK
* checking foreign function calls ... OK
* checking R code for possible problems ... NOTE
add_p_q_values_statistics: no visible binding for '<<-' assignment to
'sig_vec'
add_p_q_values_statistics: no visible binding for global variable
'sig_vec'
create_bed_file: no visible binding for global variable 'res_table'
create_bed_file: no visible binding for global variable 'sim_list'
identify_vcf_file: no visible binding for global variable
'vcf_fingerprint'
identify_vcf_file: no visible binding for global variable
'output_file_xls'
init_and_load_identification: no visible global function definition for
'tail'
parse_ccle_genotype_data: no visible global function definition for
'fread'
parse_ccle_genotype_data: no visible binding for global variable
'Tumor_Sample_Barcode'
parse_ccle_genotype_data: no visible global function definition for
'data.table'
parse_ccle_genotype_data: no visible binding for global variable '.SD'
parse_ccle_genotype_data: no visible binding for global variable
'Index'
parse_cosmic_genotype_data: no visible global function definition for
'fread'
parse_cosmic_genotype_data: no visible binding for global variable
'position'
parse_cosmic_genotype_data: no visible global function definition for
'data.table'
parse_cosmic_genotype_data: no visible binding for global variable
'.SD'
parse_cosmic_genotype_data: no visible binding for global variable
'Index'
show_contained_ccls: no visible binding for '<<-' assignment to
'ccls_all'
show_contained_ccls: no visible binding for global variable 'ccls_all'
write_w0_and_split_w0_into_lower_weights: no visible binding for '<<-'
assignment to 'g_mat_exclude'
write_w0_and_split_w0_into_lower_weights: no visible binding for global
variable 'g_mat_exclude'
Undefined global functions or variables:
.SD Index Tumor_Sample_Barcode ccls_all data.table fread
g_mat_exclude output_file_xls position res_table sig_vec sim_list
tail vcf_fingerprint
Consider adding
importFrom("utils", "tail")
to your NAMESPACE file.
* checking Rd files ... OK
* checking Rd metadata ... OK
* checking Rd cross-references ... OK
* checking for missing documentation entries ... OK
* checking for code/documentation mismatches ... OK
* checking Rd \usage sections ... OK
* checking Rd contents ... OK
* checking for unstated dependencies in examples ... OK
* checking files in 'vignettes' ... OK
* checking examples ... OK
* checking for unstated dependencies in 'tests' ... OK
* checking tests ...
Running 'testthat.R'
OK
* checking for unstated dependencies in vignettes ... OK
* checking package vignettes in 'inst/doc' ... OK
* checking running R code from vignettes ... SKIPPED
* checking re-building of vignette outputs ... SKIPPED
* checking PDF version of manual ... OK
* DONE
Status: 1 WARNING, 3 NOTEs
See
'D:/biocbuild/bbs-3.15-bioc/meat/Uniquorn.Rcheck/00check.log'
for details.
Uniquorn.Rcheck/00install.out
##############################################################################
##############################################################################
###
### Running command:
###
### D:\biocbuild\bbs-3.15-bioc\R\bin\R.exe CMD INSTALL Uniquorn
###
##############################################################################
##############################################################################
* installing to library 'D:/biocbuild/bbs-3.15-bioc/R/library'
* installing *source* package 'Uniquorn' ...
** using staged installation
** R
** inst
** byte-compile and prepare package for lazy loading
** help
*** installing help indices
converting help for package 'Uniquorn'
finding HTML links ... done
add_custom_vcf_to_database html
add_missing_cls html
add_p_q_values_statistics html
add_penalty_statistics html
create_bed_file html
identify_vcf_file html
init_and_load_identification html
initiate_canonical_databases html
match_query_ccl_to_database html
parse_ccle_genotype_data html
parse_cosmic_genotype_data html
parse_vcf_file html
parse_vcf_query_into_db html
read_library_names html
read_mutation_grange_objects html
remove_ccls_from_database html
remove_library_from_database html
show_contained_ccls html
show_contained_variants_for_ccl html
show_contained_variants_in_library html
show_which_ccls_contain_variant html
** building package indices
** installing vignettes
** testing if installed package can be loaded from temporary location
** testing if installed package can be loaded from final location
** testing if installed package keeps a record of temporary installation path
* DONE (Uniquorn)
Making 'packages.html' ... done
Uniquorn.Rcheck/tests/testthat.Rout
R Under development (unstable) (2021-11-21 r81221) -- "Unsuffered Consequences"
Copyright (C) 2021 The R Foundation for Statistical Computing
Platform: x86_64-w64-mingw32/x64 (64-bit)
R is free software and comes with ABSOLUTELY NO WARRANTY.
You are welcome to redistribute it under certain conditions.
Type 'license()' or 'licence()' for distribution details.
R is a collaborative project with many contributors.
Type 'contributors()' for more information and
'citation()' on how to cite R or R packages in publications.
Type 'demo()' for some demos, 'help()' for on-line help, or
'help.start()' for an HTML browser interface to help.
Type 'q()' to quit R.
> Sys.setenv(R_TESTS="")
> library("testthat")
> library("Uniquorn")
>
> test_check("Uniquorn")
[ FAIL 0 | WARN 0 | SKIP 0 | PASS 21 ]
>
> proc.time()
user system elapsed
14.73 1.28 16.03
Uniquorn.Rcheck/Uniquorn-Ex.timings
| name | user | system | elapsed | |
| add_custom_vcf_to_database | 2.09 | 0.26 | 2.39 | |
| identify_vcf_file | 0.55 | 0.10 | 0.67 | |
| initiate_canonical_databases | 0 | 0 | 0 | |
| read_library_names | 0 | 0 | 0 | |
| remove_ccls_from_database | 0.58 | 0.01 | 0.59 | |
| remove_library_from_database | 0 | 0 | 0 | |
| show_contained_ccls | 0.01 | 0.00 | 0.02 | |
| show_contained_variants_for_ccl | 0.05 | 0.00 | 0.05 | |
| show_contained_variants_in_library | 0.03 | 0.00 | 0.03 | |
| show_which_ccls_contain_variant | 0.03 | 0.00 | 0.03 | |