| Back to Multiple platform build/check report for BioC 3.15 |
|
This page was generated on 2022-03-18 11:08:34 -0400 (Fri, 18 Mar 2022).
| Hostname | OS | Arch (*) | R version | Installed pkgs |
|---|---|---|---|---|
| nebbiolo1 | Linux (Ubuntu 20.04.4 LTS) | x86_64 | R Under development (unstable) (2022-02-17 r81757) -- "Unsuffered Consequences" | 4334 |
| riesling1 | Windows Server 2019 Standard | x64 | R Under development (unstable) (2021-11-21 r81221) -- "Unsuffered Consequences" | 4097 |
| palomino3 | Windows Server 2022 Datacenter | x64 | R Under development (unstable) (2022-02-17 r81757 ucrt) -- "Unsuffered Consequences" | 4083 |
| merida1 | macOS 10.14.6 Mojave | x86_64 | R Under development (unstable) (2022-03-02 r81842) -- "Unsuffered Consequences" | 4134 |
| Click on any hostname to see more info about the system (e.g. compilers) (*) as reported by 'uname -p', except on Windows and Mac OS X | ||||
|
To the developers/maintainers of the S4Vectors package: - Please allow up to 24 hours (and sometimes 48 hours) for your latest push to git@git.bioconductor.org:packages/S4Vectors.git to reflect on this report. See How and When does the builder pull? When will my changes propagate? here for more information. - Make sure to use the following settings in order to reproduce any error or warning you see on this page. |
| Package 1693/2090 | Hostname | OS / Arch | INSTALL | BUILD | CHECK | BUILD BIN | ||||||||
| S4Vectors 0.33.11 (landing page) Bioconductor Package Maintainer
| nebbiolo1 | Linux (Ubuntu 20.04.4 LTS) / x86_64 | OK | OK | WARNINGS | |||||||||
| riesling1 | Windows Server 2019 Standard / x64 | OK | OK | WARNINGS | OK | |||||||||
| palomino3 | Windows Server 2022 Datacenter / x64 | OK | OK | WARNINGS | OK | |||||||||
| merida1 | macOS 10.14.6 Mojave / x86_64 | OK | OK | ERROR | OK | |||||||||
| Package: S4Vectors |
| Version: 0.33.11 |
| Command: D:\biocbuild\bbs-3.15-bioc\R\bin\R.exe CMD check --no-multiarch --install=check:S4Vectors.install-out.txt --library=D:\biocbuild\bbs-3.15-bioc\R\library --no-vignettes --timings S4Vectors_0.33.11.tar.gz |
| StartedAt: 2022-03-17 20:09:45 -0400 (Thu, 17 Mar 2022) |
| EndedAt: 2022-03-17 20:11:20 -0400 (Thu, 17 Mar 2022) |
| EllapsedTime: 95.0 seconds |
| RetCode: 0 |
| Status: WARNINGS |
| CheckDir: S4Vectors.Rcheck |
| Warnings: 3 |
##############################################################################
##############################################################################
###
### Running command:
###
### D:\biocbuild\bbs-3.15-bioc\R\bin\R.exe CMD check --no-multiarch --install=check:S4Vectors.install-out.txt --library=D:\biocbuild\bbs-3.15-bioc\R\library --no-vignettes --timings S4Vectors_0.33.11.tar.gz
###
##############################################################################
##############################################################################
* using log directory 'D:/biocbuild/bbs-3.15-bioc/meat/S4Vectors.Rcheck'
* using R Under development (unstable) (2021-11-21 r81221)
* using platform: x86_64-w64-mingw32 (64-bit)
* using session charset: ISO8859-1
* using option '--no-vignettes'
* checking for file 'S4Vectors/DESCRIPTION' ... OK
* this is package 'S4Vectors' version '0.33.11'
* package encoding: UTF-8
* checking package namespace information ... OK
* checking package dependencies ... OK
* checking if this is a source package ... OK
* checking if there is a namespace ... OK
* checking for hidden files and directories ... OK
* checking for portable file names ... OK
* checking whether package 'S4Vectors' can be installed ... WARNING
Found the following significant warnings:
LLint_class.c:358:24: warning: too many arguments for format [-Wformat-extra-args]
See 'D:/biocbuild/bbs-3.15-bioc/meat/S4Vectors.Rcheck/00install.out' for details.
* checking installed package size ... OK
* checking package directory ... OK
* checking 'build' directory ... OK
* checking DESCRIPTION meta-information ... OK
* checking top-level files ... OK
* checking for left-over files ... OK
* checking index information ... OK
* checking package subdirectories ... OK
* checking R files for non-ASCII characters ... OK
* checking R files for syntax errors ... OK
* checking whether the package can be loaded ... OK
* checking whether the package can be loaded with stated dependencies ... OK
* checking whether the package can be unloaded cleanly ... OK
* checking whether the namespace can be loaded with stated dependencies ... OK
* checking whether the namespace can be unloaded cleanly ... OK
* checking dependencies in R code ... NOTE
Unexported objects imported by ':::' calls:
'data.table:::as.data.frame.data.table'
'stats:::na.exclude.data.frame' 'stats:::na.omit.data.frame'
See the note in ?`:::` about the use of this operator.
* checking S3 generic/method consistency ... OK
* checking replacement functions ... OK
* checking foreign function calls ... OK
* checking R code for possible problems ... NOTE
evalSeparately,FilterRules : <anonymous>: no visible global function
definition for '.'
Undefined global functions or variables:
.
* checking Rd files ... OK
* checking Rd metadata ... OK
* checking Rd cross-references ... WARNING
Missing link or links in documentation object 'Vector-comparison.Rd':
'[IRanges]{IntegerRanges-comparison}'
See section 'Cross-references' in the 'Writing R Extensions' manual.
* checking for missing documentation entries ... WARNING
Undocumented code objects:
'I' 'head.LLint' 'pcompareRecursively' 'sort.List' 't.HitsList'
'tail.LLint' 'unname' 'window.LLint'
Undocumented S4 methods:
generic '!' and siglist 'List'
generic '<=' and siglist 'List,List'
generic '<=' and siglist 'List,list'
generic '<=' and siglist 'list,List'
generic '==' and siglist 'List,List'
generic '==' and siglist 'List,list'
generic '==' and siglist 'list,List'
generic '[' and siglist 'LLint'
generic '[<-' and siglist 'Rle'
generic 'anyNA' and siglist 'List'
generic 'by' and siglist 'Vector'
generic 'countMatches' and siglist 'ANY'
generic 'do.call' and siglist 'ANY,List'
generic 'duplicated' and siglist 'List'
generic 'eval' and siglist 'expression,Vector'
generic 'eval' and siglist 'language,Vector'
generic 'extractROWS' and siglist 'LLint,ANY'
generic 'extractROWS' and siglist 'LLint,NSBS'
generic 'extractROWS' and siglist 'LLint,RangeNSBS'
generic 'extractROWS' and siglist 'Vector,ANY'
generic 'filterRules' and siglist 'FilterResults'
generic 'from' and siglist 'HitsList'
generic 'getListElement' and siglist 'SimpleList'
generic 'grep' and siglist 'ANY,Rle'
generic 'grepl' and siglist 'ANY,Rle'
generic 'head' and siglist 'LLint'
generic 'is.na' and siglist 'List'
generic 'is.unsorted' and siglist 'List'
generic 'match' and siglist 'List,List'
generic 'match' and siglist 'List,Vector'
generic 'match' and siglist 'List,list'
generic 'match' and siglist 'List,vector'
generic 'match' and siglist 'list,List'
generic 'max' and siglist 'NSBS'
generic 'mergeROWS' and siglist 'ANY'
generic 'mergeROWS' and siglist 'Vector'
generic 'normalizeSingleBracketReplacementValue' and siglist
'DataFrame'
generic 'normalizeSingleBracketReplacementValue' and siglist 'List'
generic 'order' and siglist 'List'
generic 'pcompare' and siglist 'List,List'
generic 'pcompare' and siglist 'List,list'
generic 'pcompare' and siglist 'list,List'
generic 'pcompareRecursively' and siglist 'List'
generic 'pcompareRecursively' and siglist 'list'
generic 'rank' and siglist 'List'
generic 'rep.int' and siglist 'LLint'
generic 'replaceROWS' and siglist 'ANY'
generic 'replaceROWS' and siglist 'Rle'
generic 'replaceROWS' and siglist 'Vector'
generic 'sameAsPreviousROW' and siglist 'Rle'
generic 'sameAsPreviousROW' and siglist 'atomic'
generic 'sameAsPreviousROW' and siglist 'complex'
generic 'sameAsPreviousROW' and siglist 'integer'
generic 'sameAsPreviousROW' and siglist 'numeric'
generic 'sort' and siglist 'List'
generic 'splitAsList' and siglist 'ANY'
generic 'splitAsList' and siglist 'SortedByQueryHits'
generic 'summary' and siglist 'FilterResults'
generic 't' and siglist 'Pairs'
generic 'tail' and siglist 'LLint'
generic 'to' and siglist 'HitsList'
generic 'unique' and siglist 'List'
generic 'unique' and siglist 'SimpleList'
generic 'window' and siglist 'LLint'
generic 'with' and siglist 'Vector'
generic 'xtabs' and siglist 'Vector'
All user-level objects in a package (including S4 classes and methods)
should have documentation entries.
See chapter 'Writing R documentation files' in the 'Writing R
Extensions' manual.
* checking for code/documentation mismatches ... OK
* checking Rd \usage sections ... OK
* checking Rd contents ... OK
* checking for unstated dependencies in examples ... OK
* checking line endings in C/C++/Fortran sources/headers ... OK
* checking compiled code ... NOTE
Note: information on .o files for x64 is not available
File 'D:/biocbuild/bbs-3.15-bioc/R/library/S4Vectors/libs/x64/S4Vectors.dll':
Found 'abort', possibly from 'abort' (C), 'runtime' (Fortran)
Compiled code should not call entry points which might terminate R nor
write to stdout/stderr instead of to the console, nor use Fortran I/O
nor system RNGs. The detected symbols are linked into the code but
might come from libraries and not actually be called.
See 'Writing portable packages' in the 'Writing R Extensions' manual.
* checking installed files from 'inst/doc' ... OK
* checking files in 'vignettes' ... OK
* checking examples ... OK
Examples with CPU (user + system) or elapsed time > 5s
user system elapsed
shiftApply-methods 13.45 3.81 17.27
* checking for unstated dependencies in 'tests' ... OK
* checking tests ...
Running 'run_unitTests.R'
OK
* checking for unstated dependencies in vignettes ... OK
* checking package vignettes in 'inst/doc' ... OK
* checking running R code from vignettes ... SKIPPED
* checking re-building of vignette outputs ... SKIPPED
* checking PDF version of manual ... OK
* DONE
Status: 3 WARNINGs, 3 NOTEs
See
'D:/biocbuild/bbs-3.15-bioc/meat/S4Vectors.Rcheck/00check.log'
for details.
S4Vectors.Rcheck/00install.out
##############################################################################
##############################################################################
###
### Running command:
###
### D:\biocbuild\bbs-3.15-bioc\R\bin\R.exe CMD INSTALL S4Vectors
###
##############################################################################
##############################################################################
* installing to library 'D:/biocbuild/bbs-3.15-bioc/R/library'
* installing *source* package 'S4Vectors' ...
** using staged installation
** libs
"C:/rtools40/mingw64/bin/"gcc -I"D:/biocbuild/bbs-3.15-bioc/R/include" -DNDEBUG -I"C:/extsoft/include" -O2 -Wall -std=gnu99 -mfpmath=sse -msse2 -mstackrealign -fno-reorder-blocks-and-partition -c AEbufs.c -o AEbufs.o
AEbufs.c: In function '_IntAEAE_toEnvir':
AEbufs.c:626:36: warning: format '%lu' expects argument of type 'long unsigned int', but argument 4 has type 'size_t' {aka 'long long unsigned int'} [-Wformat=]
snprintf(key, sizeof(key), "%010lu", i + keyshift);
~~~~~^ ~~~~~~~~~~~~
%010I64u
"C:/rtools40/mingw64/bin/"gcc -I"D:/biocbuild/bbs-3.15-bioc/R/include" -DNDEBUG -I"C:/extsoft/include" -O2 -Wall -std=gnu99 -mfpmath=sse -msse2 -mstackrealign -fno-reorder-blocks-and-partition -c DataFrame_class.c -o DataFrame_class.o
"C:/rtools40/mingw64/bin/"gcc -I"D:/biocbuild/bbs-3.15-bioc/R/include" -DNDEBUG -I"C:/extsoft/include" -O2 -Wall -std=gnu99 -mfpmath=sse -msse2 -mstackrealign -fno-reorder-blocks-and-partition -c Hits_class.c -o Hits_class.o
In file included from D:/biocbuild/bbs-3.15-bioc/R/include/Rdefines.h:41,
from ../inst/include/S4Vectors_defines.h:18,
from S4Vectors.h:1,
from Hits_class.c:4:
Hits_class.c: In function 'Hits_new':
D:/biocbuild/bbs-3.15-bioc/R/include/Rinternals.h:877:20: warning: 'revmap' may be used uninitialized in this function [-Wmaybe-uninitialized]
#define defineVar Rf_defineVar
^~~~~~~~~~~~
Hits_class.c:216:12: note: 'revmap' was declared here
SEXP ans, revmap, symbol;
^~~~~~
"C:/rtools40/mingw64/bin/"gcc -I"D:/biocbuild/bbs-3.15-bioc/R/include" -DNDEBUG -I"C:/extsoft/include" -O2 -Wall -std=gnu99 -mfpmath=sse -msse2 -mstackrealign -fno-reorder-blocks-and-partition -c LLint_class.c -o LLint_class.o
LLint_class.c: In function 'from_llints_to_STRSXP':
LLint_class.c:358:27: warning: unknown conversion type character 'l' in format [-Wformat=]
if (sprintf(val_buf, "%lld", from_elt) < 0)
^
LLint_class.c:358:24: warning: too many arguments for format [-Wformat-extra-args]
if (sprintf(val_buf, "%lld", from_elt) < 0)
^~~~~~
LLint_class.c:358:27: warning: unknown conversion type character 'l' in format [-Wformat=]
if (sprintf(val_buf, "%lld", from_elt) < 0)
^
LLint_class.c:358:24: warning: too many arguments for format [-Wformat-extra-args]
if (sprintf(val_buf, "%lld", from_elt) < 0)
^~~~~~
LLint_class.c: In function 'llints_summary':
LLint_class.c:775:35: warning: 'res' may be used uninitialized in this function [-Wmaybe-uninitialized]
if (res == NA_LLINT || in_elt > res)
~~~~~~~^~~~~
"C:/rtools40/mingw64/bin/"gcc -I"D:/biocbuild/bbs-3.15-bioc/R/include" -DNDEBUG -I"C:/extsoft/include" -O2 -Wall -std=gnu99 -mfpmath=sse -msse2 -mstackrealign -fno-reorder-blocks-and-partition -c List_class.c -o List_class.o
"C:/rtools40/mingw64/bin/"gcc -I"D:/biocbuild/bbs-3.15-bioc/R/include" -DNDEBUG -I"C:/extsoft/include" -O2 -Wall -std=gnu99 -mfpmath=sse -msse2 -mstackrealign -fno-reorder-blocks-and-partition -c R_init_S4Vectors.c -o R_init_S4Vectors.o
"C:/rtools40/mingw64/bin/"gcc -I"D:/biocbuild/bbs-3.15-bioc/R/include" -DNDEBUG -I"C:/extsoft/include" -O2 -Wall -std=gnu99 -mfpmath=sse -msse2 -mstackrealign -fno-reorder-blocks-and-partition -c Rle_class.c -o Rle_class.o
"C:/rtools40/mingw64/bin/"gcc -I"D:/biocbuild/bbs-3.15-bioc/R/include" -DNDEBUG -I"C:/extsoft/include" -O2 -Wall -std=gnu99 -mfpmath=sse -msse2 -mstackrealign -fno-reorder-blocks-and-partition -c Rle_utils.c -o Rle_utils.o
Rle_utils.c: In function 'Rle_real_runq':
Rle_utils.c:701:5: warning: this 'if' clause does not guard... [-Wmisleading-indentation]
if (count_na != 0)
^~
Rle_utils.c:703:6: note: ...this statement, but the latter is misleadingly indented as if it were guarded by the 'if'
q_index = roundingScale(window_len_na,
^~~~~~~
"C:/rtools40/mingw64/bin/"gcc -I"D:/biocbuild/bbs-3.15-bioc/R/include" -DNDEBUG -I"C:/extsoft/include" -O2 -Wall -std=gnu99 -mfpmath=sse -msse2 -mstackrealign -fno-reorder-blocks-and-partition -c SEXP_utils.c -o SEXP_utils.o
"C:/rtools40/mingw64/bin/"gcc -I"D:/biocbuild/bbs-3.15-bioc/R/include" -DNDEBUG -I"C:/extsoft/include" -O2 -Wall -std=gnu99 -mfpmath=sse -msse2 -mstackrealign -fno-reorder-blocks-and-partition -c SimpleList_class.c -o SimpleList_class.o
"C:/rtools40/mingw64/bin/"gcc -I"D:/biocbuild/bbs-3.15-bioc/R/include" -DNDEBUG -I"C:/extsoft/include" -O2 -Wall -std=gnu99 -mfpmath=sse -msse2 -mstackrealign -fno-reorder-blocks-and-partition -c anyMissing.c -o anyMissing.o
"C:/rtools40/mingw64/bin/"gcc -I"D:/biocbuild/bbs-3.15-bioc/R/include" -DNDEBUG -I"C:/extsoft/include" -O2 -Wall -std=gnu99 -mfpmath=sse -msse2 -mstackrealign -fno-reorder-blocks-and-partition -c character_utils.c -o character_utils.o
"C:/rtools40/mingw64/bin/"gcc -I"D:/biocbuild/bbs-3.15-bioc/R/include" -DNDEBUG -I"C:/extsoft/include" -O2 -Wall -std=gnu99 -mfpmath=sse -msse2 -mstackrealign -fno-reorder-blocks-and-partition -c eval_utils.c -o eval_utils.o
"C:/rtools40/mingw64/bin/"gcc -I"D:/biocbuild/bbs-3.15-bioc/R/include" -DNDEBUG -I"C:/extsoft/include" -O2 -Wall -std=gnu99 -mfpmath=sse -msse2 -mstackrealign -fno-reorder-blocks-and-partition -c hash_utils.c -o hash_utils.o
"C:/rtools40/mingw64/bin/"gcc -I"D:/biocbuild/bbs-3.15-bioc/R/include" -DNDEBUG -I"C:/extsoft/include" -O2 -Wall -std=gnu99 -mfpmath=sse -msse2 -mstackrealign -fno-reorder-blocks-and-partition -c integer_utils.c -o integer_utils.o
"C:/rtools40/mingw64/bin/"gcc -I"D:/biocbuild/bbs-3.15-bioc/R/include" -DNDEBUG -I"C:/extsoft/include" -O2 -Wall -std=gnu99 -mfpmath=sse -msse2 -mstackrealign -fno-reorder-blocks-and-partition -c logical_utils.c -o logical_utils.o
"C:/rtools40/mingw64/bin/"gcc -I"D:/biocbuild/bbs-3.15-bioc/R/include" -DNDEBUG -I"C:/extsoft/include" -O2 -Wall -std=gnu99 -mfpmath=sse -msse2 -mstackrealign -fno-reorder-blocks-and-partition -c map_ranges_to_runs.c -o map_ranges_to_runs.o
"C:/rtools40/mingw64/bin/"gcc -I"D:/biocbuild/bbs-3.15-bioc/R/include" -DNDEBUG -I"C:/extsoft/include" -O2 -Wall -std=gnu99 -mfpmath=sse -msse2 -mstackrealign -fno-reorder-blocks-and-partition -c raw_utils.c -o raw_utils.o
"C:/rtools40/mingw64/bin/"gcc -I"D:/biocbuild/bbs-3.15-bioc/R/include" -DNDEBUG -I"C:/extsoft/include" -O2 -Wall -std=gnu99 -mfpmath=sse -msse2 -mstackrealign -fno-reorder-blocks-and-partition -c safe_arithm.c -o safe_arithm.o
"C:/rtools40/mingw64/bin/"gcc -I"D:/biocbuild/bbs-3.15-bioc/R/include" -DNDEBUG -I"C:/extsoft/include" -O2 -Wall -std=gnu99 -mfpmath=sse -msse2 -mstackrealign -fno-reorder-blocks-and-partition -c sort_utils.c -o sort_utils.o
sort_utils.c:263:13: warning: 'sort_uchar_array' defined but not used [-Wunused-function]
static void sort_uchar_array(unsigned char *x, int nelt, int desc)
^~~~~~~~~~~~~~~~
"C:/rtools40/mingw64/bin/"gcc -I"D:/biocbuild/bbs-3.15-bioc/R/include" -DNDEBUG -I"C:/extsoft/include" -O2 -Wall -std=gnu99 -mfpmath=sse -msse2 -mstackrealign -fno-reorder-blocks-and-partition -c subsetting_utils.c -o subsetting_utils.o
"C:/rtools40/mingw64/bin/"gcc -I"D:/biocbuild/bbs-3.15-bioc/R/include" -DNDEBUG -I"C:/extsoft/include" -O2 -Wall -std=gnu99 -mfpmath=sse -msse2 -mstackrealign -fno-reorder-blocks-and-partition -c vector_utils.c -o vector_utils.o
C:/rtools40/mingw64/bin/gcc -shared -s -static-libgcc -o S4Vectors.dll tmp.def AEbufs.o DataFrame_class.o Hits_class.o LLint_class.o List_class.o R_init_S4Vectors.o Rle_class.o Rle_utils.o SEXP_utils.o SimpleList_class.o anyMissing.o character_utils.o eval_utils.o hash_utils.o integer_utils.o logical_utils.o map_ranges_to_runs.o raw_utils.o safe_arithm.o sort_utils.o subsetting_utils.o vector_utils.o -LC:/extsoft/lib/x64 -LC:/extsoft/lib -LD:/biocbuild/bbs-3.15-bioc/R/bin/x64 -lR
installing to D:/biocbuild/bbs-3.15-bioc/R/library/00LOCK-S4Vectors/00new/S4Vectors/libs/x64
** R
** inst
** byte-compile and prepare package for lazy loading
in method for 'normalizeSingleBracketReplacementValue' with signature '"List"': no definition for class "List"
Creating a new generic function for 'unname' in package 'S4Vectors'
Creating a new generic function for 'expand.grid' in package 'S4Vectors'
Creating a new generic function for 'findMatches' in package 'S4Vectors'
Creating a generic function for 'setequal' from package 'base' in package 'S4Vectors'
in method for 'coerce' with signature '"Hits","DFrame"': no definition for class "DFrame"
Creating a generic function for 'as.factor' from package 'base' in package 'S4Vectors'
Creating a generic function for 'tabulate' from package 'base' in package 'S4Vectors'
Creating a generic function for 'cov' from package 'stats' in package 'S4Vectors'
Creating a generic function for 'cor' from package 'stats' in package 'S4Vectors'
Creating a generic function for 'smoothEnds' from package 'stats' in package 'S4Vectors'
Creating a generic function for 'runmed' from package 'stats' in package 'S4Vectors'
Creating a generic function for 'nchar' from package 'base' in package 'S4Vectors'
Creating a generic function for 'substr' from package 'base' in package 'S4Vectors'
Creating a generic function for 'substring' from package 'base' in package 'S4Vectors'
Creating a generic function for 'chartr' from package 'base' in package 'S4Vectors'
Creating a generic function for 'tolower' from package 'base' in package 'S4Vectors'
Creating a generic function for 'toupper' from package 'base' in package 'S4Vectors'
Creating a generic function for 'sub' from package 'base' in package 'S4Vectors'
Creating a generic function for 'gsub' from package 'base' in package 'S4Vectors'
Creating a generic function for 'nlevels' from package 'base' in package 'S4Vectors'
in method for 'coerce' with signature '"data.table","DFrame"': no definition for class "data.table"
Creating a generic function for 'complete.cases' from package 'stats' in package 'S4Vectors'
** help
*** installing help indices
converting help for package 'S4Vectors'
finding HTML links ... done
Annotated-class html
DataFrame-class html
DataFrame-combine html
DataFrame-comparison html
DataFrame-utils html
Factor-class html
REDIRECT:topic Previous alias or file overwritten by alias: D:/biocbuild/bbs-3.15-bioc/R/library/00LOCK-S4Vectors/00new/S4Vectors/help/unfactor+2CFactor-method.html
FilterMatrix-class html
FilterRules-class html
REDIRECT:topic Previous alias or file overwritten by alias: D:/biocbuild/bbs-3.15-bioc/R/library/00LOCK-S4Vectors/00new/S4Vectors/help/FilterRules.html
Hits-class html
Hits-comparison html
Hits-setops html
HitsList-class html
LLint-class html
List-class html
List-utils html
REDIRECT:topic Previous alias or file overwritten by alias: D:/biocbuild/bbs-3.15-bioc/R/library/00LOCK-S4Vectors/00new/S4Vectors/help/revElements+2CList-method.html
Pairs-class html
RectangularData-class html
Rle-class html
Rle-runstat html
Rle-utils html
REDIRECT:topic Previous alias or file overwritten by alias: D:/biocbuild/bbs-3.15-bioc/R/library/00LOCK-S4Vectors/00new/S4Vectors/help/summary+2CRle-method.html
S4Vectors-internals html
SimpleList-class html
REDIRECT:topic Previous alias or file overwritten by alias: D:/biocbuild/bbs-3.15-bioc/R/library/00LOCK-S4Vectors/00new/S4Vectors/help/coerce+2Clist+2CList-method.html
TransposedDataFrame-class html
Vector-class html
REDIRECT:topic Previous alias or file overwritten by alias: D:/biocbuild/bbs-3.15-bioc/R/library/00LOCK-S4Vectors/00new/S4Vectors/help/rename+2CVector-method.html
Vector-comparison html
REDIRECT:topic Previous alias or file overwritten by alias: D:/biocbuild/bbs-3.15-bioc/R/library/00LOCK-S4Vectors/00new/S4Vectors/help/selfmatch+2Cfactor-method.html
Vector-merge html
Vector-setops html
aggregate-methods html
bindROWS html
character-utils html
expand-methods html
integer-utils html
isSorted html
shiftApply-methods html
REDIRECT:topic Previous alias or file overwritten by alias: D:/biocbuild/bbs-3.15-bioc/R/library/00LOCK-S4Vectors/00new/S4Vectors/help/shiftApply+2Cvector+2Cvector-method.html
show-utils html
REDIRECT:topic Previous alias or file overwritten by alias: D:/biocbuild/bbs-3.15-bioc/R/library/00LOCK-S4Vectors/00new/S4Vectors/help/showAsCell+2Clist-method.html
splitAsList html
stack-methods html
REDIRECT:topic Previous alias or file overwritten by alias: D:/biocbuild/bbs-3.15-bioc/R/library/00LOCK-S4Vectors/00new/S4Vectors/help/mstack+2Cvector-method.html
subsetting-utils html
REDIRECT:topic Previous alias or file overwritten by alias: D:/biocbuild/bbs-3.15-bioc/R/library/00LOCK-S4Vectors/00new/S4Vectors/help/getListElement+2Clist-method.html
REDIRECT:topic Previous alias or file overwritten by alias: D:/biocbuild/bbs-3.15-bioc/R/library/00LOCK-S4Vectors/00new/S4Vectors/help/setListElement+2Clist-method.html
zip-methods html
** building package indices
** installing vignettes
** testing if installed package can be loaded from temporary location
** testing if installed package can be loaded from final location
** testing if installed package keeps a record of temporary installation path
* DONE (S4Vectors)
Making 'packages.html' ... done
S4Vectors.Rcheck/tests/run_unitTests.Rout
R Under development (unstable) (2021-11-21 r81221) -- "Unsuffered Consequences"
Copyright (C) 2021 The R Foundation for Statistical Computing
Platform: x86_64-w64-mingw32/x64 (64-bit)
R is free software and comes with ABSOLUTELY NO WARRANTY.
You are welcome to redistribute it under certain conditions.
Type 'license()' or 'licence()' for distribution details.
R is a collaborative project with many contributors.
Type 'contributors()' for more information and
'citation()' on how to cite R or R packages in publications.
Type 'demo()' for some demos, 'help()' for on-line help, or
'help.start()' for an HTML browser interface to help.
Type 'q()' to quit R.
> require("S4Vectors") || stop("unable to load S4Vectors package")
Loading required package: S4Vectors
Loading required package: stats4
Loading required package: BiocGenerics
Attaching package: 'BiocGenerics'
The following objects are masked from 'package:stats':
IQR, mad, sd, var, xtabs
The following objects are masked from 'package:base':
Filter, Find, Map, Position, Reduce, anyDuplicated, append,
as.data.frame, basename, cbind, colnames, dirname, do.call,
duplicated, eval, evalq, get, grep, grepl, intersect, is.unsorted,
lapply, mapply, match, mget, order, paste, pmax, pmax.int, pmin,
pmin.int, rank, rbind, rownames, sapply, setdiff, sort, table,
tapply, union, unique, unsplit, which.max, which.min
Attaching package: 'S4Vectors'
The following objects are masked from 'package:base':
I, expand.grid, unname
[1] TRUE
> S4Vectors:::.test()
Attaching package: 'IRanges'
The following object is masked from 'package:grDevices':
windows
Loading required package: GenomeInfoDb
RUNIT TEST PROTOCOL -- Thu Mar 17 20:11:07 2022
***********************************************
Number of test functions: 68
Number of errors: 0
Number of failures: 0
1 Test Suite :
S4Vectors RUnit Tests - 68 test functions, 0 errors, 0 failures
Number of test functions: 68
Number of errors: 0
Number of failures: 0
Warning messages:
1: In combineUniqueCols(X, Y, Z, use.names = FALSE) :
different values in multiple instances of column 'dup', ignoring this
column in DFrame 2
2: In combineUniqueCols(X, Y, Z) :
different values for shared rows in multiple instances of column 'dup',
ignoring this column in DFrame 2
>
> proc.time()
user system elapsed
6.14 0.40 6.53
S4Vectors.Rcheck/S4Vectors-Ex.timings
| name | user | system | elapsed | |
| Annotated-class | 0.61 | 0.08 | 0.69 | |
| DataFrame-class | 0.22 | 0.00 | 0.22 | |
| DataFrame-combine | 0.3 | 0.0 | 0.3 | |
| DataFrame-comparison | 0.06 | 0.00 | 0.06 | |
| DataFrame-utils | 0.17 | 0.00 | 0.17 | |
| Factor-class | 0.17 | 0.02 | 0.19 | |
| FilterRules-class | 0.07 | 0.01 | 0.08 | |
| Hits-class | 0.06 | 0.02 | 0.08 | |
| Hits-comparison | 0.01 | 0.00 | 0.01 | |
| Hits-setops | 0.08 | 0.00 | 0.08 | |
| HitsList-class | 0.08 | 0.00 | 0.08 | |
| LLint-class | 0.03 | 0.00 | 0.03 | |
| List-class | 0.46 | 0.00 | 0.45 | |
| List-utils | 0.07 | 0.00 | 0.08 | |
| Pairs-class | 0.05 | 0.00 | 0.04 | |
| RectangularData-class | 0 | 0 | 0 | |
| Rle-class | 0.05 | 0.00 | 0.05 | |
| Rle-runstat | 0.14 | 0.00 | 0.14 | |
| Rle-utils | 0 | 0 | 0 | |
| SimpleList-class | 0.01 | 0.01 | 0.03 | |
| TransposedDataFrame-class | 2.89 | 0.25 | 3.14 | |
| Vector-class | 0.02 | 0.00 | 0.02 | |
| Vector-comparison | 0.06 | 0.00 | 0.06 | |
| Vector-merge | 0.42 | 0.05 | 0.47 | |
| Vector-setops | 0 | 0 | 0 | |
| aggregate-methods | 0.11 | 0.01 | 0.12 | |
| character-utils | 0.00 | 0.02 | 0.02 | |
| expand-methods | 0.93 | 0.00 | 0.92 | |
| integer-utils | 0 | 0 | 0 | |
| isSorted | 0.01 | 0.00 | 0.01 | |
| shiftApply-methods | 13.45 | 3.81 | 17.27 | |
| splitAsList | 0.08 | 0.00 | 0.08 | |
| stack-methods | 0.08 | 0.00 | 0.08 | |
| zip-methods | 0.02 | 0.00 | 0.01 | |