| Back to Multiple platform build/check report for BioC 3.15 |
|
This page was generated on 2022-10-19 13:22:08 -0400 (Wed, 19 Oct 2022).
| Hostname | OS | Arch (*) | R version | Installed pkgs |
|---|---|---|---|---|
| nebbiolo1 | Linux (Ubuntu 20.04.5 LTS) | x86_64 | 4.2.1 (2022-06-23) -- "Funny-Looking Kid" | 4386 |
| palomino3 | Windows Server 2022 Datacenter | x64 | 4.2.1 (2022-06-23 ucrt) -- "Funny-Looking Kid" | 4138 |
| merida1 | macOS 10.14.6 Mojave | x86_64 | 4.2.1 (2022-06-23) -- "Funny-Looking Kid" | 4205 |
| Click on any hostname to see more info about the system (e.g. compilers) (*) as reported by 'uname -p', except on Windows and Mac OS X | ||||
|
To the developers/maintainers of the RGMQL package: - Please allow up to 24 hours (and sometimes 48 hours) for your latest push to git@git.bioconductor.org:packages/RGMQL.git to reflect on this report. See How and When does the builder pull? When will my changes propagate? for more information. - Make sure to use the following settings in order to reproduce any error or warning you see on this page. |
| Package 1635/2140 | Hostname | OS / Arch | INSTALL | BUILD | CHECK | BUILD BIN | ||||||||
| RGMQL 1.16.0 (landing page) Simone Pallotta
| nebbiolo1 | Linux (Ubuntu 20.04.5 LTS) / x86_64 | OK | OK | WARNINGS | |||||||||
| palomino3 | Windows Server 2022 Datacenter / x64 | OK | OK | ERROR | OK | |||||||||
| merida1 | macOS 10.14.6 Mojave / x86_64 | ... NOT SUPPORTED ... | ||||||||||||
| Package: RGMQL |
| Version: 1.16.0 |
| Command: F:\biocbuild\bbs-3.15-bioc\R\bin\R.exe CMD check --no-multiarch --install=check:RGMQL.install-out.txt --library=F:\biocbuild\bbs-3.15-bioc\R\library --no-vignettes --timings RGMQL_1.16.0.tar.gz |
| StartedAt: 2022-10-19 03:27:24 -0400 (Wed, 19 Oct 2022) |
| EndedAt: 2022-10-19 03:33:51 -0400 (Wed, 19 Oct 2022) |
| EllapsedTime: 386.9 seconds |
| RetCode: 1 |
| Status: ERROR |
| CheckDir: RGMQL.Rcheck |
| Warnings: NA |
##############################################################################
##############################################################################
###
### Running command:
###
### F:\biocbuild\bbs-3.15-bioc\R\bin\R.exe CMD check --no-multiarch --install=check:RGMQL.install-out.txt --library=F:\biocbuild\bbs-3.15-bioc\R\library --no-vignettes --timings RGMQL_1.16.0.tar.gz
###
##############################################################################
##############################################################################
* using log directory 'F:/biocbuild/bbs-3.15-bioc/meat/RGMQL.Rcheck'
* using R version 4.2.1 (2022-06-23 ucrt)
* using platform: x86_64-w64-mingw32 (64-bit)
* using session charset: UTF-8
* using option '--no-vignettes'
* checking for file 'RGMQL/DESCRIPTION' ... OK
* checking extension type ... Package
* this is package 'RGMQL' version '1.16.0'
* package encoding: UTF-8
* checking package namespace information ... OK
* checking package dependencies ... OK
* checking if this is a source package ... OK
* checking if there is a namespace ... OK
* checking for hidden files and directories ... NOTE
Found the following hidden files and directories:
.BBSoptions
These were most likely included in error. See section 'Package
structure' in the 'Writing R Extensions' manual.
* checking for portable file names ... WARNING
Found the following files with non-portable file names:
Example of workflows/use_case_1 - GITHUB.Rmd
Example of workflows/use_case_1 - GITHUB.html
Example of workflows/use_case_3 - GITHUB.Rmd
Example of workflows/use_case_3 - GITHUB.html
Example of workflows
These are not fully portable file names.
See section 'Package structure' in the 'Writing R Extensions' manual.
* checking whether package 'RGMQL' can be installed ... OK
* checking installed package size ... NOTE
installed size is 89.9Mb
sub-directories of 1Mb or more:
example 89.3Mb
* checking package directory ... OK
* checking 'build' directory ... OK
* checking DESCRIPTION meta-information ... OK
* checking top-level files ... OK
* checking for left-over files ... OK
* checking index information ... OK
* checking package subdirectories ... OK
* checking R files for non-ASCII characters ... OK
* checking R files for syntax errors ... OK
* checking whether the package can be loaded ... OK
* checking whether the package can be loaded with stated dependencies ... OK
* checking whether the package can be unloaded cleanly ... OK
* checking whether the namespace can be loaded with stated dependencies ... OK
* checking whether the namespace can be unloaded cleanly ... OK
* checking dependencies in R code ... OK
* checking S3 generic/method consistency ... OK
* checking replacement functions ... OK
* checking foreign function calls ... OK
* checking R code for possible problems ... OK
* checking Rd files ... OK
* checking Rd metadata ... OK
* checking Rd cross-references ... OK
* checking for missing documentation entries ... OK
* checking for code/documentation mismatches ... OK
* checking Rd \usage sections ... OK
* checking Rd contents ... OK
* checking for unstated dependencies in examples ... OK
* checking files in 'vignettes' ... OK
* checking examples ... ERROR
Running examples in 'RGMQL-Ex.R' failed
The error most likely occurred in:
> base::assign(".ptime", proc.time(), pos = "CheckExEnv")
> ### Name: take
> ### Title: Method take
> ### Aliases: take take,GMQLDataset-method take-method
>
> ### ** Examples
>
> ## This statement initializes and runs the GMQL server for local execution
> ## and creation of results on disk. Then, with system.file() it defines
> ## the path to the folder "DATASET" in the subdirectory "example"
> ## of the package "RGMQL" and opens such folder as a GMQL dataset
> ## named "rd" using CustomParser
>
> init_gmql()
22/10/19 03:33:29 INFO SparkContext: Running Spark version 2.2.0
22/10/19 03:33:29 INFO SparkContext: Submitted application: GMQL-R
22/10/19 03:33:29 INFO SecurityManager: Changing view acls to: biocbuild
22/10/19 03:33:29 INFO SecurityManager: Changing modify acls to: biocbuild
22/10/19 03:33:29 INFO SecurityManager: Changing view acls groups to:
22/10/19 03:33:29 INFO SecurityManager: Changing modify acls groups to:
22/10/19 03:33:29 INFO SecurityManager: SecurityManager: authentication disabled; ui acls disabled; users with view permissions: Set(biocbuild); groups with view permissions: Set(); users with modify permissions: Set(biocbuild); groups with modify permissions: Set()
22/10/19 03:33:29 INFO Utils: Successfully started service 'sparkDriver' on port 53514.
22/10/19 03:33:29 INFO SparkEnv: Registering MapOutputTracker
22/10/19 03:33:29 INFO SparkEnv: Registering BlockManagerMaster
22/10/19 03:33:29 INFO BlockManagerMasterEndpoint: Using org.apache.spark.storage.DefaultTopologyMapper for getting topology information
22/10/19 03:33:29 INFO BlockManagerMasterEndpoint: BlockManagerMasterEndpoint up
22/10/19 03:33:29 INFO DiskBlockManager: Created local directory at F:\biocbuild\bbs-3.15-bioc\tmp\blockmgr-a918726a-7b7e-416b-9f76-436346578b72
22/10/19 03:33:29 INFO MemoryStore: MemoryStore started with capacity 127.2 MB
22/10/19 03:33:29 INFO SparkEnv: Registering OutputCommitCoordinator
22/10/19 03:33:29 INFO Utils: Successfully started service 'SparkUI' on port 4040.
22/10/19 03:33:29 INFO SparkUI: Bound SparkUI to 0.0.0.0, and started at http://10.0.0.11:4040
22/10/19 03:33:29 INFO Executor: Starting executor ID driver on host localhost
22/10/19 03:33:29 INFO Utils: Successfully started service 'org.apache.spark.network.netty.NettyBlockTransferService' on port 53515.
22/10/19 03:33:29 INFO NettyBlockTransferService: Server created on 10.0.0.11:53515
22/10/19 03:33:29 INFO BlockManager: Using org.apache.spark.storage.RandomBlockReplicationPolicy for block replication policy
22/10/19 03:33:29 INFO BlockManagerMaster: Registering BlockManager BlockManagerId(driver, 10.0.0.11, 53515, None)
22/10/19 03:33:29 INFO BlockManagerMasterEndpoint: Registering block manager 10.0.0.11:53515 with 127.2 MB RAM, BlockManagerId(driver, 10.0.0.11, 53515, None)
22/10/19 03:33:29 INFO BlockManagerMaster: Registered BlockManager BlockManagerId(driver, 10.0.0.11, 53515, None)
22/10/19 03:33:29 INFO BlockManager: Initialized BlockManager: BlockManagerId(driver, 10.0.0.11, 53515, None)
GMQL Server is up
> test_path <- system.file("example", "DATASET", package = "RGMQL")
> rd = read_gmql(test_path)
>
> ## This statement creates a dataset called 'aggr' which contains one
> ## sample for each antibody_target and cell value found within the metadata
> ## of the 'rd' dataset sample; each created sample contains all regions
> ## from all 'rd' samples with a specific value for their
> ## antibody_target and cell metadata attributes.
>
> aggr = aggregate(rd, conds(c("antibody_target", "cell")))
>
> ## This statement performs the query and returns the resulted dataset as
> ## GRangesList named 'taken'. It returns only the first 45 regions of
> ## each sample present into GRangesList and all the medatata associated
> ## with each sample
>
> taken <- take(aggr, rows = 45)
[OPTIM] variabili da materializzare: 0
22/10/19 03:33:29 INFO MergeMD$: ----------------MergeMD executing..
22/10/19 03:33:29 INFO ReadMD$: ----------------ReadMD executing..
22/10/19 03:33:30 INFO deprecation: mapred.input.dir is deprecated. Instead, use mapreduce.input.fileinputformat.inputdir
22/10/19 03:33:30 INFO deprecation: mapred.max.split.size is deprecated. Instead, use mapreduce.input.fileinputformat.split.maxsize
22/10/19 03:33:39 WARN BlockManager: Putting block broadcast_0 failed due to an exception
22/10/19 03:33:39 WARN BlockManager: Block broadcast_0 could not be removed as it was not found on disk or in memory
Error in .jcall("RJavaTools", "Ljava/lang/Object;", "invokeMethod", cl, :
java.lang.reflect.InaccessibleObjectException: Unable to make field transient java.lang.Object[] java.util.ArrayList.elementData accessible: module java.base does not "opens java.util" to unnamed module @5136d012
Calls: take ... gmql_take -> <Anonymous> -> .jrcall -> .jcall -> .jcheck
Execution halted
* checking for unstated dependencies in vignettes ... OK
* checking package vignettes in 'inst/doc' ... OK
* checking running R code from vignettes ... SKIPPED
* checking re-building of vignette outputs ... SKIPPED
* checking PDF version of manual ... OK
* DONE
Status: 1 ERROR, 1 WARNING, 2 NOTEs
See
'F:/biocbuild/bbs-3.15-bioc/meat/RGMQL.Rcheck/00check.log'
for details.
RGMQL.Rcheck/00install.out
############################################################################## ############################################################################## ### ### Running command: ### ### F:\biocbuild\bbs-3.15-bioc\R\bin\R.exe CMD INSTALL RGMQL ### ############################################################################## ############################################################################## * installing to library 'F:/biocbuild/bbs-3.15-bioc/R/library' * installing *source* package 'RGMQL' ... ** using staged installation ** R ** inst ** byte-compile and prepare package for lazy loading ** help *** installing help indices ** building package indices ** installing vignettes ** testing if installed package can be loaded from temporary location ** testing if installed package can be loaded from final location ** testing if installed package keeps a record of temporary installation path * DONE (RGMQL)
RGMQL.Rcheck/RGMQL-Ex.timings
| name | user | system | elapsed | |
| aggr-class | 4.74 | 1.00 | 105.31 | |
| aggregate | 0.03 | 0.00 | 0.04 | |
| arrange | 0.79 | 0.00 | 2.05 | |
| collect | 0.15 | 0.02 | 0.08 | |
| compile_query | 0.34 | 0.01 | 3.45 | |
| cover-param-class | 0.09 | 0.02 | 0.05 | |
| cover | 0.03 | 0.00 | 1.17 | |
| delete_dataset | 0 | 0 | 0 | |
| distal-class | 0.08 | 0.00 | 0.61 | |
| download_dataset | 0 | 0 | 0 | |
| execute | 0.02 | 0.00 | 0.02 | |
| export_gmql | 0.39 | 0.03 | 0.42 | |
| extend | 0.05 | 0.00 | 0.01 | |
| filter | 0.11 | 0.00 | 0.27 | |
| filter_and_extract | 1.80 | 0.11 | 1.90 | |
| group_by | 0.04 | 0.01 | 1.13 | |
| import_gmql | 0.11 | 0.00 | 0.11 | |
| init_gmql | 0.03 | 0.00 | 20.71 | |
| log_job | 0.00 | 0.00 | 0.33 | |
| login_gmql | 0.00 | 0.00 | 0.15 | |
| logout_gmql | 0.00 | 0.00 | 0.38 | |
| map | 0.03 | 0.00 | 1.48 | |
| merge | 0.08 | 0.00 | 0.05 | |
| operator-class | 0.12 | 0.02 | 3.59 | |
| ordering-class | 0.04 | 0.00 | 0.03 | |
| read-function | 0.06 | 0.00 | 0.40 | |
| register_gmql | 0 | 0 | 0 | |
| remote_processing | 0 | 0 | 0 | |
| run_query | 0 | 0 | 0 | |
| sample_metadata | 0.00 | 0.00 | 0.46 | |
| sample_region | 0 | 0 | 0 | |
| save_query | 0.03 | 0.00 | 1.14 | |
| select | 0.06 | 0.00 | 2.54 | |
| semijoin | 0.08 | 0.00 | 0.03 | |
| setdiff | 0.06 | 0.02 | 0.03 | |
| show_all_metadata | 0.07 | 0.00 | 0.49 | |
| show_dataset | 0.01 | 0.00 | 5.67 | |
| show_jobs_list | 0.02 | 0.00 | 0.33 | |
| show_queries_list | 0.01 | 0.00 | 0.31 | |
| show_samples_list | 0.02 | 0.00 | 0.31 | |
| show_schema | 0.01 | 0.00 | 0.33 | |
| stop_gmql | 0.08 | 0.05 | 0.67 | |
| stop_job | 0 | 0 | 0 | |