| Back to Multiple platform build/check report for BioC 3.15 |
|
This page was generated on 2022-03-18 11:08:28 -0400 (Fri, 18 Mar 2022).
| Hostname | OS | Arch (*) | R version | Installed pkgs |
|---|---|---|---|---|
| nebbiolo1 | Linux (Ubuntu 20.04.4 LTS) | x86_64 | R Under development (unstable) (2022-02-17 r81757) -- "Unsuffered Consequences" | 4334 |
| riesling1 | Windows Server 2019 Standard | x64 | R Under development (unstable) (2021-11-21 r81221) -- "Unsuffered Consequences" | 4097 |
| palomino3 | Windows Server 2022 Datacenter | x64 | R Under development (unstable) (2022-02-17 r81757 ucrt) -- "Unsuffered Consequences" | 4083 |
| merida1 | macOS 10.14.6 Mojave | x86_64 | R Under development (unstable) (2022-03-02 r81842) -- "Unsuffered Consequences" | 4134 |
| Click on any hostname to see more info about the system (e.g. compilers) (*) as reported by 'uname -p', except on Windows and Mac OS X | ||||
|
To the developers/maintainers of the REMP package: - Please allow up to 24 hours (and sometimes 48 hours) for your latest push to git@git.bioconductor.org:packages/REMP.git to reflect on this report. See How and When does the builder pull? When will my changes propagate? here for more information. - Make sure to use the following settings in order to reproduce any error or warning you see on this page. |
| Package 1585/2090 | Hostname | OS / Arch | INSTALL | BUILD | CHECK | BUILD BIN | ||||||||
| REMP 1.19.1 (landing page) Yinan Zheng
| nebbiolo1 | Linux (Ubuntu 20.04.4 LTS) / x86_64 | OK | OK | ERROR | |||||||||
| riesling1 | Windows Server 2019 Standard / x64 | OK | OK | ERROR | OK | |||||||||
| palomino3 | Windows Server 2022 Datacenter / x64 | OK | OK | ERROR | OK | |||||||||
| merida1 | macOS 10.14.6 Mojave / x86_64 | OK | OK | ERROR | OK | |||||||||
| Package: REMP |
| Version: 1.19.1 |
| Command: D:\biocbuild\bbs-3.15-bioc\R\bin\R.exe CMD check --no-multiarch --install=check:REMP.install-out.txt --library=D:\biocbuild\bbs-3.15-bioc\R\library --no-vignettes --timings REMP_1.19.1.tar.gz |
| StartedAt: 2022-03-17 20:02:43 -0400 (Thu, 17 Mar 2022) |
| EndedAt: 2022-03-17 20:07:40 -0400 (Thu, 17 Mar 2022) |
| EllapsedTime: 296.6 seconds |
| RetCode: 1 |
| Status: ERROR |
| CheckDir: REMP.Rcheck |
| Warnings: NA |
##############################################################################
##############################################################################
###
### Running command:
###
### D:\biocbuild\bbs-3.15-bioc\R\bin\R.exe CMD check --no-multiarch --install=check:REMP.install-out.txt --library=D:\biocbuild\bbs-3.15-bioc\R\library --no-vignettes --timings REMP_1.19.1.tar.gz
###
##############################################################################
##############################################################################
* using log directory 'D:/biocbuild/bbs-3.15-bioc/meat/REMP.Rcheck'
* using R Under development (unstable) (2021-11-21 r81221)
* using platform: x86_64-w64-mingw32 (64-bit)
* using session charset: ISO8859-1
* using option '--no-vignettes'
* checking for file 'REMP/DESCRIPTION' ... OK
* checking extension type ... Package
* this is package 'REMP' version '1.19.1'
* package encoding: UTF-8
* checking package namespace information ... OK
* checking package dependencies ... OK
* checking if this is a source package ... OK
* checking if there is a namespace ... OK
* checking for hidden files and directories ... OK
* checking for portable file names ... OK
* checking whether package 'REMP' can be installed ... OK
* checking installed package size ... OK
* checking package directory ... OK
* checking 'build' directory ... OK
* checking DESCRIPTION meta-information ... OK
* checking top-level files ... OK
* checking for left-over files ... OK
* checking index information ... OK
* checking package subdirectories ... OK
* checking R files for non-ASCII characters ... OK
* checking R files for syntax errors ... OK
* checking whether the package can be loaded ... OK
* checking whether the package can be loaded with stated dependencies ... OK
* checking whether the package can be unloaded cleanly ... OK
* checking whether the namespace can be loaded with stated dependencies ... OK
* checking whether the namespace can be unloaded cleanly ... OK
* checking dependencies in R code ... NOTE
'library' or 'require' calls in package code:
'IlluminaHumanMethylation450kanno.ilmn12.hg19'
'IlluminaHumanMethylationEPICanno.ilm10b2.hg19'
Please use :: or requireNamespace() instead.
See section 'Suggested packages' in the 'Writing R Extensions' manual.
* checking S3 generic/method consistency ... OK
* checking replacement functions ... OK
* checking foreign function calls ... OK
* checking R code for possible problems ... NOTE
initREMP: no visible binding for global variable
'IlluminaHumanMethylation450kanno.ilmn12.hg19'
initREMP: no visible binding for global variable
'IlluminaHumanMethylationEPICanno.ilm10b2.hg19'
remprofile: no visible binding for global variable
'IlluminaHumanMethylation450kanno.ilmn12.hg19'
remprofile: no visible binding for global variable
'IlluminaHumanMethylationEPICanno.ilm10b2.hg19'
Undefined global functions or variables:
IlluminaHumanMethylation450kanno.ilmn12.hg19
IlluminaHumanMethylationEPICanno.ilm10b2.hg19
* checking Rd files ... OK
* checking Rd metadata ... OK
* checking Rd cross-references ... OK
* checking for missing documentation entries ... OK
* checking for code/documentation mismatches ... OK
* checking Rd \usage sections ... OK
* checking Rd contents ... OK
* checking for unstated dependencies in examples ... OK
* checking contents of 'data' directory ... OK
* checking data for non-ASCII characters ... OK
* checking LazyData ... OK
* checking data for ASCII and uncompressed saves ... OK
* checking files in 'vignettes' ... OK
* checking examples ... ERROR
Running examples in 'REMP-Ex.R' failed
The error most likely occurred in:
> base::assign(".ptime", proc.time(), pos = "CheckExEnv")
> ### Name: fetchRMSK
> ### Title: Get RE database from RepeatMasker
> ### Aliases: fetchRMSK
>
> ### ** Examples
>
> L1 <- fetchRMSK(REtype = "L1",
+ annotation.source = "AH",
+ genome = "hg19",
+ verbose = TRUE)
Loading L1 annotation data from RepeatMasker (hg19) database from AnnotationHub: AH5122
Error: Public
Resource removed on: 2022-01-30
Execution halted
* checking for unstated dependencies in vignettes ... OK
* checking package vignettes in 'inst/doc' ... OK
* checking running R code from vignettes ... SKIPPED
* checking re-building of vignette outputs ... SKIPPED
* checking PDF version of manual ... OK
* DONE
Status: 1 ERROR, 2 NOTEs
See
'D:/biocbuild/bbs-3.15-bioc/meat/REMP.Rcheck/00check.log'
for details.
REMP.Rcheck/00install.out
##############################################################################
##############################################################################
###
### Running command:
###
### D:\biocbuild\bbs-3.15-bioc\R\bin\R.exe CMD INSTALL REMP
###
##############################################################################
##############################################################################
* installing to library 'D:/biocbuild/bbs-3.15-bioc/R/library'
* installing *source* package 'REMP' ...
** using staged installation
** R
** data
*** moving datasets to lazyload DB
** inst
** byte-compile and prepare package for lazy loading
** help
*** installing help indices
converting help for package 'REMP'
finding HTML links ... done
Alu.hg19.demo html
finding level-2 HTML links ... done
Alu.hg38.demo html
GRannot html
REMP-package html
REMParcel-class html
REMProduct-class html
fetchRMSK html
fetchRefSeqGene html
findRECpG html
getBackend html
getGM12878 html
grooMethy html
initREMP html
options html
remp html
REDIRECT:topic Previous alias or file overwritten by alias: D:/biocbuild/bbs-3.15-bioc/R/library/00LOCK-REMP/00new/REMP/help/remp.html
rempTemplate html
remprofile html
** building package indices
** installing vignettes
** testing if installed package can be loaded from temporary location
** testing if installed package can be loaded from final location
** testing if installed package keeps a record of temporary installation path
* DONE (REMP)
Making 'packages.html' ... done
REMP.Rcheck/REMP-Ex.timings
| name | user | system | elapsed | |
| GRannot | 8.06 | 0.85 | 10.65 | |
| REMParcel-class | 0 | 0 | 0 | |
| REMProduct-class | 0 | 0 | 0 | |