| Back to Multiple platform build/check report for BioC 3.15 |
|
This page was generated on 2022-03-18 11:07:37 -0400 (Fri, 18 Mar 2022).
| Hostname | OS | Arch (*) | R version | Installed pkgs |
|---|---|---|---|---|
| nebbiolo1 | Linux (Ubuntu 20.04.4 LTS) | x86_64 | R Under development (unstable) (2022-02-17 r81757) -- "Unsuffered Consequences" | 4334 |
| riesling1 | Windows Server 2019 Standard | x64 | R Under development (unstable) (2021-11-21 r81221) -- "Unsuffered Consequences" | 4097 |
| palomino3 | Windows Server 2022 Datacenter | x64 | R Under development (unstable) (2022-02-17 r81757 ucrt) -- "Unsuffered Consequences" | 4083 |
| merida1 | macOS 10.14.6 Mojave | x86_64 | R Under development (unstable) (2022-03-02 r81842) -- "Unsuffered Consequences" | 4134 |
| Click on any hostname to see more info about the system (e.g. compilers) (*) as reported by 'uname -p', except on Windows and Mac OS X | ||||
|
To the developers/maintainers of the GenomicSuperSignature package: - Please allow up to 24 hours (and sometimes 48 hours) for your latest push to git@git.bioconductor.org:packages/GenomicSuperSignature.git to reflect on this report. See How and When does the builder pull? When will my changes propagate? here for more information. - Make sure to use the following settings in order to reproduce any error or warning you see on this page. |
| Package 760/2090 | Hostname | OS / Arch | INSTALL | BUILD | CHECK | BUILD BIN | ||||||||
| GenomicSuperSignature 1.3.6 (landing page) Sehyun Oh
| nebbiolo1 | Linux (Ubuntu 20.04.4 LTS) / x86_64 | OK | OK | WARNINGS | |||||||||
| riesling1 | Windows Server 2019 Standard / x64 | OK | OK | WARNINGS | OK | |||||||||
| palomino3 | Windows Server 2022 Datacenter / x64 | OK | OK | WARNINGS | OK | |||||||||
| merida1 | macOS 10.14.6 Mojave / x86_64 | OK | OK | WARNINGS | OK | |||||||||
| Package: GenomicSuperSignature |
| Version: 1.3.6 |
| Command: D:\biocbuild\bbs-3.15-bioc\R\bin\R.exe CMD check --no-multiarch --install=check:GenomicSuperSignature.install-out.txt --library=D:\biocbuild\bbs-3.15-bioc\R\library --no-vignettes --timings GenomicSuperSignature_1.3.6.tar.gz |
| StartedAt: 2022-03-17 19:11:19 -0400 (Thu, 17 Mar 2022) |
| EndedAt: 2022-03-17 19:14:51 -0400 (Thu, 17 Mar 2022) |
| EllapsedTime: 211.2 seconds |
| RetCode: 0 |
| Status: WARNINGS |
| CheckDir: GenomicSuperSignature.Rcheck |
| Warnings: 3 |
##############################################################################
##############################################################################
###
### Running command:
###
### D:\biocbuild\bbs-3.15-bioc\R\bin\R.exe CMD check --no-multiarch --install=check:GenomicSuperSignature.install-out.txt --library=D:\biocbuild\bbs-3.15-bioc\R\library --no-vignettes --timings GenomicSuperSignature_1.3.6.tar.gz
###
##############################################################################
##############################################################################
* using log directory 'D:/biocbuild/bbs-3.15-bioc/meat/GenomicSuperSignature.Rcheck'
* using R Under development (unstable) (2021-11-21 r81221)
* using platform: x86_64-w64-mingw32 (64-bit)
* using session charset: ISO8859-1
* using option '--no-vignettes'
* checking for file 'GenomicSuperSignature/DESCRIPTION' ... OK
* this is package 'GenomicSuperSignature' version '1.3.6'
* package encoding: UTF-8
* checking package namespace information ... OK
* checking package dependencies ... OK
* checking if this is a source package ... OK
* checking if there is a namespace ... OK
* checking for hidden files and directories ... OK
* checking for portable file names ... OK
* checking whether package 'GenomicSuperSignature' can be installed ... WARNING
Found the following significant warnings:
Rd warning: D:/biocbuild/bbs-3.15-bioc/meat/GenomicSuperSignature/man/getModel.Rd:19: missing link 'availableRAVmodel()'
See 'D:/biocbuild/bbs-3.15-bioc/meat/GenomicSuperSignature.Rcheck/00install.out' for details.
* checking installed package size ... OK
* checking package directory ... OK
* checking 'build' directory ... OK
* checking DESCRIPTION meta-information ... OK
* checking top-level files ... OK
* checking for left-over files ... OK
* checking index information ... OK
* checking package subdirectories ... OK
* checking R files for non-ASCII characters ... OK
* checking R files for syntax errors ... OK
* checking whether the package can be loaded ... OK
* checking whether the package can be loaded with stated dependencies ... OK
* checking whether the package can be unloaded cleanly ... OK
* checking whether the namespace can be loaded with stated dependencies ... OK
* checking whether the namespace can be unloaded cleanly ... OK
* checking dependencies in R code ... OK
* checking S3 generic/method consistency ... OK
* checking replacement functions ... OK
* checking foreign function calls ... OK
* checking R code for possible problems ... NOTE
.lowQualityRAVs: no visible global function definition for 'data'
.lowQualityRAVs: no visible binding for global variable '.'
drawWordcloud: no visible global function definition for 'data'
getModel: no visible global function definition for 'read.table'
Undefined global functions or variables:
. data read.table
Consider adding
importFrom("utils", "data", "read.table")
to your NAMESPACE file.
* checking Rd files ... OK
* checking Rd metadata ... OK
* checking Rd cross-references ... WARNING
Missing link or links in documentation object 'getModel.Rd':
'availableRAVmodel()'
See section 'Cross-references' in the 'Writing R Extensions' manual.
* checking for missing documentation entries ... WARNING
Undocumented code objects:
'version'
All user-level objects in a package should have documentation entries.
See chapter 'Writing R documentation files' in the 'Writing R
Extensions' manual.
* checking for code/documentation mismatches ... OK
* checking Rd \usage sections ... OK
* checking Rd contents ... OK
* checking for unstated dependencies in examples ... OK
* checking contents of 'data' directory ... OK
* checking data for non-ASCII characters ... OK
* checking LazyData ... OK
* checking data for ASCII and uncompressed saves ... OK
* checking files in 'vignettes' ... OK
* checking examples ... OK
Examples with CPU (user + system) or elapsed time > 5s
user system elapsed
getModel 4.3 1.64 13.5
* checking for unstated dependencies in 'tests' ... OK
* checking tests ...
Running 'testthat.R'
OK
* checking for unstated dependencies in vignettes ... OK
* checking package vignettes in 'inst/doc' ... OK
* checking running R code from vignettes ... SKIPPED
* checking re-building of vignette outputs ... SKIPPED
* checking PDF version of manual ... OK
* DONE
Status: 3 WARNINGs, 1 NOTE
See
'D:/biocbuild/bbs-3.15-bioc/meat/GenomicSuperSignature.Rcheck/00check.log'
for details.
GenomicSuperSignature.Rcheck/00install.out
##############################################################################
##############################################################################
###
### Running command:
###
### D:\biocbuild\bbs-3.15-bioc\R\bin\R.exe CMD INSTALL GenomicSuperSignature
###
##############################################################################
##############################################################################
* installing to library 'D:/biocbuild/bbs-3.15-bioc/R/library'
* installing *source* package 'GenomicSuperSignature' ...
** using staged installation
** R
** data
*** moving datasets to lazyload DB
** inst
** byte-compile and prepare package for lazy loading
** help
*** installing help indices
converting help for package 'GenomicSuperSignature'
finding HTML links ... done
GenomicSignatures-class html
GenomicSignatures-methods html
PCAGenomicSignatures-class html
PCAGenomicSignatures-methods html
PCAGenomicSignatures html
PCinRAV html
annotatePC html
annotateRAV html
availableRAVmodel html
buildAvgLoading html
calculateScore html
dot-RAVName html
dot-calculateSilhouetteWidth html
dot-loadingCor html
drawWordcloud html
droplist html
extractPC html
filterList html
findKeywordInRAV html
findSignature html
findStudiesInCluster html
getModel html
finding level-2 HTML links ... done
Rd warning: D:/biocbuild/bbs-3.15-bioc/meat/GenomicSuperSignature/man/getModel.Rd:19: missing link 'availableRAVmodel()'
getRAVInfo html
getStudyInfo html
heatmapTable html
makeGeneList html
meshTable html
miniAllZ html
miniRAVmodel html
miniTCGA html
msigdb_gsea html
plotAnnotatedPCA html
plotValidate html
res_hcut html
rmNaInf html
rowNorm html
run_gsea html
sampleScoreHeatmap html
subsetEnrichedPathways html
subsetGSEA html
validate html
validatedSignatures html
** building package indices
** installing vignettes
** testing if installed package can be loaded from temporary location
** testing if installed package can be loaded from final location
** testing if installed package keeps a record of temporary installation path
* DONE (GenomicSuperSignature)
Making 'packages.html' ...Warning in packageDescription(i, lib.loc = lib, fields = "Title", encoding = "UTF-8") :
DESCRIPTION file of package 'genomicInstability' is missing or broken
done
GenomicSuperSignature.Rcheck/tests/testthat.Rout
R Under development (unstable) (2021-11-21 r81221) -- "Unsuffered Consequences"
Copyright (C) 2021 The R Foundation for Statistical Computing
Platform: x86_64-w64-mingw32/x64 (64-bit)
R is free software and comes with ABSOLUTELY NO WARRANTY.
You are welcome to redistribute it under certain conditions.
Type 'license()' or 'licence()' for distribution details.
R is a collaborative project with many contributors.
Type 'contributors()' for more information and
'citation()' on how to cite R or R packages in publications.
Type 'demo()' for some demos, 'help()' for on-line help, or
'help.start()' for an HTML browser interface to help.
Type 'q()' to quit R.
> library(testthat)
> library(GenomicSuperSignature)
Loading required package: SummarizedExperiment
Loading required package: MatrixGenerics
Loading required package: matrixStats
Attaching package: 'MatrixGenerics'
The following objects are masked from 'package:matrixStats':
colAlls, colAnyNAs, colAnys, colAvgsPerRowSet, colCollapse,
colCounts, colCummaxs, colCummins, colCumprods, colCumsums,
colDiffs, colIQRDiffs, colIQRs, colLogSumExps, colMadDiffs,
colMads, colMaxs, colMeans2, colMedians, colMins, colOrderStats,
colProds, colQuantiles, colRanges, colRanks, colSdDiffs, colSds,
colSums2, colTabulates, colVarDiffs, colVars, colWeightedMads,
colWeightedMeans, colWeightedMedians, colWeightedSds,
colWeightedVars, rowAlls, rowAnyNAs, rowAnys, rowAvgsPerColSet,
rowCollapse, rowCounts, rowCummaxs, rowCummins, rowCumprods,
rowCumsums, rowDiffs, rowIQRDiffs, rowIQRs, rowLogSumExps,
rowMadDiffs, rowMads, rowMaxs, rowMeans2, rowMedians, rowMins,
rowOrderStats, rowProds, rowQuantiles, rowRanges, rowRanks,
rowSdDiffs, rowSds, rowSums2, rowTabulates, rowVarDiffs, rowVars,
rowWeightedMads, rowWeightedMeans, rowWeightedMedians,
rowWeightedSds, rowWeightedVars
Loading required package: GenomicRanges
Loading required package: stats4
Loading required package: BiocGenerics
Attaching package: 'BiocGenerics'
The following objects are masked from 'package:stats':
IQR, mad, sd, var, xtabs
The following objects are masked from 'package:base':
Filter, Find, Map, Position, Reduce, anyDuplicated, append,
as.data.frame, basename, cbind, colnames, dirname, do.call,
duplicated, eval, evalq, get, grep, grepl, intersect, is.unsorted,
lapply, mapply, match, mget, order, paste, pmax, pmax.int, pmin,
pmin.int, rank, rbind, rownames, sapply, setdiff, sort, table,
tapply, union, unique, unsplit, which.max, which.min
Loading required package: S4Vectors
Attaching package: 'S4Vectors'
The following objects are masked from 'package:base':
I, expand.grid, unname
Loading required package: IRanges
Attaching package: 'IRanges'
The following object is masked from 'package:grDevices':
windows
Loading required package: GenomeInfoDb
Loading required package: Biobase
Welcome to Bioconductor
Vignettes contain introductory material; view with
'browseVignettes()'. To cite Bioconductor, see
'citation("Biobase")', and for packages 'citation("pkgname")'.
Attaching package: 'Biobase'
The following object is masked from 'package:MatrixGenerics':
rowMedians
The following objects are masked from 'package:matrixStats':
anyMissing, rowMedians
>
> test_check("GenomicSuperSignature")
[ FAIL 0 | WARN 0 | SKIP 0 | PASS 72 ]
>
> proc.time()
user system elapsed
18.78 1.67 20.45
GenomicSuperSignature.Rcheck/GenomicSuperSignature-Ex.timings
| name | user | system | elapsed | |
| GenomicSignatures-methods | 0.11 | 0.03 | 0.14 | |
| PCAGenomicSignatures-class | 0.5 | 0.0 | 0.5 | |
| PCAGenomicSignatures-methods | 0.06 | 0.00 | 0.06 | |
| PCAGenomicSignatures | 0.07 | 0.02 | 0.08 | |
| PCinRAV | 0.04 | 0.02 | 0.06 | |
| annotatePC | 1.99 | 0.17 | 2.16 | |
| annotateRAV | 0.47 | 0.02 | 0.48 | |
| availableRAVmodel | 0 | 0 | 0 | |
| buildAvgLoading | 0.01 | 0.00 | 0.02 | |
| calculateScore | 2.39 | 0.03 | 2.42 | |
| drawWordcloud | 0.22 | 0.08 | 0.30 | |
| extractPC | 0 | 0 | 0 | |
| findKeywordInRAV | 0.03 | 0.01 | 0.04 | |
| findSignature | 0.06 | 0.02 | 0.08 | |
| findStudiesInCluster | 0.05 | 0.01 | 0.06 | |
| getModel | 4.30 | 1.64 | 13.50 | |
| getRAVInfo | 0.05 | 0.02 | 0.07 | |
| getStudyInfo | 0.07 | 0.01 | 0.09 | |
| heatmapTable | 4.52 | 0.38 | 4.89 | |
| meshTable | 0.17 | 0.05 | 0.22 | |
| plotAnnotatedPCA | 0.92 | 0.06 | 0.98 | |
| plotValidate | 2.14 | 0.20 | 2.35 | |
| rmNaInf | 0 | 0 | 0 | |
| rowNorm | 0 | 0 | 0 | |
| sampleScoreHeatmap | 1.64 | 0.31 | 1.95 | |
| subsetEnrichedPathways | 0.10 | 0.00 | 0.09 | |
| validate | 2.75 | 0.21 | 2.96 | |
| validatedSignatures | 1.61 | 0.12 | 1.73 | |