| Back to Multiple platform build/check report for BioC 3.15 |
|
This page was generated on 2022-03-18 11:06:58 -0400 (Fri, 18 Mar 2022).
| Hostname | OS | Arch (*) | R version | Installed pkgs |
|---|---|---|---|---|
| nebbiolo1 | Linux (Ubuntu 20.04.4 LTS) | x86_64 | R Under development (unstable) (2022-02-17 r81757) -- "Unsuffered Consequences" | 4334 |
| riesling1 | Windows Server 2019 Standard | x64 | R Under development (unstable) (2021-11-21 r81221) -- "Unsuffered Consequences" | 4097 |
| palomino3 | Windows Server 2022 Datacenter | x64 | R Under development (unstable) (2022-02-17 r81757 ucrt) -- "Unsuffered Consequences" | 4083 |
| merida1 | macOS 10.14.6 Mojave | x86_64 | R Under development (unstable) (2022-03-02 r81842) -- "Unsuffered Consequences" | 4134 |
| Click on any hostname to see more info about the system (e.g. compilers) (*) as reported by 'uname -p', except on Windows and Mac OS X | ||||
|
To the developers/maintainers of the BaalChIP package: - Please allow up to 24 hours (and sometimes 48 hours) for your latest push to git@git.bioconductor.org:packages/BaalChIP.git to reflect on this report. See How and When does the builder pull? When will my changes propagate? here for more information. - Make sure to use the following settings in order to reproduce any error or warning you see on this page. |
| Package 100/2090 | Hostname | OS / Arch | INSTALL | BUILD | CHECK | BUILD BIN | ||||||||
| BaalChIP 1.21.0 (landing page) Ines de Santiago
| nebbiolo1 | Linux (Ubuntu 20.04.4 LTS) / x86_64 | OK | OK | WARNINGS | |||||||||
| riesling1 | Windows Server 2019 Standard / x64 | OK | OK | WARNINGS | OK | |||||||||
| palomino3 | Windows Server 2022 Datacenter / x64 | OK | OK | WARNINGS | OK | |||||||||
| merida1 | macOS 10.14.6 Mojave / x86_64 | OK | OK | WARNINGS | OK | |||||||||
| Package: BaalChIP |
| Version: 1.21.0 |
| Command: D:\biocbuild\bbs-3.15-bioc\R\bin\R.exe CMD check --no-multiarch --install=check:BaalChIP.install-out.txt --library=D:\biocbuild\bbs-3.15-bioc\R\library --no-vignettes --timings BaalChIP_1.21.0.tar.gz |
| StartedAt: 2022-03-17 18:28:31 -0400 (Thu, 17 Mar 2022) |
| EndedAt: 2022-03-17 18:36:31 -0400 (Thu, 17 Mar 2022) |
| EllapsedTime: 480.6 seconds |
| RetCode: 0 |
| Status: WARNINGS |
| CheckDir: BaalChIP.Rcheck |
| Warnings: 1 |
##############################################################################
##############################################################################
###
### Running command:
###
### D:\biocbuild\bbs-3.15-bioc\R\bin\R.exe CMD check --no-multiarch --install=check:BaalChIP.install-out.txt --library=D:\biocbuild\bbs-3.15-bioc\R\library --no-vignettes --timings BaalChIP_1.21.0.tar.gz
###
##############################################################################
##############################################################################
* using log directory 'D:/biocbuild/bbs-3.15-bioc/meat/BaalChIP.Rcheck'
* using R Under development (unstable) (2021-11-21 r81221)
* using platform: x86_64-w64-mingw32 (64-bit)
* using session charset: ISO8859-1
* using option '--no-vignettes'
* checking for file 'BaalChIP/DESCRIPTION' ... OK
* this is package 'BaalChIP' version '1.21.0'
* checking package namespace information ... OK
* checking package dependencies ... OK
* checking if this is a source package ... OK
* checking if there is a namespace ... OK
* checking for hidden files and directories ... OK
* checking for portable file names ... OK
* checking whether package 'BaalChIP' can be installed ... OK
* checking installed package size ... NOTE
installed size is 198.3Mb
sub-directories of 1Mb or more:
data 95.8Mb
test 101.9Mb
* checking package directory ... OK
* checking 'build' directory ... OK
* checking DESCRIPTION meta-information ... OK
* checking top-level files ... OK
* checking for left-over files ... OK
* checking index information ... OK
* checking package subdirectories ... OK
* checking R files for non-ASCII characters ... OK
* checking R files for syntax errors ... OK
* checking whether the package can be loaded ... OK
* checking whether the package can be loaded with stated dependencies ... OK
* checking whether the package can be unloaded cleanly ... OK
* checking whether the namespace can be loaded with stated dependencies ... OK
* checking whether the namespace can be unloaded cleanly ... OK
* checking dependencies in R code ... OK
* checking S3 generic/method consistency ... OK
* checking replacement functions ... OK
* checking foreign function calls ... OK
* checking R code for possible problems ... OK
* checking Rd files ... OK
* checking Rd metadata ... OK
* checking Rd cross-references ... OK
* checking for missing documentation entries ... OK
* checking for code/documentation mismatches ... OK
* checking Rd \usage sections ... OK
* checking Rd contents ... OK
* checking for unstated dependencies in examples ... OK
* checking contents of 'data' directory ... OK
* checking data for non-ASCII characters ... OK
* checking LazyData ... WARNING
LazyData DB of 95.7 MB without LazyDataCompression set
See ยง1.1.6 of 'Writing R Extensions'
* checking data for ASCII and uncompressed saves ... OK
* checking files in 'vignettes' ... OK
* checking examples ... OK
Examples with CPU (user + system) or elapsed time > 5s
user system elapsed
BaalChIP.run 12.93 3.49 116.72
mergePerGroup 8.76 2.78 11.54
filter1allele 6.68 2.00 8.69
QCfilter 6.45 1.72 8.31
getASB 3.63 0.44 111.36
* checking for unstated dependencies in 'tests' ... OK
* checking tests ...
Running 'runTests.R'
OK
* checking for unstated dependencies in vignettes ... OK
* checking package vignettes in 'inst/doc' ... OK
* checking running R code from vignettes ... SKIPPED
* checking re-building of vignette outputs ... SKIPPED
* checking PDF version of manual ... OK
* DONE
Status: 1 WARNING, 1 NOTE
See
'D:/biocbuild/bbs-3.15-bioc/meat/BaalChIP.Rcheck/00check.log'
for details.
BaalChIP.Rcheck/00install.out
##############################################################################
##############################################################################
###
### Running command:
###
### D:\biocbuild\bbs-3.15-bioc\R\bin\R.exe CMD INSTALL BaalChIP
###
##############################################################################
##############################################################################
* installing to library 'D:/biocbuild/bbs-3.15-bioc/R/library'
* installing *source* package 'BaalChIP' ...
** using staged installation
** R
** data
*** moving datasets to lazyload DB
** inst
** byte-compile and prepare package for lazy loading
** help
*** installing help indices
converting help for package 'BaalChIP'
finding HTML links ... done
BaalChIP html
BaalChIP.get html
BaalChIP.report html
BaalChIP.run html
BaalObject html
ENCODEexample html
FAIREexample html
QCfilter html
UniqueMappability50bp_hg19 html
adjustmentBaalPlot html
alleleCounts html
blacklist_hg19 html
filter1allele html
filterIntbias html
getASB html
mergePerGroup html
pickrell2011cov1_hg19 html
plotQC html
plotSimul html
summaryASB html
summaryQC html
** building package indices
** installing vignettes
** testing if installed package can be loaded from temporary location
** testing if installed package can be loaded from final location
** testing if installed package keeps a record of temporary installation path
* DONE (BaalChIP)
Making 'packages.html' ... done
BaalChIP.Rcheck/tests/runTests.Rout
R Under development (unstable) (2021-11-21 r81221) -- "Unsuffered Consequences"
Copyright (C) 2021 The R Foundation for Statistical Computing
Platform: x86_64-w64-mingw32/x64 (64-bit)
R is free software and comes with ABSOLUTELY NO WARRANTY.
You are welcome to redistribute it under certain conditions.
Type 'license()' or 'licence()' for distribution details.
R is a collaborative project with many contributors.
Type 'contributors()' for more information and
'citation()' on how to cite R or R packages in publications.
Type 'demo()' for some demos, 'help()' for on-line help, or
'help.start()' for an HTML browser interface to help.
Type 'q()' to quit R.
> BiocGenerics:::testPackage("BaalChIP")
Attaching package: 'BiocGenerics'
The following objects are masked from 'package:stats':
IQR, mad, sd, var, xtabs
The following objects are masked from 'package:base':
Filter, Find, Map, Position, Reduce, anyDuplicated, append,
as.data.frame, basename, cbind, colnames, dirname, do.call,
duplicated, eval, evalq, get, grep, grepl, intersect, is.unsorted,
lapply, mapply, match, mget, order, paste, pmax, pmax.int, pmin,
pmin.int, rank, rbind, rownames, sapply, setdiff, sort, table,
tapply, union, unique, unsplit, which.max, which.min
Attaching package: 'S4Vectors'
The following objects are masked from 'package:base':
I, expand.grid, unname
Attaching package: 'IRanges'
The following object is masked from 'package:grDevices':
windows
Attaching package: 'Biostrings'
The following object is masked from 'package:base':
strsplit
RUNIT TEST PROTOCOL -- Thu Mar 17 18:36:21 2022
***********************************************
Number of test functions: 1
Number of errors: 0
Number of failures: 0
1 Test Suite :
BaalChIP RUnit Tests - 1 test function, 0 errors, 0 failures
Number of test functions: 1
Number of errors: 0
Number of failures: 0
>
> proc.time()
user system elapsed
6.59 0.59 7.17
BaalChIP.Rcheck/BaalChIP-Ex.timings
| name | user | system | elapsed | |
| BaalChIP | 0.04 | 0.00 | 0.03 | |
| BaalChIP.get | 0.06 | 0.00 | 0.06 | |
| BaalChIP.report | 0.01 | 0.00 | 0.02 | |
| BaalChIP.run | 12.93 | 3.49 | 116.72 | |
| QCfilter | 6.45 | 1.72 | 8.31 | |
| adjustmentBaalPlot | 0.45 | 0.00 | 0.45 | |
| alleleCounts | 2.46 | 0.09 | 2.60 | |
| filter1allele | 6.68 | 2.00 | 8.69 | |
| filterIntbias | 3.78 | 0.42 | 4.20 | |
| getASB | 3.63 | 0.44 | 111.36 | |
| mergePerGroup | 8.76 | 2.78 | 11.54 | |
| plotQC | 1.13 | 0.03 | 1.15 | |
| plotSimul | 0.09 | 0.01 | 0.11 | |
| summaryASB | 0 | 0 | 0 | |
| summaryQC | 0.02 | 0.02 | 0.03 | |