| Back to Multiple platform build/check report for BioC 3.15 |
|
This page was generated on 2022-10-19 13:21:12 -0400 (Wed, 19 Oct 2022).
| Hostname | OS | Arch (*) | R version | Installed pkgs |
|---|---|---|---|---|
| nebbiolo1 | Linux (Ubuntu 20.04.5 LTS) | x86_64 | 4.2.1 (2022-06-23) -- "Funny-Looking Kid" | 4386 |
| palomino3 | Windows Server 2022 Datacenter | x64 | 4.2.1 (2022-06-23 ucrt) -- "Funny-Looking Kid" | 4138 |
| merida1 | macOS 10.14.6 Mojave | x86_64 | 4.2.1 (2022-06-23) -- "Funny-Looking Kid" | 4205 |
| Click on any hostname to see more info about the system (e.g. compilers) (*) as reported by 'uname -p', except on Windows and Mac OS X | ||||
|
To the developers/maintainers of the BRGenomics package: - Please allow up to 24 hours (and sometimes 48 hours) for your latest push to git@git.bioconductor.org:packages/BRGenomics.git to reflect on this report. See How and When does the builder pull? When will my changes propagate? for more information. - Make sure to use the following settings in order to reproduce any error or warning you see on this page. |
| Package 222/2140 | Hostname | OS / Arch | INSTALL | BUILD | CHECK | BUILD BIN | ||||||||
| BRGenomics 1.8.0 (landing page) Mike DeBerardine
| nebbiolo1 | Linux (Ubuntu 20.04.5 LTS) / x86_64 | OK | OK | WARNINGS | |||||||||
| palomino3 | Windows Server 2022 Datacenter / x64 | OK | OK | WARNINGS | OK | |||||||||
| merida1 | macOS 10.14.6 Mojave / x86_64 | OK | OK | WARNINGS | OK | |||||||||
| Package: BRGenomics |
| Version: 1.8.0 |
| Command: F:\biocbuild\bbs-3.15-bioc\R\bin\R.exe CMD check --no-multiarch --install=check:BRGenomics.install-out.txt --library=F:\biocbuild\bbs-3.15-bioc\R\library --no-vignettes --timings BRGenomics_1.8.0.tar.gz |
| StartedAt: 2022-10-18 22:33:31 -0400 (Tue, 18 Oct 2022) |
| EndedAt: 2022-10-18 22:40:27 -0400 (Tue, 18 Oct 2022) |
| EllapsedTime: 415.9 seconds |
| RetCode: 0 |
| Status: WARNINGS |
| CheckDir: BRGenomics.Rcheck |
| Warnings: 1 |
##############################################################################
##############################################################################
###
### Running command:
###
### F:\biocbuild\bbs-3.15-bioc\R\bin\R.exe CMD check --no-multiarch --install=check:BRGenomics.install-out.txt --library=F:\biocbuild\bbs-3.15-bioc\R\library --no-vignettes --timings BRGenomics_1.8.0.tar.gz
###
##############################################################################
##############################################################################
* using log directory 'F:/biocbuild/bbs-3.15-bioc/meat/BRGenomics.Rcheck'
* using R version 4.2.1 (2022-06-23 ucrt)
* using platform: x86_64-w64-mingw32 (64-bit)
* using session charset: UTF-8
* using option '--no-vignettes'
* checking for file 'BRGenomics/DESCRIPTION' ... OK
* checking extension type ... Package
* this is package 'BRGenomics' version '1.8.0'
* package encoding: UTF-8
* checking package namespace information ... OK
* checking package dependencies ... OK
* checking if this is a source package ... OK
* checking if there is a namespace ... OK
* checking for hidden files and directories ... OK
* checking for portable file names ... OK
* checking whether package 'BRGenomics' can be installed ... OK
* checking installed package size ... OK
* checking package directory ... OK
* checking 'build' directory ... OK
* checking DESCRIPTION meta-information ... OK
* checking top-level files ... OK
* checking for left-over files ... OK
* checking index information ... OK
* checking package subdirectories ... OK
* checking R files for non-ASCII characters ... OK
* checking R files for syntax errors ... OK
* checking whether the package can be loaded ... OK
* checking whether the package can be loaded with stated dependencies ... OK
* checking whether the package can be unloaded cleanly ... OK
* checking whether the namespace can be loaded with stated dependencies ... OK
* checking whether the namespace can be unloaded cleanly ... OK
* checking dependencies in R code ... OK
* checking S3 generic/method consistency ... OK
* checking replacement functions ... OK
* checking foreign function calls ... OK
* checking R code for possible problems ... OK
* checking Rd files ... OK
* checking Rd metadata ... OK
* checking Rd cross-references ... WARNING
Missing link or links in documentation object 'getCountsByRegions.Rd':
'[rtracklayer:export]{rtracklayer::import.bw}'
Missing link or links in documentation object 'import-functions.Rd':
'[rtracklayer:export]{rtracklayer::import}'
See section 'Cross-references' in the 'Writing R Extensions' manual.
* checking for missing documentation entries ... OK
* checking for code/documentation mismatches ... OK
* checking Rd \usage sections ... OK
* checking Rd contents ... OK
* checking for unstated dependencies in examples ... OK
* checking contents of 'data' directory ... OK
* checking data for non-ASCII characters ... OK
* checking data for ASCII and uncompressed saves ... OK
* checking files in 'vignettes' ... OK
* checking examples ... OK
Examples with CPU (user + system) or elapsed time > 5s
user system elapsed
getDESeqResults 13.96 0.05 14
* checking for unstated dependencies in 'tests' ... OK
* checking tests ...
Running 'testthat.R'
OK
* checking for unstated dependencies in vignettes ... OK
* checking package vignettes in 'inst/doc' ... OK
* checking running R code from vignettes ... SKIPPED
* checking re-building of vignette outputs ... SKIPPED
* checking PDF version of manual ... OK
* DONE
Status: 1 WARNING
See
'F:/biocbuild/bbs-3.15-bioc/meat/BRGenomics.Rcheck/00check.log'
for details.
BRGenomics.Rcheck/00install.out
############################################################################## ############################################################################## ### ### Running command: ### ### F:\biocbuild\bbs-3.15-bioc\R\bin\R.exe CMD INSTALL BRGenomics ### ############################################################################## ############################################################################## * installing to library 'F:/biocbuild/bbs-3.15-bioc/R/library' * installing *source* package 'BRGenomics' ... ** using staged installation ** R ** data ** inst ** byte-compile and prepare package for lazy loading ** help *** installing help indices ** building package indices ** installing vignettes ** testing if installed package can be loaded from temporary location ** testing if installed package can be loaded from final location ** testing if installed package keeps a record of temporary installation path * DONE (BRGenomics)
BRGenomics.Rcheck/tests/testthat.Rout
R version 4.2.1 (2022-06-23 ucrt) -- "Funny-Looking Kid"
Copyright (C) 2022 The R Foundation for Statistical Computing
Platform: x86_64-w64-mingw32/x64 (64-bit)
R is free software and comes with ABSOLUTELY NO WARRANTY.
You are welcome to redistribute it under certain conditions.
Type 'license()' or 'licence()' for distribution details.
R is a collaborative project with many contributors.
Type 'contributors()' for more information and
'citation()' on how to cite R or R packages in publications.
Type 'demo()' for some demos, 'help()' for on-line help, or
'help.start()' for an HTML browser interface to help.
Type 'q()' to quit R.
> Sys.setenv("R_TESTS" = "")
> library(testthat)
> library(BRGenomics)
Loading required package: rtracklayer
Loading required package: GenomicRanges
Loading required package: stats4
Loading required package: BiocGenerics
Attaching package: 'BiocGenerics'
The following objects are masked from 'package:stats':
IQR, mad, sd, var, xtabs
The following objects are masked from 'package:base':
Filter, Find, Map, Position, Reduce, anyDuplicated, append,
as.data.frame, basename, cbind, colnames, dirname, do.call,
duplicated, eval, evalq, get, grep, grepl, intersect, is.unsorted,
lapply, mapply, match, mget, order, paste, pmax, pmax.int, pmin,
pmin.int, rank, rbind, rownames, sapply, setdiff, sort, table,
tapply, union, unique, unsplit, which.max, which.min
Loading required package: S4Vectors
Attaching package: 'S4Vectors'
The following objects are masked from 'package:base':
I, expand.grid, unname
Loading required package: IRanges
Attaching package: 'IRanges'
The following object is masked from 'package:grDevices':
windows
Loading required package: GenomeInfoDb
>
> test_check("BRGenomics")
[ FAIL 0 | WARN 0 | SKIP 0 | PASS 562 ]
>
> proc.time()
user system elapsed
130.96 4.90 136.04
BRGenomics.Rcheck/BRGenomics-Ex.timings
| name | user | system | elapsed | |
| applyNFsGRanges | 0.24 | 0.06 | 0.30 | |
| binNDimensions | 0.42 | 0.08 | 0.50 | |
| bootstrap-signal-by-position | 0.43 | 0.05 | 0.49 | |
| genebodies | 0.14 | 0.01 | 0.15 | |
| getCountsByPositions | 0.49 | 0.02 | 0.50 | |
| getCountsByRegions | 0.15 | 0.01 | 0.17 | |
| getDESeqDataSet | 0.64 | 0.02 | 0.66 | |
| getDESeqResults | 13.96 | 0.05 | 14.00 | |
| getMaxPositionsBySignal | 0.32 | 0.00 | 0.31 | |
| getPausingIndices | 0.57 | 0.03 | 0.61 | |
| getSpikeInCounts | 0.25 | 0.00 | 0.25 | |
| getSpikeInNFs | 0.60 | 0.00 | 0.59 | |
| getStrandedCoverage | 0.90 | 0.00 | 0.91 | |
| import-functions | 0.41 | 0.09 | 0.50 | |
| import_bam | 0.59 | 0.00 | 0.59 | |
| intersectByGene | 0.93 | 0.02 | 0.94 | |
| makeGRangesBRG | 0 | 0 | 0 | |
| mergeGRangesData | 1.38 | 0.00 | 1.38 | |
| mergeReplicates | 0.86 | 0.03 | 0.89 | |
| subsampleBySpikeIn | 0.57 | 0.00 | 0.58 | |
| subsampleGRanges | 0.07 | 0.01 | 0.08 | |
| subsetRegionsBySignal | 0.61 | 0.02 | 0.62 | |
| tidyChromosomes | 0.65 | 0.09 | 0.75 | |