| Back to Multiple platform build/check report for BioC 3.15 |
|
This page was generated on 2022-10-19 13:21:04 -0400 (Wed, 19 Oct 2022).
| Hostname | OS | Arch (*) | R version | Installed pkgs |
|---|---|---|---|---|
| nebbiolo1 | Linux (Ubuntu 20.04.5 LTS) | x86_64 | 4.2.1 (2022-06-23) -- "Funny-Looking Kid" | 4386 |
| palomino3 | Windows Server 2022 Datacenter | x64 | 4.2.1 (2022-06-23 ucrt) -- "Funny-Looking Kid" | 4138 |
| merida1 | macOS 10.14.6 Mojave | x86_64 | 4.2.1 (2022-06-23) -- "Funny-Looking Kid" | 4205 |
| Click on any hostname to see more info about the system (e.g. compilers) (*) as reported by 'uname -p', except on Windows and Mac OS X | ||||
|
To the developers/maintainers of the ADImpute package: - Please allow up to 24 hours (and sometimes 48 hours) for your latest push to git@git.bioconductor.org:packages/ADImpute.git to reflect on this report. See How and When does the builder pull? When will my changes propagate? for more information. - Make sure to use the following settings in order to reproduce any error or warning you see on this page. |
| Package 19/2140 | Hostname | OS / Arch | INSTALL | BUILD | CHECK | BUILD BIN | ||||||||
| ADImpute 1.6.0 (landing page) Ana Carolina Leote
| nebbiolo1 | Linux (Ubuntu 20.04.5 LTS) / x86_64 | OK | OK | WARNINGS | |||||||||
| palomino3 | Windows Server 2022 Datacenter / x64 | OK | OK | WARNINGS | OK | |||||||||
| merida1 | macOS 10.14.6 Mojave / x86_64 | OK | OK | WARNINGS | OK | |||||||||
| Package: ADImpute |
| Version: 1.6.0 |
| Command: F:\biocbuild\bbs-3.15-bioc\R\bin\R.exe CMD check --no-multiarch --install=check:ADImpute.install-out.txt --library=F:\biocbuild\bbs-3.15-bioc\R\library --no-vignettes --timings ADImpute_1.6.0.tar.gz |
| StartedAt: 2022-10-18 21:50:31 -0400 (Tue, 18 Oct 2022) |
| EndedAt: 2022-10-18 21:53:22 -0400 (Tue, 18 Oct 2022) |
| EllapsedTime: 171.8 seconds |
| RetCode: 0 |
| Status: WARNINGS |
| CheckDir: ADImpute.Rcheck |
| Warnings: 1 |
##############################################################################
##############################################################################
###
### Running command:
###
### F:\biocbuild\bbs-3.15-bioc\R\bin\R.exe CMD check --no-multiarch --install=check:ADImpute.install-out.txt --library=F:\biocbuild\bbs-3.15-bioc\R\library --no-vignettes --timings ADImpute_1.6.0.tar.gz
###
##############################################################################
##############################################################################
* using log directory 'F:/biocbuild/bbs-3.15-bioc/meat/ADImpute.Rcheck'
* using R version 4.2.1 (2022-06-23 ucrt)
* using platform: x86_64-w64-mingw32 (64-bit)
* using session charset: UTF-8
* using option '--no-vignettes'
* checking for file 'ADImpute/DESCRIPTION' ... OK
* checking extension type ... Package
* this is package 'ADImpute' version '1.6.0'
* package encoding: UTF-8
* checking package namespace information ... OK
* checking package dependencies ... OK
* checking if this is a source package ... OK
* checking if there is a namespace ... OK
* checking for hidden files and directories ... OK
* checking for portable file names ... OK
* checking whether package 'ADImpute' can be installed ... OK
* checking installed package size ... OK
* checking package directory ... OK
* checking 'build' directory ... OK
* checking DESCRIPTION meta-information ... OK
* checking top-level files ... OK
* checking for left-over files ... OK
* checking index information ... OK
* checking package subdirectories ... OK
* checking R files for non-ASCII characters ... OK
* checking R files for syntax errors ... OK
* checking whether the package can be loaded ... OK
* checking whether the package can be loaded with stated dependencies ... OK
* checking whether the package can be unloaded cleanly ... OK
* checking whether the namespace can be loaded with stated dependencies ... OK
* checking whether the namespace can be unloaded cleanly ... OK
* checking dependencies in R code ... WARNING
'::' or ':::' imports not declared from:
'SCRABBLE' 'scImpute'
* checking S3 generic/method consistency ... OK
* checking replacement functions ... OK
* checking foreign function calls ... OK
* checking R code for possible problems ... OK
* checking Rd files ... OK
* checking Rd metadata ... OK
* checking Rd cross-references ... OK
* checking for missing documentation entries ... OK
* checking for code/documentation mismatches ... OK
* checking Rd \usage sections ... OK
* checking Rd contents ... OK
* checking for unstated dependencies in examples ... OK
* checking contents of 'data' directory ... OK
* checking data for non-ASCII characters ... OK
* checking LazyData ... OK
* checking data for ASCII and uncompressed saves ... OK
* checking files in 'vignettes' ... OK
* checking examples ... OK
Examples with CPU (user + system) or elapsed time > 5s
user system elapsed
Impute 0.81 0.09 5.46
* checking for unstated dependencies in 'tests' ... OK
* checking tests ...
Running 'testthat.R'
OK
* checking for unstated dependencies in vignettes ... OK
* checking package vignettes in 'inst/doc' ... OK
* checking running R code from vignettes ... SKIPPED
* checking re-building of vignette outputs ... SKIPPED
* checking PDF version of manual ... OK
* DONE
Status: 1 WARNING
See
'F:/biocbuild/bbs-3.15-bioc/meat/ADImpute.Rcheck/00check.log'
for details.
ADImpute.Rcheck/00install.out
############################################################################## ############################################################################## ### ### Running command: ### ### F:\biocbuild\bbs-3.15-bioc\R\bin\R.exe CMD INSTALL ADImpute ### ############################################################################## ############################################################################## * installing to library 'F:/biocbuild/bbs-3.15-bioc/R/library' * installing *source* package 'ADImpute' ... ** using staged installation ** R ** data *** moving datasets to lazyload DB ** inst ** byte-compile and prepare package for lazy loading ** help *** installing help indices ** building package indices ** installing vignettes ** testing if installed package can be loaded from temporary location ** testing if installed package can be loaded from final location ** testing if installed package keeps a record of temporary installation path * DONE (ADImpute)
ADImpute.Rcheck/tests/testthat.Rout
R version 4.2.1 (2022-06-23 ucrt) -- "Funny-Looking Kid"
Copyright (C) 2022 The R Foundation for Statistical Computing
Platform: x86_64-w64-mingw32/x64 (64-bit)
R is free software and comes with ABSOLUTELY NO WARRANTY.
You are welcome to redistribute it under certain conditions.
Type 'license()' or 'licence()' for distribution details.
R is a collaborative project with many contributors.
Type 'contributors()' for more information and
'citation()' on how to cite R or R packages in publications.
Type 'demo()' for some demos, 'help()' for on-line help, or
'help.start()' for an HTML browser interface to help.
Type 'q()' to quit R.
> library(testthat)
> library(ADImpute)
>
> test_check("ADImpute")
Calculating Spearman distance.
Calculating Pearson distance.
Clustering for k : 10
Clustering for k : 11
Clustering for k : 12
Clustering for k : 13
Clustering for k : 14
Clustering for k : 15
cls object have 12 number of clustering sets.
Zero percentage :
Before impute : 76 percent.
After impute : 31 percent.
46 percent of zeros are imputed.
Calculating Spearman distance.
Calculating Pearson distance.
Clustering for k : 10
Clustering for k : 11
Clustering for k : 12
Clustering for k : 13
Clustering for k : 14
Clustering for k : 15
cls object have 12 number of clustering sets.
Zero percentage :
Before impute : 84 percent.
After impute : 59 percent.
25 percent of zeros are imputed.
Calculating Spearman distance.
Calculating Pearson distance.
Clustering for k : 10
Clustering for k : 11
Clustering for k : 12
Clustering for k : 13
Clustering for k : 14
Clustering for k : 15
cls object have 12 number of clustering sets.
Zero percentage :
Before impute : 84 percent.
After impute : 63 percent.
22 percent of zeros are imputed.
Calculating Spearman distance.
Calculating Pearson distance.
Clustering for k : 10
Clustering for k : 11
Clustering for k : 12
Clustering for k : 13
Clustering for k : 14
Clustering for k : 15
cls object have 12 number of clustering sets.
Zero percentage :
Before impute : 76 percent.
After impute : 42 percent.
34 percent of zeros are imputed.
Calculating Spearman distance.
Calculating Pearson distance.
Clustering for k : 10
Clustering for k : 11
Clustering for k : 12
Clustering for k : 13
Clustering for k : 14
Clustering for k : 15
cls object have 12 number of clustering sets.
Zero percentage :
Before impute : 76 percent.
After impute : 47 percent.
30 percent of zeros are imputed.
[ FAIL 0 | WARN 8 | SKIP 0 | PASS 134 ]
[ FAIL 0 | WARN 8 | SKIP 0 | PASS 134 ]
>
> proc.time()
user system elapsed
56.64 2.00 98.04
ADImpute.Rcheck/ADImpute-Ex.timings
| name | user | system | elapsed | |
| EvaluateMethods | 2.33 | 0.12 | 2.45 | |
| Impute | 0.81 | 0.09 | 5.46 | |
| NormalizeRPM | 0 | 0 | 0 | |
| NormalizeTPM | 1.23 | 0.06 | 1.30 | |
| WriteCSV | 0.02 | 0.00 | 0.01 | |
| WriteTXT | 0 | 0 | 0 | |