| Back to Multiple platform build/check report for BioC 3.14 |
|
This page was generated on 2022-04-13 12:05:29 -0400 (Wed, 13 Apr 2022).
| Hostname | OS | Arch (*) | R version | Installed pkgs |
|---|---|---|---|---|
| nebbiolo2 | Linux (Ubuntu 20.04.4 LTS) | x86_64 | 4.1.3 (2022-03-10) -- "One Push-Up" | 4324 |
| tokay2 | Windows Server 2012 R2 Standard | x64 | 4.1.3 (2022-03-10) -- "One Push-Up" | 4077 |
| machv2 | macOS 10.14.6 Mojave | x86_64 | 4.1.3 (2022-03-10) -- "One Push-Up" | 4137 |
| Click on any hostname to see more info about the system (e.g. compilers) (*) as reported by 'uname -p', except on Windows and Mac OS X | ||||
|
To the developers/maintainers of the igvR package: - Please allow up to 24 hours (and sometimes 48 hours) for your latest push to git@git.bioconductor.org:packages/igvR.git to reflect on this report. See How and When does the builder pull? When will my changes propagate? for more information. - Make sure to use the following settings in order to reproduce any error or warning you see on this page. |
| Package 917/2083 | Hostname | OS / Arch | INSTALL | BUILD | CHECK | BUILD BIN | ||||||||
| igvR 1.14.0 (landing page) Paul Shannon
| nebbiolo2 | Linux (Ubuntu 20.04.4 LTS) / x86_64 | OK | OK | WARNINGS | |||||||||
| tokay2 | Windows Server 2012 R2 Standard / x64 | OK | OK | WARNINGS | OK | |||||||||
| machv2 | macOS 10.14.6 Mojave / x86_64 | OK | OK | WARNINGS | OK | |||||||||
| Package: igvR |
| Version: 1.14.0 |
| Command: /home/biocbuild/bbs-3.14-bioc/R/bin/R CMD check --install=check:igvR.install-out.txt --library=/home/biocbuild/bbs-3.14-bioc/R/library --no-vignettes --timings igvR_1.14.0.tar.gz |
| StartedAt: 2022-04-12 07:51:38 -0400 (Tue, 12 Apr 2022) |
| EndedAt: 2022-04-12 07:56:36 -0400 (Tue, 12 Apr 2022) |
| EllapsedTime: 298.5 seconds |
| RetCode: 0 |
| Status: WARNINGS |
| CheckDir: igvR.Rcheck |
| Warnings: 2 |
##############################################################################
##############################################################################
###
### Running command:
###
### /home/biocbuild/bbs-3.14-bioc/R/bin/R CMD check --install=check:igvR.install-out.txt --library=/home/biocbuild/bbs-3.14-bioc/R/library --no-vignettes --timings igvR_1.14.0.tar.gz
###
##############################################################################
##############################################################################
* using log directory ‘/home/biocbuild/bbs-3.14-bioc/meat/igvR.Rcheck’
* using R version 4.1.3 (2022-03-10)
* using platform: x86_64-pc-linux-gnu (64-bit)
* using session charset: UTF-8
* using option ‘--no-vignettes’
* checking for file ‘igvR/DESCRIPTION’ ... OK
* checking extension type ... Package
* this is package ‘igvR’ version ‘1.14.0’
* package encoding: UTF-8
* checking package namespace information ... OK
* checking package dependencies ... OK
* checking if this is a source package ... OK
* checking if there is a namespace ... OK
* checking for hidden files and directories ... OK
* checking for portable file names ... OK
* checking for sufficient/correct file permissions ... OK
* checking whether package ‘igvR’ can be installed ... OK
* checking installed package size ... NOTE
installed size is 11.3Mb
sub-directories of 1Mb or more:
browserCode 8.8Mb
extdata 2.0Mb
* checking package directory ... OK
* checking ‘build’ directory ... OK
* checking DESCRIPTION meta-information ... OK
* checking top-level files ... OK
* checking for left-over files ... OK
* checking index information ... OK
* checking package subdirectories ... OK
* checking R files for non-ASCII characters ... OK
* checking R files for syntax errors ... OK
* checking whether the package can be loaded ... OK
* checking whether the package can be loaded with stated dependencies ... OK
* checking whether the package can be unloaded cleanly ... OK
* checking whether the namespace can be loaded with stated dependencies ... OK
* checking whether the namespace can be unloaded cleanly ... WARNING
---- unloading
Error in .mergeMethodsTable(generic, mtable, tt, attach) :
trying to get slot "defined" from an object of a basic class ("environment") with no slots
Calls: unloadNamespace ... <Anonymous> -> .updateMethodsInTable -> .mergeMethodsTable
Execution halted
* checking dependencies in R code ... OK
* checking S3 generic/method consistency ... OK
* checking replacement functions ... OK
* checking foreign function calls ... OK
* checking R code for possible problems ... OK
* checking Rd files ... OK
* checking Rd metadata ... OK
* checking Rd cross-references ... OK
* checking for missing documentation entries ... OK
* checking for code/documentation mismatches ... OK
* checking Rd \usage sections ... OK
* checking Rd contents ... OK
* checking for unstated dependencies in examples ... OK
* checking include directives in Makefiles ... OK
* checking files in ‘vignettes’ ... OK
* checking examples ... OK
* checking for unstated dependencies in vignettes ... OK
* checking package vignettes in ‘inst/doc’ ... WARNING
Found ‘inst/doc/makefile’: should be ‘Makefile’ and will be ignored
* checking running R code from vignettes ... SKIPPED
* checking re-building of vignette outputs ... SKIPPED
* checking PDF version of manual ... OK
* DONE
Status: 2 WARNINGs, 1 NOTE
See
‘/home/biocbuild/bbs-3.14-bioc/meat/igvR.Rcheck/00check.log’
for details.
igvR.Rcheck/00install.out
##############################################################################
##############################################################################
###
### Running command:
###
### /home/biocbuild/bbs-3.14-bioc/R/bin/R CMD INSTALL igvR
###
##############################################################################
##############################################################################
* installing to library ‘/home/biocbuild/bbs-3.14-bioc/R/library’
* installing *source* package ‘igvR’ ...
** using staged installation
** R
** inst
** byte-compile and prepare package for lazy loading
See system.file("LICENSE", package="MotifDb") for use restrictions.
** help
*** installing help indices
** building package indices
** installing vignettes
** testing if installed package can be loaded from temporary location
See system.file("LICENSE", package="MotifDb") for use restrictions.
** testing if installed package can be loaded from final location
See system.file("LICENSE", package="MotifDb") for use restrictions.
** testing if installed package keeps a record of temporary installation path
* DONE (igvR)
igvR.Rcheck/igvR-Ex.timings
| name | user | system | elapsed | |
| BedpeInteractionsTrack-class | 0.011 | 0.000 | 0.010 | |
| DataFrameAnnotationTrack-class | 0.009 | 0.000 | 0.010 | |
| DataFrameQuantitativeTrack-class | 0.005 | 0.000 | 0.005 | |
| GRangesAnnotationTrack-class | 0.063 | 0.000 | 0.063 | |
| GRangesQuantitativeTrack-class | 0.034 | 0.000 | 0.034 | |
| GenomicAlignmentTrack-class | 0.172 | 0.000 | 0.172 | |
| UCSCBedAnnotationTrack-class | 0.373 | 0.000 | 0.373 | |
| UCSCBedGraphQuantitativeTrack-class | 0.098 | 0.008 | 0.106 | |
| VariantTrack-class | 0.475 | 0.068 | 0.543 | |
| displayTrack | 0.000 | 0.000 | 0.001 | |
| enableMotifLogoPopups | 0.000 | 0.000 | 0.001 | |
| getGenomicRegion | 0 | 0 | 0 | |
| getSupportedGenomes | 0 | 0 | 0 | |
| getTrackNames | 0 | 0 | 0 | |
| igvR-class | 0.001 | 0.000 | 0.000 | |
| ping | 0 | 0 | 0 | |
| removeTracksByName | 0.001 | 0.000 | 0.001 | |
| setCustomGenome | 0 | 0 | 0 | |
| setGenome | 0 | 0 | 0 | |
| showGenomicRegion | 0.001 | 0.000 | 0.000 | |
| trackInfo | 0.001 | 0.000 | 0.001 | |
| trackSize-DataFrameAnnotationTrack-method | 0.004 | 0.000 | 0.004 | |
| trackSize-UCSCBedAnnotationTrack-method | 0.123 | 0.020 | 0.143 | |