| Back to Multiple platform build/check report for BioC 3.14 |
|
This page was generated on 2022-04-13 12:08:02 -0400 (Wed, 13 Apr 2022).
| Hostname | OS | Arch (*) | R version | Installed pkgs |
|---|---|---|---|---|
| nebbiolo2 | Linux (Ubuntu 20.04.4 LTS) | x86_64 | 4.1.3 (2022-03-10) -- "One Push-Up" | 4324 |
| tokay2 | Windows Server 2012 R2 Standard | x64 | 4.1.3 (2022-03-10) -- "One Push-Up" | 4077 |
| machv2 | macOS 10.14.6 Mojave | x86_64 | 4.1.3 (2022-03-10) -- "One Push-Up" | 4137 |
| Click on any hostname to see more info about the system (e.g. compilers) (*) as reported by 'uname -p', except on Windows and Mac OS X | ||||
|
To the developers/maintainers of the GeneAnswers package: - Please allow up to 24 hours (and sometimes 48 hours) for your latest push to git@git.bioconductor.org:packages/GeneAnswers.git to reflect on this report. See How and When does the builder pull? When will my changes propagate? for more information. - Make sure to use the following settings in order to reproduce any error or warning you see on this page. |
| Package 717/2083 | Hostname | OS / Arch | INSTALL | BUILD | CHECK | BUILD BIN | ||||||||
Lei Huang
| nebbiolo2 | Linux (Ubuntu 20.04.4 LTS) / x86_64 | OK | OK | WARNINGS | |||||||||
| tokay2 | Windows Server 2012 R2 Standard / x64 | OK | OK | WARNINGS | OK | |||||||||
| machv2 | macOS 10.14.6 Mojave / x86_64 | OK | OK | TIMEOUT | OK | |||||||||
| Package: GeneAnswers |
| Version: 2.36.0 |
| Command: /Library/Frameworks/R.framework/Resources/bin/R CMD check --install=check:GeneAnswers.install-out.txt --library=/Library/Frameworks/R.framework/Resources/library --no-vignettes --timings GeneAnswers_2.36.0.tar.gz |
| StartedAt: 2022-04-12 13:32:45 -0400 (Tue, 12 Apr 2022) |
| EndedAt: 2022-04-12 14:12:46 -0400 (Tue, 12 Apr 2022) |
| EllapsedTime: 2400.9 seconds |
| RetCode: None |
| Status: TIMEOUT |
| CheckDir: GeneAnswers.Rcheck |
| Warnings: NA |
##############################################################################
##############################################################################
###
### Running command:
###
### /Library/Frameworks/R.framework/Resources/bin/R CMD check --install=check:GeneAnswers.install-out.txt --library=/Library/Frameworks/R.framework/Resources/library --no-vignettes --timings GeneAnswers_2.36.0.tar.gz
###
##############################################################################
##############################################################################
* using log directory ‘/Users/biocbuild/bbs-3.14-bioc/meat/GeneAnswers.Rcheck’
* using R version 4.1.3 (2022-03-10)
* using platform: x86_64-apple-darwin17.0 (64-bit)
* using session charset: UTF-8
* using option ‘--no-vignettes’
* checking for file ‘GeneAnswers/DESCRIPTION’ ... OK
* checking extension type ... Package
* this is package ‘GeneAnswers’ version ‘2.36.0’
* checking package namespace information ... OK
* checking package dependencies ... NOTE
Depends: includes the non-default packages:
'igraph', 'KEGGREST', 'RCurl', 'annotate', 'Biobase', 'XML',
'RSQLite', 'MASS', 'Heatplus', 'RColorBrewer'
Adding so many packages to the search path is excessive and importing
selectively is preferable.
* checking if this is a source package ... OK
* checking if there is a namespace ... OK
* checking for hidden files and directories ... OK
* checking for portable file names ... OK
* checking for sufficient/correct file permissions ... OK
* checking whether package ‘GeneAnswers’ can be installed ... WARNING
Found the following significant warnings:
Warning: Package 'GeneAnswers' is deprecated and will be removed from
Warning: replacing previous import ‘stats::decompose’ by ‘igraph::decompose’ when loading ‘GeneAnswers’
Warning: replacing previous import ‘stats::spectrum’ by ‘igraph::spectrum’ when loading ‘GeneAnswers’
See ‘/Users/biocbuild/bbs-3.14-bioc/meat/GeneAnswers.Rcheck/00install.out’ for details.
* checking installed package size ... NOTE
installed size is 34.2Mb
sub-directories of 1Mb or more:
External 32.4Mb
data 1.0Mb
* checking package directory ... OK
* checking ‘build’ directory ... OK
* checking DESCRIPTION meta-information ... NOTE
Package listed in more than one of Depends, Imports, Suggests, Enhances:
‘annotate’
A package should be listed in only one of these fields.
* checking top-level files ... OK
* checking for left-over files ... OK
* checking index information ... OK
* checking package subdirectories ... OK
* checking R files for non-ASCII characters ... OK
* checking R files for syntax errors ... OK
* checking whether the package can be loaded ... OK
* checking whether the package can be loaded with stated dependencies ... OK
* checking whether the package can be unloaded cleanly ... OK
* checking whether the namespace can be loaded with stated dependencies ... OK
* checking whether the namespace can be unloaded cleanly ... OK
* checking dependencies in R code ... NOTE
'library' or 'require' calls to packages already attached by Depends:
‘Biobase’ ‘Heatplus’ ‘KEGGREST’ ‘MASS’ ‘RColorBrewer’ ‘XML’ ‘igraph’
Please remove these calls from your code.
'library' or 'require' calls in package code:
‘GO.db’ ‘biomaRt’ ‘reactome.db’
Please use :: or requireNamespace() instead.
See section 'Suggested packages' in the 'Writing R Extensions' manual.
* checking S3 generic/method consistency ... OK
* checking replacement functions ... OK
* checking foreign function calls ... OK
* checking R code for possible problems ... NOTE
File ‘GeneAnswers/R/zzz.R’:
.onLoad calls:
require(Biobase)
Package startup functions should not change the search path.
See section ‘Good practice’ in '?.onAttach'.
getHomoGeneIDs: no visible global function definition for ‘useMart’
getHomoGeneIDs: no visible global function definition for ‘getLDS’
getTotalGeneNumber: no visible global function definition for
‘count.mappedkeys’
getTotalGeneNumber: no visible global function definition for ‘toTable’
getTotalGeneNumber: no visible binding for global variable
‘reactomePATHNAME2ID’
Undefined global functions or variables:
count.mappedkeys getLDS reactomePATHNAME2ID toTable useMart
* checking Rd files ... OK
* checking Rd metadata ... OK
* checking Rd cross-references ... OK
* checking for missing documentation entries ... WARNING
Undocumented code objects:
‘queryKegg’
All user-level objects in a package should have documentation entries.
See chapter ‘Writing R documentation files’ in the ‘Writing R
Extensions’ manual.
* checking for code/documentation mismatches ... OK
* checking Rd \usage sections ... OK
* checking Rd contents ... OK
* checking for unstated dependencies in examples ... OK
* checking contents of ‘data’ directory ... OK
* checking data for non-ASCII characters ... OK
* checking data for ASCII and uncompressed saves ... OK
* checking sizes of PDF files under ‘inst/doc’ ... OK
* checking files in ‘vignettes’ ... OK
* checking examples ...
GeneAnswers.Rcheck/00install.out
############################################################################## ############################################################################## ### ### Running command: ### ### /Library/Frameworks/R.framework/Resources/bin/R CMD INSTALL GeneAnswers ### ############################################################################## ############################################################################## * installing to library ‘/Library/Frameworks/R.framework/Versions/4.1/Resources/library’ * installing *source* package ‘GeneAnswers’ ... ** using staged installation ** R ** data ** inst ** byte-compile and prepare package for lazy loading Warning: replacing previous import ‘stats::decompose’ by ‘igraph::decompose’ when loading ‘GeneAnswers’ Warning: replacing previous import ‘stats::spectrum’ by ‘igraph::spectrum’ when loading ‘GeneAnswers’ ** help *** installing help indices ** building package indices ** installing vignettes ** testing if installed package can be loaded from temporary location Warning: replacing previous import ‘stats::decompose’ by ‘igraph::decompose’ when loading ‘GeneAnswers’ Warning: replacing previous import ‘stats::spectrum’ by ‘igraph::spectrum’ when loading ‘GeneAnswers’ Warning: Package 'GeneAnswers' is deprecated and will be removed from Bioconductor version 3.15 ** testing if installed package can be loaded from final location Warning: replacing previous import ‘stats::decompose’ by ‘igraph::decompose’ when loading ‘GeneAnswers’ Warning: replacing previous import ‘stats::spectrum’ by ‘igraph::spectrum’ when loading ‘GeneAnswers’ Warning: Package 'GeneAnswers' is deprecated and will be removed from Bioconductor version 3.15 ** testing if installed package keeps a record of temporary installation path * DONE (GeneAnswers)
GeneAnswers.Rcheck/GeneAnswers-Ex.timings
| name | user | system | elapsed | |
| DO | 0.574 | 0.018 | 0.596 | |
| DOLite | 0.041 | 0.004 | 0.045 | |
| DOLiteTerm | 0.004 | 0.004 | 0.007 | |
| DmIALite | 0.096 | 0.004 | 0.099 | |
| GeneAnswers-class | 42.267 | 2.069 | 44.739 | |
| GeneAnswers-package | 41.508 | 0.874 | 42.471 | |
| HsIALite | 0.295 | 0.006 | 0.300 | |
| MmIALite | 0.011 | 0.003 | 0.014 | |
| RnIALite | 0.007 | 0.003 | 0.009 | |
| buildNet | 39.787 | 1.018 | 40.867 | |
| caBIO.PATHGenes | 0 | 0 | 0 | |
| caBIO2entrez | 0.000 | 0.000 | 0.001 | |
| categoryNet | 0.000 | 0.000 | 0.001 | |
| chartPlots | 0.073 | 0.033 | 0.141 | |
| drawTable | 364.756 | 1.343 | 522.129 | |
| entrez2caBIO | 0.000 | 0.001 | 0.000 | |
| geneAnnotationHeatmap | 0.002 | 0.000 | 0.002 | |
| geneAnswersBuilder | 39.281 | 0.748 | 40.131 | |
| geneAnswersChartPlots | 37.607 | 0.777 | 38.501 | |
| geneAnswersConceptNet | 38.511 | 0.555 | 39.158 | |
| geneAnswersConceptRelation | 39.780 | 0.962 | 40.908 | |
| geneAnswersConcepts | 38.811 | 1.004 | 42.418 | |
| geneAnswersHeatmap | 36.384 | 0.795 | 37.726 | |
| geneAnswersHomoMapping | 36.187 | 0.616 | 36.845 | |
| geneAnswersReadable | 67.701 | 1.847 | 69.635 | |
| geneAnswersSort | 36.535 | 0.799 | 37.404 | |
| geneConceptNet | 0 | 0 | 0 | |
| getCategoryList | 0.216 | 0.025 | 0.243 | |
| getCategoryTerms | 0 | 0 | 0 | |
| getConceptTable | 365.073 | 1.160 | 520.100 | |
| getConnectedGraph | 37.258 | 0.609 | 39.050 | |
| getDOLiteTerms | 0.005 | 0.003 | 0.008 | |
| getGOList | 20.503 | 1.264 | 23.427 | |
| getHomoGeneIDs | 0.283 | 0.007 | 0.291 | |
| getListGIF | 0 | 0 | 0 | |
| getMultiLayerGraphIDs | 38.326 | 0.765 | 39.126 | |
| getNextGOIDs | 0.112 | 0.004 | 0.116 | |
| getPATHList | 7.065 | 0.054 | 10.775 | |
| getPATHTerms | 0.371 | 0.003 | 0.629 | |
| getREACTOMEPATHList | 0 | 0 | 0 | |
| getREACTOMEPATHTerms | 0.000 | 0.001 | 0.000 | |
| getSingleLayerGraphIDs | 0.002 | 0.001 | 0.003 | |
| getSymbols | 0.034 | 0.002 | 0.037 | |
| getTotalGeneNumber | 0.398 | 0.005 | 0.404 | |
| getcaBIOPATHList | 0 | 0 | 0 | |
| getcaBIOPATHTerms | 0 | 0 | 0 | |