| Back to Multiple platform build/check report for BioC 3.14 | 
 | 
This page was generated on 2022-04-13 12:06:08 -0400 (Wed, 13 Apr 2022).
| Hostname | OS | Arch (*) | R version | Installed pkgs | 
|---|---|---|---|---|
| nebbiolo2 | Linux (Ubuntu 20.04.4 LTS) | x86_64 | 4.1.3 (2022-03-10) -- "One Push-Up" | 4324 | 
| tokay2 | Windows Server 2012 R2 Standard | x64 | 4.1.3 (2022-03-10) -- "One Push-Up" | 4077 | 
| machv2 | macOS 10.14.6 Mojave | x86_64 | 4.1.3 (2022-03-10) -- "One Push-Up" | 4137 | 
| Click on any hostname to see more info about the system (e.g. compilers) (*) as reported by 'uname -p', except on Windows and Mac OS X | ||||
| To the developers/maintainers of the ACME package: - Please allow up to 24 hours (and sometimes 48 hours) for your latest push to git@git.bioconductor.org:packages/ACME.git to reflect on this report. See How and When does the builder pull? When will my changes propagate? for more information. - Make sure to use the following settings in order to reproduce any error or warning you see on this page. | 
| Package 14/2083 | Hostname | OS / Arch | INSTALL | BUILD | CHECK | BUILD BIN | ||||||||
| ACME 2.50.0  (landing page) Sean Davis 
 | nebbiolo2 | Linux (Ubuntu 20.04.4 LTS) / x86_64 | OK | OK | WARNINGS |  | ||||||||
| tokay2 | Windows Server 2012 R2 Standard / x64 | OK | OK | WARNINGS | OK |  | ||||||||
| machv2 | macOS 10.14.6 Mojave / x86_64 | OK | OK | OK | OK |  | ||||||||
| Package: ACME | 
| Version: 2.50.0 | 
| Command: C:\Users\biocbuild\bbs-3.14-bioc\R\bin\R.exe CMD check --force-multiarch --install=check:ACME.install-out.txt --library=C:\Users\biocbuild\bbs-3.14-bioc\R\library --no-vignettes --timings ACME_2.50.0.tar.gz | 
| StartedAt: 2022-04-12 15:22:53 -0400 (Tue, 12 Apr 2022) | 
| EndedAt: 2022-04-12 15:25:19 -0400 (Tue, 12 Apr 2022) | 
| EllapsedTime: 146.3 seconds | 
| RetCode: 0 | 
| Status: WARNINGS | 
| CheckDir: ACME.Rcheck | 
| Warnings: 1 | 
##############################################################################
##############################################################################
###
### Running command:
###
###   C:\Users\biocbuild\bbs-3.14-bioc\R\bin\R.exe CMD check --force-multiarch --install=check:ACME.install-out.txt --library=C:\Users\biocbuild\bbs-3.14-bioc\R\library --no-vignettes --timings ACME_2.50.0.tar.gz
###
##############################################################################
##############################################################################
* using log directory 'C:/Users/biocbuild/bbs-3.14-bioc/meat/ACME.Rcheck'
* using R version 4.1.3 (2022-03-10)
* using platform: x86_64-w64-mingw32 (64-bit)
* using session charset: ISO8859-1
* using option '--no-vignettes'
* checking for file 'ACME/DESCRIPTION' ... OK
* this is package 'ACME' version '2.50.0'
* checking package namespace information ... OK
* checking package dependencies ... OK
* checking if this is a source package ... OK
* checking if there is a namespace ... OK
* checking for hidden files and directories ... OK
* checking for portable file names ... OK
* checking whether package 'ACME' can be installed ... WARNING
Found the following significant warnings:
  windowChisq.c:58:14: warning: suggest parentheses around comparison in operand of '&' [-Wparentheses]
  windowChisq.c:63:13: warning: suggest parentheses around comparison in operand of '&' [-Wparentheses]
  windowChisq.c:86:20: warning: initialization of 'void * (*)()' from incompatible pointer type 'struct SEXPREC * (*)(struct SEXPREC *, struct SEXPREC *, struct SEXPREC *, struct SEXPREC *, struct SEXPREC *)' [-Wincompatible-pointer-types]
See 'C:/Users/biocbuild/bbs-3.14-bioc/meat/ACME.Rcheck/00install.out' for details.
* checking installed package size ... NOTE
  installed size is 30.9Mb
  sub-directories of 1Mb or more:
    data      3.1Mb
    extdata  27.3Mb
* checking package directory ... OK
* checking 'build' directory ... OK
* checking DESCRIPTION meta-information ... OK
* checking top-level files ... OK
* checking for left-over files ... OK
* checking index information ... OK
* checking package subdirectories ... OK
* checking R files for non-ASCII characters ... OK
* checking R files for syntax errors ... OK
* loading checks for arch 'i386'
** checking whether the package can be loaded ... OK
** checking whether the package can be loaded with stated dependencies ... OK
** checking whether the package can be unloaded cleanly ... OK
** checking whether the namespace can be loaded with stated dependencies ... OK
** checking whether the namespace can be unloaded cleanly ... OK
* loading checks for arch 'x64'
** checking whether the package can be loaded ... OK
** checking whether the package can be loaded with stated dependencies ... OK
** checking whether the package can be unloaded cleanly ... OK
** checking whether the namespace can be loaded with stated dependencies ... OK
** checking whether the namespace can be unloaded cleanly ... OK
* checking dependencies in R code ... OK
* checking S3 generic/method consistency ... OK
* checking replacement functions ... OK
* checking foreign function calls ... OK
* checking R code for possible problems ... NOTE
.plotACMECalcSet: no visible global function definition for 'par'
.plotACMECalcSet: no visible global function definition for 'axis'
.plotACMECalcSet: no visible global function definition for 'abline'
.plotACMESet: no visible global function definition for 'par'
do.aGFF.calc: no visible global function definition for 'quantile'
findClosestGene: no visible binding for global variable 'refflat'
findClosestGene: no visible binding for '<<-' assignment to 'refflat'
findRegions : <anonymous>: no visible global function definition for
  'median'
getRefflat: no visible global function definition for 'download.file'
getRefflat: no visible global function definition for 'read.delim'
plotgff: no visible global function definition for 'par'
plotgffcalc: no visible global function definition for 'par'
plotgffcalc: no visible global function definition for 'axis'
plotgffcalc: no visible global function definition for 'abline'
read.resultsGFF: no visible global function definition for 'read.delim'
windowChisq: no visible global function definition for 'pchisq'
write.bedGraph: no visible global function definition for 'write.table'
write.sgr: no visible global function definition for 'write.table'
plot,ACMECalcSet: no visible global function definition for 'par'
plot,ACMECalcSet: no visible global function definition for 'axis'
plot,ACMECalcSet: no visible global function definition for 'abline'
plot,ACMESet: no visible global function definition for 'par'
plot,aGFF: no visible global function definition for 'par'
plot,aGFFCalc: no visible global function definition for 'par'
plot,aGFFCalc: no visible global function definition for 'axis'
plot,aGFFCalc: no visible global function definition for 'abline'
Undefined global functions or variables:
  abline axis download.file median par pchisq quantile read.delim
  refflat write.table
Consider adding
  importFrom("graphics", "abline", "axis", "par")
  importFrom("stats", "median", "pchisq", "quantile")
  importFrom("utils", "download.file", "read.delim", "write.table")
to your NAMESPACE file.
* checking Rd files ... OK
* checking Rd metadata ... OK
* checking Rd cross-references ... OK
* checking for missing documentation entries ... OK
* checking for code/documentation mismatches ... OK
* checking Rd \usage sections ... OK
* checking Rd contents ... OK
* checking for unstated dependencies in examples ... OK
* checking contents of 'data' directory ... OK
* checking data for non-ASCII characters ... OK
* checking data for ASCII and uncompressed saves ... OK
* checking line endings in C/C++/Fortran sources/headers ... OK
* checking compiled code ... NOTE
Note: information on .o files for i386 is not available
Note: information on .o files for x64 is not available
File 'C:/Users/biocbuild/bbs-3.14-bioc/R/library/ACME/libs/i386/ACME.dll':
  Found 'abort', possibly from 'abort' (C), 'runtime' (Fortran)
File 'C:/Users/biocbuild/bbs-3.14-bioc/R/library/ACME/libs/x64/ACME.dll':
  Found 'abort', possibly from 'abort' (C), 'runtime' (Fortran)
Compiled code should not call entry points which might terminate R nor
write to stdout/stderr instead of to the console, nor use Fortran I/O
nor system RNGs. The detected symbols are linked into the code but
might come from libraries and not actually be called.
See 'Writing portable packages' in the 'Writing R Extensions' manual.
* checking files in 'vignettes' ... OK
* checking examples ...
** running examples for arch 'i386' ... OK
Examples with CPU (user + system) or elapsed time > 5s
                user system elapsed
read.resultsGFF 4.89    0.1    6.37
** running examples for arch 'x64' ... OK
* checking for unstated dependencies in vignettes ... OK
* checking package vignettes in 'inst/doc' ... OK
* checking running R code from vignettes ... SKIPPED
* checking re-building of vignette outputs ... SKIPPED
* checking PDF version of manual ... OK
* DONE
Status: 1 WARNING, 3 NOTEs
See
  'C:/Users/biocbuild/bbs-3.14-bioc/meat/ACME.Rcheck/00check.log'
for details.
ACME.Rcheck/00install.out
##############################################################################
##############################################################################
###
### Running command:
###
###   C:\cygwin\bin\curl.exe -O http://155.52.207.166/BBS/3.14/bioc/src/contrib/ACME_2.50.0.tar.gz && rm -rf ACME.buildbin-libdir && mkdir ACME.buildbin-libdir && C:\Users\biocbuild\bbs-3.14-bioc\R\bin\R.exe CMD INSTALL --merge-multiarch --build --library=ACME.buildbin-libdir ACME_2.50.0.tar.gz && C:\Users\biocbuild\bbs-3.14-bioc\R\bin\R.exe CMD INSTALL ACME_2.50.0.zip && rm ACME_2.50.0.tar.gz ACME_2.50.0.zip
###
##############################################################################
##############################################################################
  % Total    % Received % Xferd  Average Speed   Time    Time     Time  Current
                                 Dload  Upload   Total   Spent    Left  Speed
  0     0    0     0    0     0      0      0 --:--:-- --:--:-- --:--:--     0
  1 9442k    1  152k    0     0   708k      0  0:00:13 --:--:--  0:00:13  707k
 23 9442k   23 2263k    0     0  1892k      0  0:00:04  0:00:01  0:00:03 1892k
 56 9442k   56 5356k    0     0  2439k      0  0:00:03  0:00:02  0:00:01 2439k
 99 9442k   99 9369k    0     0  2907k      0  0:00:03  0:00:03 --:--:-- 2907k
100 9442k  100 9442k    0     0  2925k      0  0:00:03  0:00:03 --:--:-- 2925k
install for i386
* installing *source* package 'ACME' ...
** using staged installation
** libs
"C:/rtools40/mingw32/bin/"gcc  -I"C:/Users/BIOCBU~1/BBS-3~1.14-/R/include" -DNDEBUG     -I"C:/extsoft/include"     -O2 -Wall  -std=gnu99 -mfpmath=sse -msse2 -mstackrealign  -c windowChisq.c -o windowChisq.o
windowChisq.c: In function 'windowChisq':
windowChisq.c:58:14: warning: suggest parentheses around comparison in operand of '&' [-Wparentheses]
    firstprobe>0) {
    ~~~~~~~~~~^~
windowChisq.c:63:13: warning: suggest parentheses around comparison in operand of '&' [-Wparentheses]
    lastprobe<(na-1)) {
    ~~~~~~~~~^~~~~~~
windowChisq.c:21:11: warning: unused variable 'xa' [-Wunused-variable]
   double *xa,*xlocations,*xchivals;
           ^~
windowChisq.c: At top level:
windowChisq.c:86:20: warning: initialization of 'void * (*)()' from incompatible pointer type 'struct SEXPREC * (*)(struct SEXPREC *, struct SEXPREC *, struct SEXPREC *, struct SEXPREC *, struct SEXPREC *)' [-Wincompatible-pointer-types]
     {"windowChisq",&windowChisq,5},
                    ^
windowChisq.c:86:20: note: (near initialization for 'callMethods[0].fun')
C:/rtools40/mingw32/bin/gcc -shared -s -static-libgcc -o ACME.dll tmp.def windowChisq.o -LC:/extsoft/lib/i386 -LC:/extsoft/lib -LC:/Users/BIOCBU~1/BBS-3~1.14-/R/bin/i386 -lR
installing to C:/Users/biocbuild/bbs-3.14-bioc/meat/ACME.buildbin-libdir/00LOCK-ACME/00new/ACME/libs/i386
** R
** data
** inst
** byte-compile and prepare package for lazy loading
** help
*** installing help indices
  converting help for package 'ACME'
    finding HTML links ... done
    ACMECalcSet-class                       html  
    finding level-2 HTML links ... done
    ACMESet-class                           html  
    aGFF-class                              html  
    aGFFCalc-class                          html  
    do.aGFF.calc                            html  
    example.agff                            html  
    findClosestGene                         html  
    findRegions                             html  
    generics                                html  
    getRefflat                              html  
    read.resultsGFF                         html  
    write.bedGraph                          html  
    write.sgr                               html  
** building package indices
** installing vignettes
** testing if installed package can be loaded from temporary location
** testing if installed package can be loaded from final location
** testing if installed package keeps a record of temporary installation path
install for x64
* installing *source* package 'ACME' ...
** libs
"C:/rtools40/mingw64/bin/"gcc  -I"C:/Users/BIOCBU~1/BBS-3~1.14-/R/include" -DNDEBUG     -I"C:/extsoft/include"     -O2 -Wall  -std=gnu99 -mfpmath=sse -msse2 -mstackrealign  -c windowChisq.c -o windowChisq.o
windowChisq.c: In function 'windowChisq':
windowChisq.c:58:14: warning: suggest parentheses around comparison in operand of '&' [-Wparentheses]
    firstprobe>0) {
    ~~~~~~~~~~^~
windowChisq.c:63:13: warning: suggest parentheses around comparison in operand of '&' [-Wparentheses]
    lastprobe<(na-1)) {
    ~~~~~~~~~^~~~~~~
windowChisq.c:21:11: warning: unused variable 'xa' [-Wunused-variable]
   double *xa,*xlocations,*xchivals;
           ^~
windowChisq.c: At top level:
windowChisq.c:86:20: warning: initialization of 'void * (*)()' from incompatible pointer type 'struct SEXPREC * (*)(struct SEXPREC *, struct SEXPREC *, struct SEXPREC *, struct SEXPREC *, struct SEXPREC *)' [-Wincompatible-pointer-types]
     {"windowChisq",&windowChisq,5},
                    ^
windowChisq.c:86:20: note: (near initialization for 'callMethods[0].fun')
C:/rtools40/mingw64/bin/gcc -shared -s -static-libgcc -o ACME.dll tmp.def windowChisq.o -LC:/extsoft/lib/x64 -LC:/extsoft/lib -LC:/Users/BIOCBU~1/BBS-3~1.14-/R/bin/x64 -lR
installing to C:/Users/biocbuild/bbs-3.14-bioc/meat/ACME.buildbin-libdir/ACME/libs/x64
** testing if installed package can be loaded
* MD5 sums
packaged installation of 'ACME' as ACME_2.50.0.zip
* DONE (ACME)
* installing to library 'C:/Users/biocbuild/bbs-3.14-bioc/R/library'
package 'ACME' successfully unpacked and MD5 sums checked
| ACME.Rcheck/examples_i386/ACME-Ex.timings 
 | ACME.Rcheck/examples_x64/ACME-Ex.timings 
 |