| Back to Multiple platform build/check report for BioC 3.12 |
|
This page was generated on 2021-05-06 12:28:41 -0400 (Thu, 06 May 2021).
|
To the developers/maintainers of the psichomics package: Please make sure to use the following settings in order to reproduce any error or warning you see on this page. |
| Package 1408/1974 | Hostname | OS / Arch | INSTALL | BUILD | CHECK | BUILD BIN | ||||||||
| psichomics 1.16.0 (landing page) Nuno Saraiva-Agostinho
| malbec1 | Linux (Ubuntu 18.04.5 LTS) / x86_64 | OK | OK | ERROR | |||||||||
| tokay1 | Windows Server 2012 R2 Standard / x64 | OK | OK | ERROR | OK | |||||||||
| merida1 | macOS 10.14.6 Mojave / x86_64 | OK | OK | OK | OK | |||||||||
| Package: psichomics |
| Version: 1.16.0 |
| Command: /home/biocbuild/bbs-3.12-bioc/R/bin/R CMD check --install=check:psichomics.install-out.txt --library=/home/biocbuild/bbs-3.12-bioc/R/library --no-vignettes --timings psichomics_1.16.0.tar.gz |
| StartedAt: 2021-05-06 04:47:22 -0400 (Thu, 06 May 2021) |
| EndedAt: 2021-05-06 04:55:52 -0400 (Thu, 06 May 2021) |
| EllapsedTime: 510.0 seconds |
| RetCode: 1 |
| Status: ERROR |
| CheckDir: psichomics.Rcheck |
| Warnings: NA |
##############################################################################
##############################################################################
###
### Running command:
###
### /home/biocbuild/bbs-3.12-bioc/R/bin/R CMD check --install=check:psichomics.install-out.txt --library=/home/biocbuild/bbs-3.12-bioc/R/library --no-vignettes --timings psichomics_1.16.0.tar.gz
###
##############################################################################
##############################################################################
* using log directory ‘/home/biocbuild/bbs-3.12-bioc/meat/psichomics.Rcheck’
* using R version 4.0.5 (2021-03-31)
* using platform: x86_64-pc-linux-gnu (64-bit)
* using session charset: UTF-8
* using option ‘--no-vignettes’
* checking for file ‘psichomics/DESCRIPTION’ ... OK
* this is package ‘psichomics’ version ‘1.16.0’
* package encoding: UTF-8
* checking package namespace information ... OK
* checking package dependencies ... OK
* checking if this is a source package ... OK
* checking if there is a namespace ... OK
* checking for hidden files and directories ... OK
* checking for portable file names ... OK
* checking for sufficient/correct file permissions ... OK
* checking whether package ‘psichomics’ can be installed ... OK
* checking installed package size ... OK
* checking package directory ... OK
* checking ‘build’ directory ... OK
* checking DESCRIPTION meta-information ... OK
* checking top-level files ... OK
* checking for left-over files ... OK
* checking index information ... OK
* checking package subdirectories ... OK
* checking R files for non-ASCII characters ... OK
* checking R files for syntax errors ... OK
* checking whether the package can be loaded ... OK
* checking whether the package can be loaded with stated dependencies ... OK
* checking whether the package can be unloaded cleanly ... OK
* checking whether the namespace can be loaded with stated dependencies ... OK
* checking whether the namespace can be unloaded cleanly ... OK
* checking dependencies in R code ... OK
* checking S3 generic/method consistency ... OK
* checking replacement functions ... OK
* checking foreign function calls ... OK
* checking R code for possible problems ... OK
* checking Rd files ... OK
* checking Rd metadata ... OK
* checking Rd cross-references ... OK
* checking for missing documentation entries ... OK
* checking for code/documentation mismatches ... OK
* checking Rd \usage sections ... OK
* checking Rd contents ... OK
* checking for unstated dependencies in examples ... OK
* checking line endings in C/C++/Fortran sources/headers ... OK
* checking compiled code ... NOTE
Note: information on .o files is not available
* checking files in ‘vignettes’ ... OK
* checking examples ... ERROR
Running examples in ‘psichomics-Ex.R’ failed
The error most likely occurred in:
> base::assign(".ptime", proc.time(), pos = "CheckExEnv")
> ### Name: plotProtein
> ### Title: Plot protein features
> ### Aliases: plotProtein
>
> ### ** Examples
>
> protein <- "P38398"
> plotProtein(protein)
Error in curl::curl_fetch_memory(url, handle = handle) :
Timeout was reached: [www.uniprot.org] Operation timed out after 10920 milliseconds with 0 out of 0 bytes received
Calls: plotProtein ... request_fetch -> request_fetch.write_memory -> <Anonymous>
Execution halted
* checking for unstated dependencies in ‘tests’ ... OK
* checking tests ...
Running ‘spelling.R’
Running ‘testthat.R’
OK
* checking for unstated dependencies in vignettes ... OK
* checking package vignettes in ‘inst/doc’ ... OK
* checking running R code from vignettes ... SKIPPED
* checking re-building of vignette outputs ... SKIPPED
* checking PDF version of manual ... OK
* DONE
Status: 1 ERROR, 1 NOTE
See
‘/home/biocbuild/bbs-3.12-bioc/meat/psichomics.Rcheck/00check.log’
for details.
psichomics.Rcheck/00install.out
############################################################################## ############################################################################## ### ### Running command: ### ### /home/biocbuild/bbs-3.12-bioc/R/bin/R CMD INSTALL psichomics ### ############################################################################## ############################################################################## * installing to library ‘/home/biocbuild/bbs-3.12-bioc/R/library’ * installing *source* package ‘psichomics’ ... ** using staged installation ** libs g++ -std=gnu++11 -I"/home/biocbuild/bbs-3.12-bioc/R/include" -DNDEBUG -I'/home/biocbuild/bbs-3.12-bioc/R/library/Rcpp/include' -I/usr/local/include -fpic -g -O2 -Wall -c RcppExports.cpp -o RcppExports.o g++ -std=gnu++11 -I"/home/biocbuild/bbs-3.12-bioc/R/include" -DNDEBUG -I'/home/biocbuild/bbs-3.12-bioc/R/library/Rcpp/include' -I/usr/local/include -fpic -g -O2 -Wall -c psiFastCalc.cpp -o psiFastCalc.o g++ -std=gnu++11 -shared -L/home/biocbuild/bbs-3.12-bioc/R/lib -L/usr/local/lib -o psichomics.so RcppExports.o psiFastCalc.o -L/home/biocbuild/bbs-3.12-bioc/R/lib -lR installing to /home/biocbuild/bbs-3.12-bioc/R/library/00LOCK-psichomics/00new/psichomics/libs ** R ** inst ** byte-compile and prepare package for lazy loading Creating a generic function for ‘colSums’ from package ‘base’ in package ‘psichomics’ ** help *** installing help indices *** copying figures ** building package indices ** installing vignettes ** testing if installed package can be loaded from temporary location ** checking absolute paths in shared objects and dynamic libraries ** testing if installed package can be loaded from final location ** testing if installed package keeps a record of temporary installation path * DONE (psichomics)
psichomics.Rcheck/tests/spelling.Rout
R version 4.0.5 (2021-03-31) -- "Shake and Throw"
Copyright (C) 2021 The R Foundation for Statistical Computing
Platform: x86_64-pc-linux-gnu (64-bit)
R is free software and comes with ABSOLUTELY NO WARRANTY.
You are welcome to redistribute it under certain conditions.
Type 'license()' or 'licence()' for distribution details.
R is a collaborative project with many contributors.
Type 'contributors()' for more information and
'citation()' on how to cite R or R packages in publications.
Type 'demo()' for some demos, 'help()' for on-line help, or
'help.start()' for an HTML browser interface to help.
Type 'q()' to quit R.
> if(requireNamespace('spelling', quietly = TRUE))
+ spelling::spell_check_test(vignettes = TRUE, error = FALSE,
+ skip_on_cran = TRUE)
NULL
>
> proc.time()
user system elapsed
0.260 0.040 0.296
psichomics.Rcheck/tests/testthat.Rout
R version 4.0.5 (2021-03-31) -- "Shake and Throw"
Copyright (C) 2021 The R Foundation for Statistical Computing
Platform: x86_64-pc-linux-gnu (64-bit)
R is free software and comes with ABSOLUTELY NO WARRANTY.
You are welcome to redistribute it under certain conditions.
Type 'license()' or 'licence()' for distribution details.
R is a collaborative project with many contributors.
Type 'contributors()' for more information and
'citation()' on how to cite R or R packages in publications.
Type 'demo()' for some demos, 'help()' for on-line help, or
'help.start()' for an HTML browser interface to help.
Type 'q()' to quit R.
> library(testthat)
> library(psichomics)
Loading required package: shiny
Loading required package: shinyBS
Setting options('download.file.method.GEOquery'='auto')
Setting options('GEOquery.inmemory.gpl'=FALSE)
psichomics 1.16.0: start the visual interface by running psichomics()
Full documentation and tutorials at https://nuno-agostinho.github.io/psichomics
>
> test_check("psichomics")
| | 0%
|======== | 20%
|================ | 40%
|======================== | 60%
|================================ | 80%
|========================================| 100%
| | 0%
|======== | 20%
|================ | 40%
|======================== | 60%
|================================ | 80%
|========================================| 100%
| | 0%
|======== | 20%
|================ | 40%
|======================== | 60%
|================================ | 80%
|========================================| 100%
| | 0%
|======== | 20%
|================ | 40%
|======================== | 60%
|================================ | 80%
|========================================| 100%
Retrieving rMATS annotation...
Parsing rMATS annotation...
Retrieving rMATS annotation...
Parsing rMATS annotation...
Retrieving MISO annotation...
Parsing MISO annotation...
| | 0%
|======== | 20%
|================ | 40%
|======================== | 60%
|================================ | 80%
|========================================| 100%
| | 0%
|======== | 20%
|================ | 40%
|======================== | 60%
|================================ | 80%
|========================================| 100%
| | 0%
|======== | 20%
|================ | 40%
|======================== | 60%
|================================ | 80%
|========================================| 100%
| | 0%
|======== | 20%
|================ | 40%
|======================== | 60%
|================================ | 80%
|========================================| 100%
| | 0%
|======== | 20%
|================ | 40%
|======================== | 60%
|================================ | 80%
|========================================| 100%
| | 0%
|======== | 20%
|================ | 40%
|======================== | 60%
|================================ | 80%
|========================================| 100%
| | 0%
|======== | 20%
|================ | 40%
|======================== | 60%
|================================ | 80%
|========================================| 100%
| | 0%
|======== | 20%
|================ | 40%
|======================== | 60%
|================================ | 80%
|========================================| 100%
Retrieving SUPPA annotation...
Parsing SUPPA annotation...
Retrieving VAST-TOOLS annotation...
Parsing VAST-TOOLS annotation...
ALT3
ALT5
COMBI
EXSK
IR
MERGE3m
MIC
MULTI
══ Skipped tests ═══════════════════════════════════════════════════════════════
• Couldn't resolve host name (1)
• On Bioconductor (1)
• On CRAN (1)
[ FAIL 0 | WARN 0 | SKIP 3 | PASS 1390 ]
>
> proc.time()
user system elapsed
33.004 0.848 50.909
psichomics.Rcheck/psichomics-Ex.timings
| name | user | system | elapsed | |
| addObjectAttrs | 0.004 | 0.000 | 0.001 | |
| assignValuePerSubject | 0.016 | 0.012 | 0.040 | |
| blendColours | 0.000 | 0.000 | 0.001 | |
| calculateLoadingsContribution | 0.012 | 0.000 | 0.015 | |
| convertGeneIdentifiers | 0.564 | 0.028 | 0.591 | |
| correlateGEandAS | 0.028 | 0.004 | 0.030 | |
| createGroupByAttribute | 0.000 | 0.000 | 0.002 | |
| createJunctionsTemplate | 0.000 | 0.000 | 0.003 | |
| customRowMeans | 0.000 | 0.000 | 0.001 | |
| diffAnalyses | 0.128 | 0.008 | 0.136 | |
| downloadFiles | 0 | 0 | 0 | |
| ensemblToUniprot | 0.152 | 0.000 | 0.521 | |
| filterGeneExpr | 0.004 | 0.004 | 0.009 | |
| filterGroups | 0.004 | 0.000 | 0.001 | |
| filterPSI | 0.020 | 0.000 | 0.021 | |
| getAttributesTime | 0.004 | 0.000 | 0.005 | |
| getDownloadsFolder | 0.000 | 0.000 | 0.001 | |
| getFirebrowseDateFormat | 0 | 0 | 0 | |
| getGeneList | 0.004 | 0.000 | 0.022 | |
| getGtexDataTypes | 0.112 | 0.004 | 0.319 | |
| getGtexTissues | 0 | 0 | 0 | |
| getNumerics | 0.008 | 0.000 | 0.004 | |
| getSampleFromSubject | 0.000 | 0.000 | 0.002 | |
| getSplicingEventFromGenes | 0.008 | 0.000 | 0.006 | |
| getSplicingEventTypes | 0.000 | 0.000 | 0.001 | |
| getSubjectFromSample | 0 | 0 | 0 | |
| getTCGAdataTypes | 0.116 | 0.004 | 0.250 | |
| getValidEvents | 0.008 | 0.000 | 0.006 | |
| groupPerElem | 0.000 | 0.000 | 0.001 | |
| hchart.survfit | 0.376 | 0.020 | 0.432 | |
| isFirebrowseUp | 0.008 | 0.000 | 0.032 | |
| labelBasedOnCutoff | 0.000 | 0.000 | 0.001 | |
| leveneTest | 0.008 | 0.000 | 0.008 | |
| listAllAnnotations | 0.004 | 0.000 | 0.001 | |
| listSplicingAnnotations | 0.004 | 0.000 | 0.003 | |
| loadAnnotation | 0 | 0 | 0 | |
| loadGtexData | 0 | 0 | 0 | |
| loadLocalFiles | 0 | 0 | 0 | |
| loadTCGAdata | 0.016 | 0.000 | 0.043 | |
| missingDataModal | 0 | 0 | 0 | |
| normaliseGeneExpression | 0.024 | 0.004 | 0.029 | |
| optimalSurvivalCutoff | 0.208 | 0.000 | 0.208 | |
| parseCategoricalGroups | 0.000 | 0.000 | 0.001 | |
| parseFirebrowseMetadata | 0.076 | 0.004 | 0.224 | |
| parseMatsEvent | 0.008 | 0.000 | 0.008 | |
| parseMatsGeneric | 0.028 | 0.008 | 0.039 | |
| parseMisoAnnotation | 0.284 | 0.000 | 0.325 | |
| parseMisoEvent | 0.000 | 0.004 | 0.007 | |
| parseMisoEventID | 0.008 | 0.000 | 0.010 | |
| parseMisoGeneric | 0.056 | 0.000 | 0.058 | |
| parseMisoId | 0.000 | 0.000 | 0.001 | |
| parseSplicingEvent | 0.004 | 0.004 | 0.009 | |
| parseSuppaEvent | 0.008 | 0.000 | 0.006 | |
| parseSuppaGeneric | 0.036 | 0.000 | 0.035 | |
| parseTcgaSampleInfo | 0.000 | 0.004 | 0.090 | |
| parseUrlsFromFirebrowseResponse | 0.040 | 0.000 | 0.152 | |
| parseVastToolsEvent | 0.004 | 0.000 | 0.007 | |
| parseVastToolsSE | 0.024 | 0.000 | 0.022 | |
| performICA | 0.008 | 0.000 | 0.008 | |
| performPCA | 0.004 | 0.000 | 0.002 | |
| plot.GEandAScorrelation | 0.580 | 0.000 | 0.583 | |
| plotDistribution | 0.936 | 0.024 | 0.962 | |
| plotGeneExprPerSample | 0.104 | 0.004 | 0.109 | |
| plotGroupIndependence | 0.116 | 0.000 | 0.114 | |
| plotICA | 0.116 | 0.004 | 0.150 | |
| plotLibrarySize | 0.244 | 0.008 | 0.252 | |
| plotPCA | 0.524 | 0.016 | 0.540 | |
| plotPCAvariance | 0.072 | 0.008 | 0.082 | |