| Back to Multiple platform build/check report for BioC 3.12 |
|
This page was generated on 2021-05-06 12:28:27 -0400 (Thu, 06 May 2021).
|
To the developers/maintainers of the oneSENSE package: Please make sure to use the following settings in order to reproduce any error or warning you see on this page. |
| Package 1265/1974 | Hostname | OS / Arch | INSTALL | BUILD | CHECK | BUILD BIN | ||||||||
| oneSENSE 1.12.0 (landing page) Yong Kee Tan
| malbec1 | Linux (Ubuntu 18.04.5 LTS) / x86_64 | OK | OK | WARNINGS | |||||||||
| tokay1 | Windows Server 2012 R2 Standard / x64 | OK | OK | WARNINGS | OK | |||||||||
| merida1 | macOS 10.14.6 Mojave / x86_64 | OK | OK | WARNINGS | OK | |||||||||
| Package: oneSENSE |
| Version: 1.12.0 |
| Command: /home/biocbuild/bbs-3.12-bioc/R/bin/R CMD check --install=check:oneSENSE.install-out.txt --library=/home/biocbuild/bbs-3.12-bioc/R/library --no-vignettes --timings oneSENSE_1.12.0.tar.gz |
| StartedAt: 2021-05-06 04:11:24 -0400 (Thu, 06 May 2021) |
| EndedAt: 2021-05-06 04:12:48 -0400 (Thu, 06 May 2021) |
| EllapsedTime: 84.3 seconds |
| RetCode: 0 |
| Status: WARNINGS |
| CheckDir: oneSENSE.Rcheck |
| Warnings: 1 |
##############################################################################
##############################################################################
###
### Running command:
###
### /home/biocbuild/bbs-3.12-bioc/R/bin/R CMD check --install=check:oneSENSE.install-out.txt --library=/home/biocbuild/bbs-3.12-bioc/R/library --no-vignettes --timings oneSENSE_1.12.0.tar.gz
###
##############################################################################
##############################################################################
* using log directory ‘/home/biocbuild/bbs-3.12-bioc/meat/oneSENSE.Rcheck’
* using R version 4.0.5 (2021-03-31)
* using platform: x86_64-pc-linux-gnu (64-bit)
* using session charset: UTF-8
* using option ‘--no-vignettes’
* checking for file ‘oneSENSE/DESCRIPTION’ ... OK
* checking extension type ... Package
* this is package ‘oneSENSE’ version ‘1.12.0’
* package encoding: UTF-8
* checking package namespace information ... OK
* checking package dependencies ... OK
* checking if this is a source package ... OK
* checking if there is a namespace ... OK
* checking for hidden files and directories ... OK
* checking for portable file names ... OK
* checking for sufficient/correct file permissions ... OK
* checking whether package ‘oneSENSE’ can be installed ... OK
* checking installed package size ... OK
* checking package directory ... OK
* checking ‘build’ directory ... OK
* checking DESCRIPTION meta-information ... OK
* checking top-level files ... NOTE
File
LICENSE
is not mentioned in the DESCRIPTION file.
* checking for left-over files ... OK
* checking index information ... OK
* checking package subdirectories ... OK
* checking R files for non-ASCII characters ... OK
* checking R files for syntax errors ... OK
* checking whether the package can be loaded ... OK
* checking whether the package can be loaded with stated dependencies ... OK
* checking whether the package can be unloaded cleanly ... OK
* checking whether the namespace can be loaded with stated dependencies ... OK
* checking whether the namespace can be unloaded cleanly ... OK
* checking dependencies in R code ... OK
* checking S3 generic/method consistency ... OK
* checking replacement functions ... OK
* checking foreign function calls ... OK
* checking R code for possible problems ... OK
* checking Rd files ... OK
* checking Rd metadata ... OK
* checking Rd cross-references ... OK
* checking for missing documentation entries ... OK
* checking for code/documentation mismatches ... OK
* checking Rd \usage sections ... OK
* checking Rd contents ... OK
* checking for unstated dependencies in examples ... OK
* checking files in ‘vignettes’ ... OK
* checking examples ... WARNING
Found the following significant warnings:
Warning: 'export' is deprecated.
Deprecated functions may be defunct as soon as of the next release of
R.
See ?Deprecated.
Examples with CPU (user + system) or elapsed time > 5s
user system elapsed
OneSmapperFreq2 5.172 0.716 7.767
* checking for unstated dependencies in vignettes ... OK
* checking package vignettes in ‘inst/doc’ ... OK
* checking running R code from vignettes ... SKIPPED
* checking re-building of vignette outputs ... SKIPPED
* checking PDF version of manual ... OK
* DONE
Status: 1 WARNING, 1 NOTE
See
‘/home/biocbuild/bbs-3.12-bioc/meat/oneSENSE.Rcheck/00check.log’
for details.
oneSENSE.Rcheck/00install.out
############################################################################## ############################################################################## ### ### Running command: ### ### /home/biocbuild/bbs-3.12-bioc/R/bin/R CMD INSTALL oneSENSE ### ############################################################################## ############################################################################## * installing to library ‘/home/biocbuild/bbs-3.12-bioc/R/library’ * installing *source* package ‘oneSENSE’ ... ** using staged installation ** R ** inst ** byte-compile and prepare package for lazy loading ** help *** installing help indices ** building package indices ** installing vignettes ** testing if installed package can be loaded from temporary location ** testing if installed package can be loaded from final location ** testing if installed package keeps a record of temporary installation path * DONE (oneSENSE)
oneSENSE.Rcheck/oneSENSE-Ex.timings
| name | user | system | elapsed | |
| FCStSNE | 0.000 | 0.000 | 0.001 | |
| OneSmapperFlour | 0.128 | 0.060 | 0.649 | |
| OneSmapperFreq1 | 0.220 | 0.088 | 0.328 | |
| OneSmapperFreq2 | 5.172 | 0.716 | 7.767 | |
| getCoords | 0.10 | 0.08 | 0.18 | |
| getParameters | 0.016 | 0.000 | 0.015 | |
| oneSENSE_GUI | 0 | 0 | 0 | |