| Back to Multiple platform build/check report for BioC 3.12 |
|
This page was generated on 2021-05-06 12:28:06 -0400 (Thu, 06 May 2021).
|
To the developers/maintainers of the lumi package: Please make sure to use the following settings in order to reproduce any error or warning you see on this page. |
| Package 978/1974 | Hostname | OS / Arch | INSTALL | BUILD | CHECK | BUILD BIN | ||||||||
| lumi 2.42.0 (landing page) Lei Huang
| malbec1 | Linux (Ubuntu 18.04.5 LTS) / x86_64 | OK | OK | WARNINGS | |||||||||
| tokay1 | Windows Server 2012 R2 Standard / x64 | OK | OK | WARNINGS | OK | |||||||||
| merida1 | macOS 10.14.6 Mojave / x86_64 | OK | OK | WARNINGS | OK | |||||||||
| Package: lumi |
| Version: 2.42.0 |
| Command: /home/biocbuild/bbs-3.12-bioc/R/bin/R CMD check --install=check:lumi.install-out.txt --library=/home/biocbuild/bbs-3.12-bioc/R/library --no-vignettes --timings lumi_2.42.0.tar.gz |
| StartedAt: 2021-05-06 03:00:11 -0400 (Thu, 06 May 2021) |
| EndedAt: 2021-05-06 03:09:10 -0400 (Thu, 06 May 2021) |
| EllapsedTime: 539.3 seconds |
| RetCode: 0 |
| Status: WARNINGS |
| CheckDir: lumi.Rcheck |
| Warnings: 3 |
##############################################################################
##############################################################################
###
### Running command:
###
### /home/biocbuild/bbs-3.12-bioc/R/bin/R CMD check --install=check:lumi.install-out.txt --library=/home/biocbuild/bbs-3.12-bioc/R/library --no-vignettes --timings lumi_2.42.0.tar.gz
###
##############################################################################
##############################################################################
* using log directory ‘/home/biocbuild/bbs-3.12-bioc/meat/lumi.Rcheck’
* using R version 4.0.5 (2021-03-31)
* using platform: x86_64-pc-linux-gnu (64-bit)
* using session charset: UTF-8
* using option ‘--no-vignettes’
* checking for file ‘lumi/DESCRIPTION’ ... OK
* checking extension type ... Package
* this is package ‘lumi’ version ‘2.42.0’
* checking package namespace information ... OK
* checking package dependencies ... OK
* checking if this is a source package ... OK
* checking if there is a namespace ... OK
* checking for hidden files and directories ... OK
* checking for portable file names ... OK
* checking for sufficient/correct file permissions ... OK
* checking whether package ‘lumi’ can be installed ... OK
* checking installed package size ... OK
* checking package directory ... OK
* checking DESCRIPTION meta-information ... OK
* checking top-level files ... OK
* checking for left-over files ... OK
* checking index information ... OK
* checking package subdirectories ... OK
* checking R files for non-ASCII characters ... OK
* checking R files for syntax errors ... OK
* checking whether the package can be loaded ... OK
* checking whether the package can be loaded with stated dependencies ... OK
* checking whether the package can be unloaded cleanly ... OK
* checking whether the namespace can be loaded with stated dependencies ... OK
* checking whether the namespace can be unloaded cleanly ... OK
* checking dependencies in R code ... WARNING
'::' or ':::' imports not declared from:
‘IRanges’ ‘bigmemoryExtras’
* checking S3 generic/method consistency ... OK
* checking replacement functions ... OK
* checking foreign function calls ... OK
* checking R code for possible problems ... OK
* checking Rd files ... OK
* checking Rd metadata ... OK
* checking Rd cross-references ... WARNING
Missing link or links in documentation object 'lumiN.Rd':
‘[vsn]{vsn}’
See section 'Cross-references' in the 'Writing R Extensions' manual.
* checking for missing documentation entries ... OK
* checking for code/documentation mismatches ... OK
* checking Rd \usage sections ... OK
* checking Rd contents ... OK
* checking for unstated dependencies in examples ... OK
* checking contents of ‘data’ directory ... OK
* checking data for non-ASCII characters ... OK
* checking data for ASCII and uncompressed saves ... OK
* checking files in ‘vignettes’ ... WARNING
Files in the 'vignettes' directory but no files in 'inst/doc':
‘IlluminaAnnotation.R’, ‘IlluminaAnnotation.pdf’, ‘lumi.R’,
‘lumi.pdf’, ‘lumi_VST_evaluation.R’, ‘lumi_VST_evaluation.pdf’,
‘methylationAnalysis.R’, ‘methylationAnalysis.pdf’
Package has no Sweave vignette sources and no VignetteBuilder field.
* checking examples ... OK
Examples with CPU (user + system) or elapsed time > 5s
user system elapsed
lumiMethyStatus 56.520 0.044 56.695
nuID2IlluminaID 5.852 0.004 5.863
MAplot-methods 5.540 0.008 5.561
getChipInfo 5.160 0.116 5.585
* checking PDF version of manual ... OK
* DONE
Status: 3 WARNINGs
See
‘/home/biocbuild/bbs-3.12-bioc/meat/lumi.Rcheck/00check.log’
for details.
lumi.Rcheck/00install.out
############################################################################## ############################################################################## ### ### Running command: ### ### /home/biocbuild/bbs-3.12-bioc/R/bin/R CMD INSTALL lumi ### ############################################################################## ############################################################################## * installing to library ‘/home/biocbuild/bbs-3.12-bioc/R/library’ * installing *source* package ‘lumi’ ... ** using staged installation ** R ** data ** inst ** byte-compile and prepare package for lazy loading No methods found in package ‘RSQLite’ for request: ‘dbListFields’ when loading ‘lumi’ ** help *** installing help indices ** building package indices ** installing vignettes ** testing if installed package can be loaded from temporary location No methods found in package ‘RSQLite’ for request: ‘dbListFields’ when loading ‘lumi’ ** testing if installed package can be loaded from final location No methods found in package ‘RSQLite’ for request: ‘dbListFields’ when loading ‘lumi’ ** testing if installed package keeps a record of temporary installation path * DONE (lumi)
lumi.Rcheck/lumi-Ex.timings
| name | user | system | elapsed | |
| LumiBatch-class | 1.484 | 0.072 | 1.570 | |
| MAplot-methods | 5.540 | 0.008 | 5.561 | |
| addAnnotationInfo | 0.084 | 0.000 | 0.088 | |
| addControlData2lumi | 0 | 0 | 0 | |
| addNuID2lumi | 0 | 0 | 0 | |
| adjColorBias.quantile | 2.212 | 0.008 | 2.226 | |
| adjColorBias.ssn | 0.580 | 0.008 | 0.590 | |
| bgAdjust | 0.112 | 0.000 | 0.113 | |
| bgAdjustMethylation | 0.224 | 0.008 | 0.229 | |
| boxplot-MethyLumiM-methods | 0.740 | 0.000 | 0.743 | |
| boxplot-methods | 0.140 | 0.004 | 0.144 | |
| boxplotColorBias | 0.204 | 0.004 | 0.207 | |
| density-methods | 0.14 | 0.00 | 0.14 | |
| detectOutlier | 0.148 | 0.004 | 0.152 | |
| detectionCall | 0.224 | 0.004 | 0.229 | |
| estimateBeta | 0.256 | 0.000 | 0.255 | |
| estimateIntensity | 0.284 | 0.004 | 0.287 | |
| estimateLumiCV | 0.156 | 0.004 | 0.158 | |
| estimateM | 0.700 | 0.004 | 0.708 | |
| estimateMethylationBG | 0.188 | 0.000 | 0.198 | |
| example.lumi | 0.076 | 0.000 | 0.075 | |
| example.lumiMethy | 0.060 | 0.000 | 0.058 | |
| example.methyTitration | 0.196 | 0.004 | 0.203 | |
| gammaFitEM | 2.808 | 0.000 | 2.814 | |
| getChipInfo | 5.160 | 0.116 | 5.585 | |
| getControlData | 0.000 | 0.000 | 0.001 | |
| getControlProbe | 0.004 | 0.000 | 0.001 | |
| getControlType | 0 | 0 | 0 | |
| getNuIDMappingInfo | 1.344 | 0.024 | 1.383 | |
| hist-methods | 0.160 | 0.008 | 0.167 | |
| id2seq | 0.004 | 0.000 | 0.001 | |
| inverseVST | 1.808 | 0.024 | 1.842 | |
| is.nuID | 0 | 0 | 0 | |
| lumiB | 0.120 | 0.004 | 0.123 | |
| lumiExpresso | 0.320 | 0.004 | 0.330 | |
| lumiMethyB | 0.084 | 0.004 | 0.088 | |
| lumiMethyC | 1.092 | 0.032 | 1.128 | |
| lumiMethyN | 0.108 | 0.004 | 0.120 | |
| lumiMethyStatus | 56.520 | 0.044 | 56.695 | |
| lumiN | 0.412 | 0.004 | 0.423 | |
| lumiQ | 0.308 | 0.012 | 0.319 | |
| lumiR | 0 | 0 | 0 | |
| lumiR.batch | 0 | 0 | 0 | |
| lumiT | 0.348 | 0.004 | 0.351 | |
| methylationCall | 2.752 | 0.008 | 2.765 | |
| normalizeMethylation.quantile | 0.144 | 0.000 | 0.148 | |
| normalizeMethylation.ssn | 0.132 | 0.000 | 0.132 | |
| nuID2EntrezID | 0.708 | 0.000 | 0.712 | |
| nuID2IlluminaID | 5.852 | 0.004 | 5.863 | |
| nuID2RefSeqID | 1.124 | 0.000 | 1.123 | |
| nuID2probeID | 4.496 | 0.004 | 4.526 | |
| nuID2targetID | 3.664 | 0.004 | 3.673 | |
| pairs-methods | 1.060 | 0.004 | 1.067 | |
| plot-methods | 2.232 | 0.008 | 2.245 | |
| plotCDF | 0.212 | 0.004 | 0.215 | |
| plotColorBias1D | 0.288 | 0.000 | 0.288 | |
| plotColorBias2D | 0.264 | 0.000 | 0.266 | |
| plotControlData | 0.004 | 0.000 | 0.001 | |
| plotDensity | 0.168 | 0.004 | 0.176 | |
| plotGammaFit | 4.132 | 0.000 | 4.137 | |
| plotHousekeepingGene | 0.000 | 0.000 | 0.001 | |
| plotSampleRelation | 0.456 | 0.000 | 0.457 | |
| plotStringencyGene | 0.000 | 0.000 | 0.001 | |
| plotVST | 0.324 | 0.008 | 0.332 | |
| probeID2nuID | 4.040 | 0.004 | 4.046 | |
| produceGEOPlatformFile | 0 | 0 | 0 | |
| produceGEOSubmissionFile | 0 | 0 | 0 | |
| produceMethylationGEOSubmissionFile | 0 | 0 | 0 | |
| seq2id | 0 | 0 | 0 | |
| targetID2nuID | 4.416 | 0.004 | 4.424 | |
| vst | 0.272 | 0.004 | 0.277 | |