| Back to Multiple platform build/check report for BioC 3.12 |
|
This page was generated on 2021-05-06 12:27:09 -0400 (Thu, 06 May 2021).
|
To the developers/maintainers of the clippda package: Please make sure to use the following settings in order to reproduce any error or warning you see on this page. |
| Package 311/1974 | Hostname | OS / Arch | INSTALL | BUILD | CHECK | BUILD BIN | ||||||||
| clippda 1.40.0 (landing page) Stephen Nyangoma
| malbec1 | Linux (Ubuntu 18.04.5 LTS) / x86_64 | OK | OK | WARNINGS | |||||||||
| tokay1 | Windows Server 2012 R2 Standard / x64 | OK | OK | WARNINGS | OK | |||||||||
| merida1 | macOS 10.14.6 Mojave / x86_64 | ERROR | ERROR | skipped | skipped | |||||||||
| Package: clippda |
| Version: 1.40.0 |
| Command: /home/biocbuild/bbs-3.12-bioc/R/bin/R CMD check --install=check:clippda.install-out.txt --library=/home/biocbuild/bbs-3.12-bioc/R/library --no-vignettes --timings clippda_1.40.0.tar.gz |
| StartedAt: 2021-05-06 00:08:03 -0400 (Thu, 06 May 2021) |
| EndedAt: 2021-05-06 00:12:15 -0400 (Thu, 06 May 2021) |
| EllapsedTime: 252.2 seconds |
| RetCode: 0 |
| Status: WARNINGS |
| CheckDir: clippda.Rcheck |
| Warnings: 1 |
##############################################################################
##############################################################################
###
### Running command:
###
### /home/biocbuild/bbs-3.12-bioc/R/bin/R CMD check --install=check:clippda.install-out.txt --library=/home/biocbuild/bbs-3.12-bioc/R/library --no-vignettes --timings clippda_1.40.0.tar.gz
###
##############################################################################
##############################################################################
* using log directory ‘/home/biocbuild/bbs-3.12-bioc/meat/clippda.Rcheck’
* using R version 4.0.5 (2021-03-31)
* using platform: x86_64-pc-linux-gnu (64-bit)
* using session charset: UTF-8
* using option ‘--no-vignettes’
* checking for file ‘clippda/DESCRIPTION’ ... OK
* this is package ‘clippda’ version ‘1.40.0’
* checking package namespace information ... NOTE
Namespaces with empty importFrom:
‘Biobase’ ‘tools’
* checking package dependencies ... NOTE
Depends: includes the non-default packages:
'limma', 'statmod', 'rgl', 'lattice', 'scatterplot3d', 'Biobase',
'tools'
Adding so many packages to the search path is excessive and importing
selectively is preferable.
* checking if this is a source package ... OK
* checking if there is a namespace ... OK
* checking for hidden files and directories ... OK
* checking for portable file names ... OK
* checking for sufficient/correct file permissions ... OK
* checking whether package ‘clippda’ can be installed ... OK
* checking installed package size ... OK
* checking package directory ... OK
* checking ‘build’ directory ... OK
* checking DESCRIPTION meta-information ... OK
* checking top-level files ... OK
* checking for left-over files ... OK
* checking index information ... OK
* checking package subdirectories ... WARNING
Invalid citation information in ‘inst/CITATION’:
Error in bibentry(bibtype = entry, textVersion = textVersion, header = header, footer = footer, ...): argument "textVersion" is missing, with no default
* checking R files for non-ASCII characters ... OK
* checking R files for syntax errors ... OK
* checking whether the package can be loaded ... OK
* checking whether the package can be loaded with stated dependencies ... OK
* checking whether the package can be unloaded cleanly ... OK
* checking whether the namespace can be loaded with stated dependencies ... OK
* checking whether the namespace can be unloaded cleanly ... OK
* checking dependencies in R code ... NOTE
'library' or 'require' calls to packages already attached by Depends:
‘lattice’ ‘limma’ ‘rgl’ ‘scatterplot3d’ ‘statmod’
Please remove these calls from your code.
Packages in Depends field not imported from:
‘lattice’ ‘rgl’
These packages need to be imported from (in the NAMESPACE file)
for when this namespace is loaded but not attached.
* checking S3 generic/method consistency ... OK
* checking replacement functions ... OK
* checking foreign function calls ... OK
* checking R code for possible problems ... NOTE
ZvaluescasesVcontrolsPlots: no visible global function definition for
‘lines’
ZvaluescasesVcontrolsPlots: no visible global function definition for
‘legend’
ZvaluesfrommultinomPlots: no visible global function definition for
‘rmultinom’
ZvaluesfrommultinomPlots: no visible global function definition for
‘density’
ZvaluesfrommultinomPlots: no visible global function definition for
‘lines’
ZvaluesfrommultinomPlots: no visible global function definition for
‘legend’
ZvaluesfrommultinomPlots: no visible global function definition for
‘cloud’
ZvaluesfrommultinomPlots: no visible global function definition for
‘var’
Undefined global functions or variables:
cloud density legend lines rmultinom var
Consider adding
importFrom("graphics", "legend", "lines")
importFrom("stats", "density", "rmultinom", "var")
to your NAMESPACE file.
* checking Rd files ... OK
* checking Rd metadata ... OK
* checking Rd cross-references ... OK
* checking for missing documentation entries ... OK
* checking for code/documentation mismatches ... OK
* checking Rd \usage sections ... OK
* checking Rd contents ... OK
* checking for unstated dependencies in examples ... OK
* checking contents of ‘data’ directory ... OK
* checking data for non-ASCII characters ... OK
* checking data for ASCII and uncompressed saves ... OK
* checking files in ‘vignettes’ ... OK
* checking examples ... OK
Examples with CPU (user + system) or elapsed time > 5s
user system elapsed
clippda-package 91.896 0.108 92.136
sampleSize 55.852 0.040 55.962
sampleSizeParameters 25.324 0.020 25.392
sample_technicalVariance 7.368 0.004 7.388
* checking for unstated dependencies in vignettes ... OK
* checking package vignettes in ‘inst/doc’ ... OK
* checking running R code from vignettes ... SKIPPED
* checking re-building of vignette outputs ... SKIPPED
* checking PDF version of manual ... OK
* DONE
Status: 1 WARNING, 4 NOTEs
See
‘/home/biocbuild/bbs-3.12-bioc/meat/clippda.Rcheck/00check.log’
for details.
clippda.Rcheck/00install.out
############################################################################## ############################################################################## ### ### Running command: ### ### /home/biocbuild/bbs-3.12-bioc/R/bin/R CMD INSTALL clippda ### ############################################################################## ############################################################################## * installing to library ‘/home/biocbuild/bbs-3.12-bioc/R/library’ * installing *source* package ‘clippda’ ... ** using staged installation ** R ** data ** inst ** byte-compile and prepare package for lazy loading ** help *** installing help indices ** building package indices ** installing vignettes ** testing if installed package can be loaded from temporary location ** testing if installed package can be loaded from final location ** testing if installed package keeps a record of temporary installation path * DONE (clippda)
clippda.Rcheck/clippda-Ex.timings
| name | user | system | elapsed | |
| ZvaluescasesVcontrolsPlots | 0.012 | 0.000 | 0.009 | |
| ZvaluesfrommultinomPlots | 1.496 | 0.036 | 1.531 | |
| aclinicalProteomicsData-class | 0.084 | 0.004 | 0.089 | |
| aclinicalProteomicsData-methods | 0.420 | 0.180 | 0.602 | |
| betweensampleVariance | 2.116 | 0.020 | 2.136 | |
| checkNo.replicates | 0.112 | 0.000 | 0.113 | |
| clippda-package | 91.896 | 0.108 | 92.136 | |
| f | 0 | 0 | 0 | |
| fisherInformation | 0.068 | 0.000 | 0.066 | |
| liverRawData | 0.004 | 0.000 | 0.005 | |
| liver_pheno | 0.000 | 0.000 | 0.001 | |
| liverdata | 0.972 | 0.000 | 0.975 | |
| mostSimilarTwo | 0.004 | 0.000 | 0.002 | |
| negativeIntensitiesCorrection | 0.244 | 0.000 | 0.244 | |
| phenoDataFrame | 0.056 | 0.000 | 0.055 | |
| pheno_urine | 0.004 | 0.000 | 0.001 | |
| preProcRepeatedPeakData | 1.100 | 0.000 | 1.108 | |
| proteomicsExprsData | 0.132 | 0.000 | 0.130 | |
| proteomicspData | 0.056 | 0.000 | 0.056 | |
| replicateCorrelations | 3.924 | 0.000 | 3.926 | |
| sampleClusteredData | 0.216 | 0.000 | 0.215 | |
| sampleSize | 55.852 | 0.040 | 55.962 | |
| sampleSize3DscatterPlots | 0.020 | 0.000 | 0.018 | |
| sampleSizeContourPlots | 0.028 | 0.000 | 0.026 | |
| sampleSizeParameters | 25.324 | 0.020 | 25.392 | |
| sample_technicalVariance | 7.368 | 0.004 | 7.388 | |
| spectrumFilter | 0.872 | 0.000 | 0.874 | |
| ztwo | 0 | 0 | 0 | |