| Back to Multiple platform build/check report for BioC 3.12 |
|
This page was generated on 2021-05-06 12:29:16 -0400 (Thu, 06 May 2021).
|
To the developers/maintainers of the SpidermiR package: Please make sure to use the following settings in order to reproduce any error or warning you see on this page. |
| Package 1769/1974 | Hostname | OS / Arch | INSTALL | BUILD | CHECK | BUILD BIN | ||||||||
| SpidermiR 1.20.0 (landing page) Claudia Cava
| malbec1 | Linux (Ubuntu 18.04.5 LTS) / x86_64 | OK | OK | WARNINGS | |||||||||
| tokay1 | Windows Server 2012 R2 Standard / x64 | OK | OK | ERROR | OK | |||||||||
| merida1 | macOS 10.14.6 Mojave / x86_64 | OK | OK | ERROR | OK | |||||||||
| Package: SpidermiR |
| Version: 1.20.0 |
| Command: /home/biocbuild/bbs-3.12-bioc/R/bin/R CMD check --install=check:SpidermiR.install-out.txt --library=/home/biocbuild/bbs-3.12-bioc/R/library --no-vignettes --timings SpidermiR_1.20.0.tar.gz |
| StartedAt: 2021-05-06 06:18:04 -0400 (Thu, 06 May 2021) |
| EndedAt: 2021-05-06 06:24:05 -0400 (Thu, 06 May 2021) |
| EllapsedTime: 361.6 seconds |
| RetCode: 0 |
| Status: WARNINGS |
| CheckDir: SpidermiR.Rcheck |
| Warnings: 1 |
##############################################################################
##############################################################################
###
### Running command:
###
### /home/biocbuild/bbs-3.12-bioc/R/bin/R CMD check --install=check:SpidermiR.install-out.txt --library=/home/biocbuild/bbs-3.12-bioc/R/library --no-vignettes --timings SpidermiR_1.20.0.tar.gz
###
##############################################################################
##############################################################################
* using log directory ‘/home/biocbuild/bbs-3.12-bioc/meat/SpidermiR.Rcheck’
* using R version 4.0.5 (2021-03-31)
* using platform: x86_64-pc-linux-gnu (64-bit)
* using session charset: UTF-8
* using option ‘--no-vignettes’
* checking for file ‘SpidermiR/DESCRIPTION’ ... OK
* checking extension type ... Package
* this is package ‘SpidermiR’ version ‘1.20.0’
* checking package namespace information ... OK
* checking package dependencies ... OK
* checking if this is a source package ... OK
* checking if there is a namespace ... OK
* checking for hidden files and directories ... OK
* checking for portable file names ... OK
* checking for sufficient/correct file permissions ... OK
* checking whether package ‘SpidermiR’ can be installed ... WARNING
Found the following significant warnings:
Note: possible error in 'simpleNetwork(NetworkData, ': unused argument (textColour = "black")
See ‘/home/biocbuild/bbs-3.12-bioc/meat/SpidermiR.Rcheck/00install.out’ for details.
Information on the location(s) of code generating the ‘Note’s can be
obtained by re-running with environment variable R_KEEP_PKG_SOURCE set
to ‘yes’.
* checking installed package size ... OK
* checking package directory ... OK
* checking ‘build’ directory ... OK
* checking DESCRIPTION meta-information ... OK
* checking top-level files ... OK
* checking for left-over files ... OK
* checking index information ... OK
* checking package subdirectories ... OK
* checking R files for non-ASCII characters ... OK
* checking R files for syntax errors ... OK
* checking whether the package can be loaded ... OK
* checking whether the package can be loaded with stated dependencies ... OK
* checking whether the package can be unloaded cleanly ... OK
* checking whether the namespace can be loaded with stated dependencies ... OK
* checking whether the namespace can be unloaded cleanly ... OK
* checking dependencies in R code ... NOTE
Namespace in Imports field not imported from: ‘TCGAbiolinks’
All declared Imports should be used.
* checking S3 generic/method consistency ... OK
* checking replacement functions ... OK
* checking foreign function calls ... OK
* checking R code for possible problems ... NOTE
.SpidermiRvisualize_gene: possible error in simpleNetwork(NetworkData,
linkColour = "gray", textColour = "black", zoom = TRUE): unused
argument (textColour = "black")
SpidermiRdownload_pharmacomir: no visible binding for global variable
‘drug_gene’
SpidermiRvisualize_plot_target: no visible binding for global variable
‘miRNAs’
SpidermiRvisualize_plot_target: no visible binding for global variable
‘mRNA_target’
Undefined global functions or variables:
drug_gene mRNA_target miRNAs
* checking Rd files ... OK
* checking Rd metadata ... OK
* checking Rd cross-references ... OK
* checking for missing documentation entries ... OK
* checking for code/documentation mismatches ... OK
* checking Rd \usage sections ... OK
* checking Rd contents ... OK
* checking for unstated dependencies in examples ... OK
* checking files in ‘vignettes’ ... OK
* checking examples ... OK
Examples with CPU (user + system) or elapsed time > 5s
user system elapsed
SpidermiRdownload_miRNAprediction_mmu 30.116 0.660 126.387
SpidermiRdownload_pharmacomir 7.324 0.424 21.930
SpidermiRdownload_miRNAprediction 5.404 0.824 22.031
SpidermiRdownload_miRNAvalidate 5.256 0.300 18.173
SpidermiRquery_disease 0.900 0.020 8.719
* checking for unstated dependencies in vignettes ... OK
* checking package vignettes in ‘inst/doc’ ... OK
* checking running R code from vignettes ... SKIPPED
* checking re-building of vignette outputs ... SKIPPED
* checking PDF version of manual ... OK
* DONE
Status: 1 WARNING, 2 NOTEs
See
‘/home/biocbuild/bbs-3.12-bioc/meat/SpidermiR.Rcheck/00check.log’
for details.
SpidermiR.Rcheck/00install.out
############################################################################## ############################################################################## ### ### Running command: ### ### /home/biocbuild/bbs-3.12-bioc/R/bin/R CMD INSTALL SpidermiR ### ############################################################################## ############################################################################## * installing to library ‘/home/biocbuild/bbs-3.12-bioc/R/library’ * installing *source* package ‘SpidermiR’ ... ** using staged installation ** R ** inst ** byte-compile and prepare package for lazy loading Note: possible error in 'simpleNetwork(NetworkData, ': unused argument (textColour = "black") ** help *** installing help indices ** building package indices ** installing vignettes ** testing if installed package can be loaded from temporary location ** testing if installed package can be loaded from final location ** testing if installed package keeps a record of temporary installation path * DONE (SpidermiR)
SpidermiR.Rcheck/SpidermiR-Ex.timings
| name | user | system | elapsed | |
| SpidermiRanalyze_Community_detection | 0.008 | 0.000 | 0.007 | |
| SpidermiRanalyze_Community_detection_bi | 0.004 | 0.000 | 0.005 | |
| SpidermiRanalyze_Community_detection_net | 0.008 | 0.000 | 0.004 | |
| SpidermiRanalyze_degree_centrality | 0.000 | 0.000 | 0.002 | |
| SpidermiRanalyze_direct_net | 0.004 | 0.000 | 0.002 | |
| SpidermiRanalyze_direct_subnetwork | 0.004 | 0.000 | 0.003 | |
| SpidermiRanalyze_subnetwork_neigh | 0.000 | 0.000 | 0.002 | |
| SpidermiRdownload_drug_gene | 2.292 | 0.048 | 3.853 | |
| SpidermiRdownload_miRNAextra_cir | 0.084 | 0.000 | 1.691 | |
| SpidermiRdownload_miRNAprediction | 5.404 | 0.824 | 22.031 | |
| SpidermiRdownload_miRNAprediction_mmu | 30.116 | 0.660 | 126.387 | |
| SpidermiRdownload_miRNAvalidate | 5.256 | 0.300 | 18.173 | |
| SpidermiRdownload_net | 0.328 | 0.008 | 1.375 | |
| SpidermiRdownload_pharmacomir | 7.324 | 0.424 | 21.930 | |
| SpidermiRprepare_NET | 0.828 | 0.016 | 2.231 | |
| SpidermiRquery_disease | 0.900 | 0.020 | 8.719 | |
| SpidermiRquery_networks_type | 0.016 | 0.004 | 0.496 | |
| SpidermiRquery_spec_networks | 0.100 | 0.004 | 0.375 | |
| SpidermiRquery_species | 0.016 | 0.000 | 0.199 | |
| SpidermiRvisualize_3Dbarplot | 0.112 | 0.000 | 0.115 | |
| SpidermiRvisualize_BI | 0.144 | 0.008 | 0.185 | |
| SpidermiRvisualize_adj_matrix | 0.056 | 0.004 | 0.061 | |
| SpidermiRvisualize_degree_dist | 0.012 | 0.000 | 0.011 | |
| SpidermiRvisualize_direction | 0.036 | 0.004 | 0.039 | |
| SpidermiRvisualize_mirnanet | 0.036 | 0.000 | 0.034 | |
| SpidermiRvisualize_plot_target | 0.140 | 0.008 | 0.147 | |